66.249.66.40 - - [20/May/2025:10:59:08 -0500] "POST /get-message-notify HTTP/1.1" 200 26509 "https://mandncleaningservice.com/index.php?product/edit/JZS136023234" "Mozilla/5.0 (Linux; Android 6.0.1; Nexus 5X Build/MMB29P) AppleWebKit/537.36 (KHTML, like Gecko) Chrome/136.0.7103.92 Mobile Safari/537.36 (compatible; Googlebot/2.1; +http://www.google.com/bot.html)" mandncleaningservice.com 162.241.194.38
66.249.66.40 - - [20/May/2025:10:59:09 -0500] "GET /index.php?shopdetail/29333455/ HTTP/1.1" 200 26030 "-" "Mozilla/5.0 (Linux; Android 6.0.1; Nexus 5X Build/MMB29P) AppleWebKit/537.36 (KHTML, like Gecko) Chrome/136.0.7103.113 Mobile Safari/537.36 (compatible; Googlebot/2.1; +http://www.google.com/bot.html)" mandncleaningservice.com 162.241.194.38
66.249.66.40 - - [20/May/2025:10:59:09 -0500] "GET /index.php?shopdetail/29333455/ HTTP/1.1" 200 26030 "-" "Mozilla/5.0 (Linux; Android 6.0.1; Nexus 5X Build/MMB29P) AppleWebKit/537.36 (KHTML, like Gecko) Chrome/136.0.7103.113 Mobile Safari/537.36 (compatible; Googlebot/2.1; +http://www.google.com/bot.html)" mandncleaningservice.com 162.241.194.38
66.249.66.41 - - [20/May/2025:10:59:10 -0500] "GET /index.php?product/edit/ZKQO171109757 HTTP/1.1" 200 27394 "-" "Mozilla/5.0 (Linux; Android 6.0.1; Nexus 5X Build/MMB29P) AppleWebKit/537.36 (KHTML, like Gecko) Chrome/136.0.7103.113 Mobile Safari/537.36 (compatible; Googlebot/2.1; +http://www.google.com/bot.html)" mandncleaningservice.com 162.241.194.38
66.249.66.41 - - [20/May/2025:10:59:10 -0500] "GET /index.php?product/edit/ZKQO171109757 HTTP/1.1" 200 27394 "-" "Mozilla/5.0 (Linux; Android 6.0.1; Nexus 5X Build/MMB29P) AppleWebKit/537.36 (KHTML, like Gecko) Chrome/136.0.7103.113 Mobile Safari/537.36 (compatible; Googlebot/2.1; +http://www.google.com/bot.html)" mandncleaningservice.com 162.241.194.38
66.249.66.40 - - [20/May/2025:10:59:13 -0500] "POST /get-message-notify HTTP/1.1" 200 26509 "https://mandncleaningservice.com/index.php?product/edit/ZKQO171109757" "Mozilla/5.0 (Linux; Android 6.0.1; Nexus 5X Build/MMB29P) AppleWebKit/537.36 (KHTML, like Gecko) Chrome/136.0.7103.92 Mobile Safari/537.36 (compatible; Googlebot/2.1; +http://www.google.com/bot.html)" mandncleaningservice.com 162.241.194.38
66.249.66.40 - - [20/May/2025:10:59:19 -0500] "GET /index.php?product/edit/NXZVR303967478 HTTP/1.1" 200 27399 "-" "Mozilla/5.0 (Linux; Android 6.0.1; Nexus 5X Build/MMB29P) AppleWebKit/537.36 (KHTML, like Gecko) Chrome/136.0.7103.113 Mobile Safari/537.36 (compatible; Googlebot/2.1; +http://www.google.com/bot.html)" mandncleaningservice.com 162.241.194.38
66.249.66.40 - - [20/May/2025:10:59:19 -0500] "GET /index.php?product/edit/NXZVR303967478 HTTP/1.1" 200 27399 "-" "Mozilla/5.0 (Linux; Android 6.0.1; Nexus 5X Build/MMB29P) AppleWebKit/537.36 (KHTML, like Gecko) Chrome/136.0.7103.113 Mobile Safari/537.36 (compatible; Googlebot/2.1; +http://www.google.com/bot.html)" mandncleaningservice.com 162.241.194.38
157.55.39.55 - - [20/May/2025:10:59:20 -0500] "GET /shopdetail/9877833/ HTTP/1.1" 200 38491 "-" "Mozilla/5.0 AppleWebKit/537.36 (KHTML, like Gecko; compatible; bingbot/2.0; +http://www.bing.com/bingbot.htm) Chrome/116.0.1938.76 Safari/537.36" mandncleaningservice.com 162.241.194.38
157.55.39.55 - - [20/May/2025:10:59:20 -0500] "GET /shopdetail/9877833/ HTTP/2.0" 200 38491 "-" "Mozilla/5.0 AppleWebKit/537.36 (KHTML, like Gecko; compatible; bingbot/2.0; +http://www.bing.com/bingbot.htm) Chrome/116.0.1938.76 Safari/537.36" mandncleaningservice.com 162.241.194.38
57.141.6.5 - - [20/May/2025:10:59:26 -0500] "GET /shopdetail/24242699/images/mandncleaning.mp4 HTTP/2.0" 200 68351 "-" "meta-externalagent/1.1 (+https://developers.facebook.com/docs/sharing/webmasters/crawler)" mandncleaningservice.com 162.241.194.38
57.141.6.6 - - [20/May/2025:10:59:27 -0500] "GET /shopdetail/11065633/images/mandncleaning.mp4 HTTP/2.0" 200 68351 "-" "meta-externalagent/1.1 (+https://developers.facebook.com/docs/sharing/webmasters/crawler)" mandncleaningservice.com 162.241.194.38
66.249.66.40 - - [20/May/2025:10:59:29 -0500] "GET /index.php?product/edit/LCMAY274060572 HTTP/1.1" 200 27389 "-" "Mozilla/5.0 (Linux; Android 6.0.1; Nexus 5X Build/MMB29P) AppleWebKit/537.36 (KHTML, like Gecko) Chrome/136.0.7103.113 Mobile Safari/537.36 (compatible; Googlebot/2.1; +http://www.google.com/bot.html)" mandncleaningservice.com 162.241.194.38
66.249.66.40 - - [20/May/2025:10:59:29 -0500] "GET /index.php?product/edit/LCMAY274060572 HTTP/1.1" 200 27389 "-" "Mozilla/5.0 (Linux; Android 6.0.1; Nexus 5X Build/MMB29P) AppleWebKit/537.36 (KHTML, like Gecko) Chrome/136.0.7103.113 Mobile Safari/537.36 (compatible; Googlebot/2.1; +http://www.google.com/bot.html)" mandncleaningservice.com 162.241.194.38
66.249.66.40 - - [20/May/2025:10:59:30 -0500] "GET /index.php?product/edit/ATJX207778747 HTTP/1.1" 200 27393 "-" "Mozilla/5.0 (Linux; Android 6.0.1; Nexus 5X Build/MMB29P) AppleWebKit/537.36 (KHTML, like Gecko) Chrome/136.0.7103.113 Mobile Safari/537.36 (compatible; Googlebot/2.1; +http://www.google.com/bot.html)" mandncleaningservice.com 162.241.194.38
66.249.66.40 - - [20/May/2025:10:59:30 -0500] "GET /index.php?product/edit/ATJX207778747 HTTP/1.1" 200 27393 "-" "Mozilla/5.0 (Linux; Android 6.0.1; Nexus 5X Build/MMB29P) AppleWebKit/537.36 (KHTML, like Gecko) Chrome/136.0.7103.113 Mobile Safari/537.36 (compatible; Googlebot/2.1; +http://www.google.com/bot.html)" mandncleaningservice.com 162.241.194.38
57.141.6.9 - - [20/May/2025:10:59:33 -0500] "GET /shopdetail/21380044/ HTTP/1.1" 200 68351 "-" "meta-externalagent/1.1 (+https://developers.facebook.com/docs/sharing/webmasters/crawler)" mandncleaningservice.com 162.241.194.38
57.141.6.9 - - [20/May/2025:10:59:33 -0500] "GET /shopdetail/21380044/ HTTP/2.0" 200 68351 "-" "meta-externalagent/1.1 (+https://developers.facebook.com/docs/sharing/webmasters/crawler)" mandncleaningservice.com 162.241.194.38
66.249.66.40 - - [20/May/2025:10:59:33 -0500] "POST /get-message-notify HTTP/1.1" 200 26509 "https://mandncleaningservice.com/index.php?product/edit/ATJX207778747" "Mozilla/5.0 (Linux; Android 6.0.1; Nexus 5X Build/MMB29P) AppleWebKit/537.36 (KHTML, like Gecko) Chrome/136.0.7103.92 Mobile Safari/537.36 (compatible; Googlebot/2.1; +http://www.google.com/bot.html)" mandncleaningservice.com 162.241.194.38
66.249.66.40 - - [20/May/2025:10:59:40 -0500] "GET /index.php?product/edit/CSOB8323344 HTTP/1.1" 200 27377 "-" "Mozilla/5.0 (Linux; Android 6.0.1; Nexus 5X Build/MMB29P) AppleWebKit/537.36 (KHTML, like Gecko) Chrome/136.0.7103.113 Mobile Safari/537.36 (compatible; Googlebot/2.1; +http://www.google.com/bot.html)" mandncleaningservice.com 162.241.194.38
66.249.66.40 - - [20/May/2025:10:59:40 -0500] "GET /index.php?product/edit/CSOB8323344 HTTP/1.1" 200 27377 "-" "Mozilla/5.0 (Linux; Android 6.0.1; Nexus 5X Build/MMB29P) AppleWebKit/537.36 (KHTML, like Gecko) Chrome/136.0.7103.113 Mobile Safari/537.36 (compatible; Googlebot/2.1; +http://www.google.com/bot.html)" mandncleaningservice.com 162.241.194.38
66.249.66.40 - - [20/May/2025:10:59:50 -0500] "GET /index.php?603292573.shtml HTTP/1.1" 200 28134 "-" "Mozilla/5.0 (Linux; Android 6.0.1; Nexus 5X Build/MMB29P) AppleWebKit/537.36 (KHTML, like Gecko) Chrome/136.0.7103.113 Mobile Safari/537.36 (compatible; Googlebot/2.1; +http://www.google.com/bot.html)" mandncleaningservice.com 162.241.194.38
66.249.66.40 - - [20/May/2025:10:59:50 -0500] "GET /index.php?603292573.shtml HTTP/1.1" 200 28134 "-" "Mozilla/5.0 (Linux; Android 6.0.1; Nexus 5X Build/MMB29P) AppleWebKit/537.36 (KHTML, like Gecko) Chrome/136.0.7103.113 Mobile Safari/537.36 (compatible; Googlebot/2.1; +http://www.google.com/bot.html)" mandncleaningservice.com 162.241.194.38
66.249.66.40 - - [20/May/2025:10:59:50 -0500] "GET /index.php?shopdetail/14767844/ HTTP/1.1" 200 27693 "-" "Mozilla/5.0 (Linux; Android 6.0.1; Nexus 5X Build/MMB29P) AppleWebKit/537.36 (KHTML, like Gecko) Chrome/136.0.7103.113 Mobile Safari/537.36 (compatible; Googlebot/2.1; +http://www.google.com/bot.html)" mandncleaningservice.com 162.241.194.38
66.249.66.40 - - [20/May/2025:10:59:50 -0500] "GET /index.php?shopdetail/14767844/ HTTP/1.1" 200 27693 "-" "Mozilla/5.0 (Linux; Android 6.0.1; Nexus 5X Build/MMB29P) AppleWebKit/537.36 (KHTML, like Gecko) Chrome/136.0.7103.113 Mobile Safari/537.36 (compatible; Googlebot/2.1; +http://www.google.com/bot.html)" mandncleaningservice.com 162.241.194.38
66.249.66.40 - - [20/May/2025:10:59:50 -0500] "GET /index.php?product/edit/LMBT138847426 HTTP/1.1" 200 27387 "-" "Mozilla/5.0 (Linux; Android 6.0.1; Nexus 5X Build/MMB29P) AppleWebKit/537.36 (KHTML, like Gecko) Chrome/136.0.7103.113 Mobile Safari/537.36 (compatible; Googlebot/2.1; +http://www.google.com/bot.html)" mandncleaningservice.com 162.241.194.38
66.249.66.40 - - [20/May/2025:10:59:50 -0500] "GET /index.php?product/edit/LMBT138847426 HTTP/1.1" 200 27387 "-" "Mozilla/5.0 (Linux; Android 6.0.1; Nexus 5X Build/MMB29P) AppleWebKit/537.36 (KHTML, like Gecko) Chrome/136.0.7103.113 Mobile Safari/537.36 (compatible; Googlebot/2.1; +http://www.google.com/bot.html)" mandncleaningservice.com 162.241.194.38
57.141.6.16 - - [20/May/2025:10:59:51 -0500] "GET /shopdetail/13886444/ HTTP/1.1" 200 68351 "-" "meta-externalagent/1.1 (+https://developers.facebook.com/docs/sharing/webmasters/crawler)" mandncleaningservice.com 162.241.194.38
57.141.6.16 - - [20/May/2025:10:59:51 -0500] "GET /shopdetail/13886444/ HTTP/2.0" 200 68351 "-" "meta-externalagent/1.1 (+https://developers.facebook.com/docs/sharing/webmasters/crawler)" mandncleaningservice.com 162.241.194.38
66.249.66.41 - - [20/May/2025:10:59:56 -0500] "GET /index.php?zhHant/product/surugaya/OVEF232748400?campaign_uid=f64d716db5e979ed2f947dbaf4296895b951ae7f HTTP/1.1" 200 35183 "-" "Mozilla/5.0 (Linux; Android 6.0.1; Nexus 5X Build/MMB29P) AppleWebKit/537.36 (KHTML, like Gecko) Chrome/136.0.7103.113 Mobile Safari/537.36 (compatible; Googlebot/2.1; +http://www.google.com/bot.html)" mandncleaningservice.com 162.241.194.38
66.249.66.41 - - [20/May/2025:10:59:56 -0500] "GET /index.php?zhHant/product/surugaya/OVEF232748400?campaign_uid=f64d716db5e979ed2f947dbaf4296895b951ae7f HTTP/1.1" 200 35183 "-" "Mozilla/5.0 (Linux; Android 6.0.1; Nexus 5X Build/MMB29P) AppleWebKit/537.36 (KHTML, like Gecko) Chrome/136.0.7103.113 Mobile Safari/537.36 (compatible; Googlebot/2.1; +http://www.google.com/bot.html)" mandncleaningservice.com 162.241.194.38
66.249.66.40 - - [20/May/2025:11:00:09 -0500] "POST /get-message-notify HTTP/1.1" 200 26511 "https://mandncleaningservice.com/index.php?603292573.shtml" "Mozilla/5.0 (Linux; Android 6.0.1; Nexus 5X Build/MMB29P) AppleWebKit/537.36 (KHTML, like Gecko) Chrome/136.0.7103.92 Mobile Safari/537.36 (compatible; Googlebot/2.1; +http://www.google.com/bot.html)" mandncleaningservice.com 162.241.194.38
66.249.66.42 - - [20/May/2025:11:00:10 -0500] "GET /index.php?product/edit/WTHQM63274698 HTTP/1.1" 200 27395 "-" "Mozilla/5.0 (Linux; Android 6.0.1; Nexus 5X Build/MMB29P) AppleWebKit/537.36 (KHTML, like Gecko) Chrome/136.0.7103.113 Mobile Safari/537.36 (compatible; Googlebot/2.1; +http://www.google.com/bot.html)" mandncleaningservice.com 162.241.194.38
66.249.66.42 - - [20/May/2025:11:00:09 -0500] "GET /index.php?product/edit/WTHQM63274698 HTTP/1.1" 200 27395 "-" "Mozilla/5.0 (Linux; Android 6.0.1; Nexus 5X Build/MMB29P) AppleWebKit/537.36 (KHTML, like Gecko) Chrome/136.0.7103.113 Mobile Safari/537.36 (compatible; Googlebot/2.1; +http://www.google.com/bot.html)" mandncleaningservice.com 162.241.194.38
66.249.66.40 - - [20/May/2025:11:00:28 -0500] "GET /index.php?shopdetail/27682699/ HTTP/1.1" 200 29931 "-" "Mozilla/5.0 (Linux; Android 6.0.1; Nexus 5X Build/MMB29P) AppleWebKit/537.36 (KHTML, like Gecko) Chrome/136.0.7103.113 Mobile Safari/537.36 (compatible; Googlebot/2.1; +http://www.google.com/bot.html)" mandncleaningservice.com 162.241.194.38
66.249.66.40 - - [20/May/2025:11:00:28 -0500] "GET /index.php?shopdetail/27682699/ HTTP/1.1" 200 29931 "-" "Mozilla/5.0 (Linux; Android 6.0.1; Nexus 5X Build/MMB29P) AppleWebKit/537.36 (KHTML, like Gecko) Chrome/136.0.7103.113 Mobile Safari/537.36 (compatible; Googlebot/2.1; +http://www.google.com/bot.html)" mandncleaningservice.com 162.241.194.38
66.249.66.40 - - [20/May/2025:11:00:36 -0500] "POST /get-message-notify HTTP/1.1" 200 26511 "https://mandncleaningservice.com/index.php?zhHant/product/surugaya/OVEF232748400?campaign_uid=f64d716db5e979ed2f947dbaf4296895b951ae7f" "Mozilla/5.0 (Linux; Android 6.0.1; Nexus 5X Build/MMB29P) AppleWebKit/537.36 (KHTML, like Gecko) Chrome/136.0.7103.92 Mobile Safari/537.36 (compatible; Googlebot/2.1; +http://www.google.com/bot.html)" mandncleaningservice.com 162.241.194.38
52.167.144.161 - - [20/May/2025:11:00:38 -0500] "GET /shopdetail/9089977/ HTTP/1.1" 200 27752 "-" "Mozilla/5.0 AppleWebKit/537.36 (KHTML, like Gecko; compatible; bingbot/2.0; +http://www.bing.com/bingbot.htm) Chrome/116.0.1938.76 Safari/537.36" mandncleaningservice.com 162.241.194.38
52.167.144.161 - - [20/May/2025:11:00:38 -0500] "GET /shopdetail/9089977/ HTTP/2.0" 200 27752 "-" "Mozilla/5.0 AppleWebKit/537.36 (KHTML, like Gecko; compatible; bingbot/2.0; +http://www.bing.com/bingbot.htm) Chrome/116.0.1938.76 Safari/537.36" mandncleaningservice.com 162.241.194.38
66.249.66.40 - - [20/May/2025:11:00:41 -0500] "GET /index.php?41021292.shtml HTTP/1.1" 200 25748 "-" "Mozilla/5.0 (Linux; Android 6.0.1; Nexus 5X Build/MMB29P) AppleWebKit/537.36 (KHTML, like Gecko) Chrome/136.0.7103.113 Mobile Safari/537.36 (compatible; Googlebot/2.1; +http://www.google.com/bot.html)" mandncleaningservice.com 162.241.194.38
66.249.66.40 - - [20/May/2025:11:00:41 -0500] "GET /index.php?41021292.shtml HTTP/1.1" 200 25748 "-" "Mozilla/5.0 (Linux; Android 6.0.1; Nexus 5X Build/MMB29P) AppleWebKit/537.36 (KHTML, like Gecko) Chrome/136.0.7103.113 Mobile Safari/537.36 (compatible; Googlebot/2.1; +http://www.google.com/bot.html)" mandncleaningservice.com 162.241.194.38
66.249.66.40 - - [20/May/2025:11:00:43 -0500] "POST /get-message-notify HTTP/1.1" 200 26511 "https://mandncleaningservice.com/index.php?41021292.shtml" "Mozilla/5.0 (Linux; Android 6.0.1; Nexus 5X Build/MMB29P) AppleWebKit/537.36 (KHTML, like Gecko) Chrome/136.0.7103.92 Mobile Safari/537.36 (compatible; Googlebot/2.1; +http://www.google.com/bot.html)" mandncleaningservice.com 162.241.194.38
52.167.144.161 - - [20/May/2025:11:00:47 -0500] "GET /shopdetail/7427100/ HTTP/1.1" 200 27779 "-" "Mozilla/5.0 AppleWebKit/537.36 (KHTML, like Gecko; compatible; bingbot/2.0; +http://www.bing.com/bingbot.htm) Chrome/116.0.1938.76 Safari/537.36" mandncleaningservice.com 162.241.194.38
52.167.144.161 - - [20/May/2025:11:00:47 -0500] "GET /shopdetail/7427100/ HTTP/2.0" 200 27779 "-" "Mozilla/5.0 AppleWebKit/537.36 (KHTML, like Gecko; compatible; bingbot/2.0; +http://www.bing.com/bingbot.htm) Chrome/116.0.1938.76 Safari/537.36" mandncleaningservice.com 162.241.194.38
66.249.66.40 - - [20/May/2025:11:00:54 -0500] "GET /index.php?zhHant/product/surugaya/AUND302565533?campaign_uid=f64d716db5e979ed2f947dbaf4296895b951ae7f HTTP/1.1" 200 28916 "-" "Mozilla/5.0 (Linux; Android 6.0.1; Nexus 5X Build/MMB29P) AppleWebKit/537.36 (KHTML, like Gecko) Chrome/136.0.7103.113 Mobile Safari/537.36 (compatible; Googlebot/2.1; +http://www.google.com/bot.html)" mandncleaningservice.com 162.241.194.38
66.249.66.40 - - [20/May/2025:11:00:54 -0500] "GET /index.php?zhHant/product/surugaya/AUND302565533?campaign_uid=f64d716db5e979ed2f947dbaf4296895b951ae7f HTTP/1.1" 200 28916 "-" "Mozilla/5.0 (Linux; Android 6.0.1; Nexus 5X Build/MMB29P) AppleWebKit/537.36 (KHTML, like Gecko) Chrome/136.0.7103.113 Mobile Safari/537.36 (compatible; Googlebot/2.1; +http://www.google.com/bot.html)" mandncleaningservice.com 162.241.194.38
18.97.14.81 - - [20/May/2025:11:01:03 -0500] "GET /shopdetail/28077988/ HTTP/1.1" 200 21409 "-" "CCBot/2.0 (https://commoncrawl.org/faq/)" mandncleaningservice.com 162.241.194.38
18.97.14.81 - - [20/May/2025:11:01:03 -0500] "GET /shopdetail/28077988/ HTTP/2.0" 200 21409 "-" "CCBot/2.0 (https://commoncrawl.org/faq/)" mandncleaningservice.com 162.241.194.38
66.249.66.42 - - [20/May/2025:11:01:14 -0500] "GET /index.php?product/edit/IYHS6938986 HTTP/1.1" 200 27381 "-" "Mozilla/5.0 (Linux; Android 6.0.1; Nexus 5X Build/MMB29P) AppleWebKit/537.36 (KHTML, like Gecko) Chrome/136.0.7103.113 Mobile Safari/537.36 (compatible; Googlebot/2.1; +http://www.google.com/bot.html)" mandncleaningservice.com 162.241.194.38
66.249.66.42 - - [20/May/2025:11:01:14 -0500] "GET /index.php?product/edit/IYHS6938986 HTTP/1.1" 200 27381 "-" "Mozilla/5.0 (Linux; Android 6.0.1; Nexus 5X Build/MMB29P) AppleWebKit/537.36 (KHTML, like Gecko) Chrome/136.0.7103.113 Mobile Safari/537.36 (compatible; Googlebot/2.1; +http://www.google.com/bot.html)" mandncleaningservice.com 162.241.194.38
66.249.66.41 - - [20/May/2025:11:01:34 -0500] "GET /index.php?shopdetail/4315699/ HTTP/1.1" 200 29939 "-" "Mozilla/5.0 (Linux; Android 6.0.1; Nexus 5X Build/MMB29P) AppleWebKit/537.36 (KHTML, like Gecko) Chrome/136.0.7103.113 Mobile Safari/537.36 (compatible; Googlebot/2.1; +http://www.google.com/bot.html)" mandncleaningservice.com 162.241.194.38
66.249.66.41 - - [20/May/2025:11:01:33 -0500] "GET /index.php?shopdetail/4315699/ HTTP/1.1" 200 29939 "-" "Mozilla/5.0 (Linux; Android 6.0.1; Nexus 5X Build/MMB29P) AppleWebKit/537.36 (KHTML, like Gecko) Chrome/136.0.7103.113 Mobile Safari/537.36 (compatible; Googlebot/2.1; +http://www.google.com/bot.html)" mandncleaningservice.com 162.241.194.38
66.249.66.40 - - [20/May/2025:11:01:47 -0500] "GET /index.php?507099294.shtml HTTP/1.1" 200 28089 "-" "Mozilla/5.0 (Linux; Android 6.0.1; Nexus 5X Build/MMB29P) AppleWebKit/537.36 (KHTML, like Gecko) Chrome/136.0.7103.113 Mobile Safari/537.36 (compatible; Googlebot/2.1; +http://www.google.com/bot.html)" mandncleaningservice.com 162.241.194.38
66.249.66.40 - - [20/May/2025:11:01:47 -0500] "GET /index.php?507099294.shtml HTTP/1.1" 200 28089 "-" "Mozilla/5.0 (Linux; Android 6.0.1; Nexus 5X Build/MMB29P) AppleWebKit/537.36 (KHTML, like Gecko) Chrome/136.0.7103.113 Mobile Safari/537.36 (compatible; Googlebot/2.1; +http://www.google.com/bot.html)" mandncleaningservice.com 162.241.194.38
18.97.14.81 - - [20/May/2025:11:01:49 -0500] "GET /shopdetail/6000988/ HTTP/1.1" 200 21409 "-" "CCBot/2.0 (https://commoncrawl.org/faq/)" mandncleaningservice.com 162.241.194.38
18.97.14.81 - - [20/May/2025:11:01:49 -0500] "GET /shopdetail/6000988/ HTTP/2.0" 200 21409 "-" "CCBot/2.0 (https://commoncrawl.org/faq/)" mandncleaningservice.com 162.241.194.38
66.249.66.40 - - [20/May/2025:11:01:59 -0500] "POST /get-message-notify HTTP/1.1" 200 26511 "https://mandncleaningservice.com/index.php?507099294.shtml" "Mozilla/5.0 (Linux; Android 6.0.1; Nexus 5X Build/MMB29P) AppleWebKit/537.36 (KHTML, like Gecko) Chrome/136.0.7103.92 Mobile Safari/537.36 (compatible; Googlebot/2.1; +http://www.google.com/bot.html)" mandncleaningservice.com 162.241.194.38
66.249.66.40 - - [20/May/2025:11:02:00 -0500] "GET /index.php?zhHant/product/surugaya/VFQ75094427?campaign_uid=f64d716db5e979ed2f947dbaf4296895b951ae7f HTTP/1.1" 200 30622 "-" "Mozilla/5.0 (Linux; Android 6.0.1; Nexus 5X Build/MMB29P) AppleWebKit/537.36 (KHTML, like Gecko) Chrome/136.0.7103.113 Mobile Safari/537.36 (compatible; Googlebot/2.1; +http://www.google.com/bot.html)" mandncleaningservice.com 162.241.194.38
66.249.66.40 - - [20/May/2025:11:02:00 -0500] "GET /index.php?zhHant/product/surugaya/VFQ75094427?campaign_uid=f64d716db5e979ed2f947dbaf4296895b951ae7f HTTP/1.1" 200 30622 "-" "Mozilla/5.0 (Linux; Android 6.0.1; Nexus 5X Build/MMB29P) AppleWebKit/537.36 (KHTML, like Gecko) Chrome/136.0.7103.113 Mobile Safari/537.36 (compatible; Googlebot/2.1; +http://www.google.com/bot.html)" mandncleaningservice.com 162.241.194.38
66.249.66.40 - - [20/May/2025:11:02:11 -0500] "POST /get-message-notify HTTP/1.1" 200 26511 "https://mandncleaningservice.com/index.php?zhHant/product/surugaya/VFQ75094427?campaign_uid=f64d716db5e979ed2f947dbaf4296895b951ae7f" "Mozilla/5.0 (Linux; Android 6.0.1; Nexus 5X Build/MMB29P) AppleWebKit/537.36 (KHTML, like Gecko) Chrome/136.0.7103.92 Mobile Safari/537.36 (compatible; Googlebot/2.1; +http://www.google.com/bot.html)" mandncleaningservice.com 162.241.194.38
57.141.6.27 - - [20/May/2025:11:02:23 -0500] "GET /shopdetail/17036211/images/mandncleaning.mp4 HTTP/2.0" 200 68351 "-" "meta-externalagent/1.1 (+https://developers.facebook.com/docs/sharing/webmasters/crawler)" mandncleaningservice.com 162.241.194.38
57.141.6.3 - - [20/May/2025:11:02:24 -0500] "GET /shopdetail/26602944/images/mandncleaning.mp4 HTTP/2.0" 200 68351 "-" "meta-externalagent/1.1 (+https://developers.facebook.com/docs/sharing/webmasters/crawler)" mandncleaningservice.com 162.241.194.38
57.141.6.3 - - [20/May/2025:11:02:26 -0500] "GET /shopdetail/8694344/ HTTP/1.1" 200 68351 "-" "meta-externalagent/1.1 (+https://developers.facebook.com/docs/sharing/webmasters/crawler)" mandncleaningservice.com 162.241.194.38
57.141.6.3 - - [20/May/2025:11:02:25 -0500] "GET /shopdetail/8694344/ HTTP/2.0" 200 68351 "-" "meta-externalagent/1.1 (+https://developers.facebook.com/docs/sharing/webmasters/crawler)" mandncleaningservice.com 162.241.194.38
66.249.66.40 - - [20/May/2025:11:02:26 -0500] "GET /index.php?product/edit/IFT68836601 HTTP/1.1" 200 27379 "-" "Mozilla/5.0 (Linux; Android 6.0.1; Nexus 5X Build/MMB29P) AppleWebKit/537.36 (KHTML, like Gecko) Chrome/136.0.7103.113 Mobile Safari/537.36 (compatible; Googlebot/2.1; +http://www.google.com/bot.html)" mandncleaningservice.com 162.241.194.38
66.249.66.40 - - [20/May/2025:11:02:26 -0500] "GET /index.php?product/edit/IFT68836601 HTTP/1.1" 200 27379 "-" "Mozilla/5.0 (Linux; Android 6.0.1; Nexus 5X Build/MMB29P) AppleWebKit/537.36 (KHTML, like Gecko) Chrome/136.0.7103.113 Mobile Safari/537.36 (compatible; Googlebot/2.1; +http://www.google.com/bot.html)" mandncleaningservice.com 162.241.194.38
57.141.6.29 - - [20/May/2025:11:02:29 -0500] "GET /shopdetail/11761800/ HTTP/1.1" 200 68351 "-" "meta-externalagent/1.1 (+https://developers.facebook.com/docs/sharing/webmasters/crawler)" mandncleaningservice.com 162.241.194.38
57.141.6.29 - - [20/May/2025:11:02:29 -0500] "GET /shopdetail/11761800/ HTTP/2.0" 200 68351 "-" "meta-externalagent/1.1 (+https://developers.facebook.com/docs/sharing/webmasters/crawler)" mandncleaningservice.com 162.241.194.38
18.97.14.81 - - [20/May/2025:11:02:44 -0500] "GET /shopdetail/30699988/ HTTP/1.1" 200 21409 "-" "CCBot/2.0 (https://commoncrawl.org/faq/)" mandncleaningservice.com 162.241.194.38
18.97.14.81 - - [20/May/2025:11:02:44 -0500] "GET /shopdetail/30699988/ HTTP/2.0" 200 21409 "-" "CCBot/2.0 (https://commoncrawl.org/faq/)" mandncleaningservice.com 162.241.194.38
66.249.66.40 - - [20/May/2025:11:02:52 -0500] "GET /index.php?shopdetail/27416200/ HTTP/1.1" 200 31720 "-" "Mozilla/5.0 (Linux; Android 6.0.1; Nexus 5X Build/MMB29P) AppleWebKit/537.36 (KHTML, like Gecko) Chrome/136.0.7103.113 Mobile Safari/537.36 (compatible; Googlebot/2.1; +http://www.google.com/bot.html)" mandncleaningservice.com 162.241.194.38
66.249.66.40 - - [20/May/2025:11:02:52 -0500] "GET /index.php?shopdetail/27416200/ HTTP/1.1" 200 31720 "-" "Mozilla/5.0 (Linux; Android 6.0.1; Nexus 5X Build/MMB29P) AppleWebKit/537.36 (KHTML, like Gecko) Chrome/136.0.7103.113 Mobile Safari/537.36 (compatible; Googlebot/2.1; +http://www.google.com/bot.html)" mandncleaningservice.com 162.241.194.38
66.249.66.40 - - [20/May/2025:11:02:54 -0500] "POST /get-message-notify HTTP/1.1" 200 26511 "https://mandncleaningservice.com/index.php?shopdetail/27416200/" "Mozilla/5.0 (Linux; Android 6.0.1; Nexus 5X Build/MMB29P) AppleWebKit/537.36 (KHTML, like Gecko) Chrome/136.0.7103.92 Mobile Safari/537.36 (compatible; Googlebot/2.1; +http://www.google.com/bot.html)" mandncleaningservice.com 162.241.194.38
66.249.66.41 - - [20/May/2025:11:03:05 -0500] "GET /index.php?247821353.shtml HTTP/1.1" 200 28868 "-" "Mozilla/5.0 (Linux; Android 6.0.1; Nexus 5X Build/MMB29P) AppleWebKit/537.36 (KHTML, like Gecko) Chrome/136.0.7103.113 Mobile Safari/537.36 (compatible; Googlebot/2.1; +http://www.google.com/bot.html)" mandncleaningservice.com 162.241.194.38
66.249.66.41 - - [20/May/2025:11:03:05 -0500] "GET /index.php?247821353.shtml HTTP/1.1" 200 28868 "-" "Mozilla/5.0 (Linux; Android 6.0.1; Nexus 5X Build/MMB29P) AppleWebKit/537.36 (KHTML, like Gecko) Chrome/136.0.7103.113 Mobile Safari/537.36 (compatible; Googlebot/2.1; +http://www.google.com/bot.html)" mandncleaningservice.com 162.241.194.38
104.152.52.231 - - [20/May/2025:11:03:14 -0500] "GET /___proxy_subdomain_cpcalendars/ HTTP/1.1" 500 687 "-" "curl/7.61.1" cpcalendars.mandncleaningservice.com 162.241.194.38
104.152.52.231 - - [20/May/2025:11:03:14 -0500] "GET / HTTP/1.1" 500 687 "-" "curl/7.61.1" cpcalendars.mandncleaningservice.com 162.241.194.38
66.249.66.40 - - [20/May/2025:11:03:18 -0500] "GET /index.php?zhHant/product/surugaya/OIL253616547?campaign_uid=f64d716db5e979ed2f947dbaf4296895b951ae7f HTTP/1.1" 200 26393 "-" "Mozilla/5.0 (Linux; Android 6.0.1; Nexus 5X Build/MMB29P) AppleWebKit/537.36 (KHTML, like Gecko) Chrome/136.0.7103.113 Mobile Safari/537.36 (compatible; Googlebot/2.1; +http://www.google.com/bot.html)" mandncleaningservice.com 162.241.194.38
66.249.66.40 - - [20/May/2025:11:03:18 -0500] "GET /index.php?zhHant/product/surugaya/OIL253616547?campaign_uid=f64d716db5e979ed2f947dbaf4296895b951ae7f HTTP/1.1" 200 26393 "-" "Mozilla/5.0 (Linux; Android 6.0.1; Nexus 5X Build/MMB29P) AppleWebKit/537.36 (KHTML, like Gecko) Chrome/136.0.7103.113 Mobile Safari/537.36 (compatible; Googlebot/2.1; +http://www.google.com/bot.html)" mandncleaningservice.com 162.241.194.38
18.97.14.81 - - [20/May/2025:11:03:29 -0500] "GET /shopdetail/1680388/ HTTP/1.1" 200 21409 "-" "CCBot/2.0 (https://commoncrawl.org/faq/)" mandncleaningservice.com 162.241.194.38
18.97.14.81 - - [20/May/2025:11:03:29 -0500] "GET /shopdetail/1680388/ HTTP/2.0" 200 21409 "-" "CCBot/2.0 (https://commoncrawl.org/faq/)" mandncleaningservice.com 162.241.194.38
66.249.66.40 - - [20/May/2025:11:03:51 -0500] "GET /index.php?product/edit/FCO6979527 HTTP/1.1" 200 27376 "-" "Mozilla/5.0 (Linux; Android 6.0.1; Nexus 5X Build/MMB29P) AppleWebKit/537.36 (KHTML, like Gecko) Chrome/136.0.7103.113 Mobile Safari/537.36 (compatible; Googlebot/2.1; +http://www.google.com/bot.html)" mandncleaningservice.com 162.241.194.38
66.249.66.40 - - [20/May/2025:11:03:51 -0500] "GET /index.php?product/edit/FCO6979527 HTTP/1.1" 200 27376 "-" "Mozilla/5.0 (Linux; Android 6.0.1; Nexus 5X Build/MMB29P) AppleWebKit/537.36 (KHTML, like Gecko) Chrome/136.0.7103.113 Mobile Safari/537.36 (compatible; Googlebot/2.1; +http://www.google.com/bot.html)" mandncleaningservice.com 162.241.194.38
18.97.14.81 - - [20/May/2025:11:04:08 -0500] "GET /shopdetail/2706388/ HTTP/1.1" 200 21409 "-" "CCBot/2.0 (https://commoncrawl.org/faq/)" mandncleaningservice.com 162.241.194.38
18.97.14.81 - - [20/May/2025:11:04:08 -0500] "GET /shopdetail/2706388/ HTTP/2.0" 200 21409 "-" "CCBot/2.0 (https://commoncrawl.org/faq/)" mandncleaningservice.com 162.241.194.38
66.249.66.40 - - [20/May/2025:11:04:13 -0500] "GET /index.php?shopdetail/27539655/ HTTP/1.1" 200 28505 "-" "Mozilla/5.0 (Linux; Android 6.0.1; Nexus 5X Build/MMB29P) AppleWebKit/537.36 (KHTML, like Gecko) Chrome/136.0.7103.113 Mobile Safari/537.36 (compatible; Googlebot/2.1; +http://www.google.com/bot.html)" mandncleaningservice.com 162.241.194.38
66.249.66.40 - - [20/May/2025:11:04:13 -0500] "GET /index.php?shopdetail/27539655/ HTTP/1.1" 200 28505 "-" "Mozilla/5.0 (Linux; Android 6.0.1; Nexus 5X Build/MMB29P) AppleWebKit/537.36 (KHTML, like Gecko) Chrome/136.0.7103.113 Mobile Safari/537.36 (compatible; Googlebot/2.1; +http://www.google.com/bot.html)" mandncleaningservice.com 162.241.194.38
52.167.144.161 - - [20/May/2025:11:04:18 -0500] "GET /shopdetail/16736711/ HTTP/1.1" 200 31627 "-" "Mozilla/5.0 AppleWebKit/537.36 (KHTML, like Gecko; compatible; bingbot/2.0; +http://www.bing.com/bingbot.htm) Chrome/116.0.1938.76 Safari/537.36" mandncleaningservice.com 162.241.194.38
52.167.144.161 - - [20/May/2025:11:04:18 -0500] "GET /shopdetail/16736711/ HTTP/2.0" 200 31627 "-" "Mozilla/5.0 AppleWebKit/537.36 (KHTML, like Gecko; compatible; bingbot/2.0; +http://www.bing.com/bingbot.htm) Chrome/116.0.1938.76 Safari/537.36" mandncleaningservice.com 162.241.194.38
66.249.66.40 - - [20/May/2025:11:04:25 -0500] "GET /index.php?product/edit/GWYR200653426 HTTP/1.1" 200 27391 "-" "Mozilla/5.0 (Linux; Android 6.0.1; Nexus 5X Build/MMB29P) AppleWebKit/537.36 (KHTML, like Gecko) Chrome/136.0.7103.113 Mobile Safari/537.36 (compatible; Googlebot/2.1; +http://www.google.com/bot.html)" mandncleaningservice.com 162.241.194.38
66.249.66.40 - - [20/May/2025:11:04:25 -0500] "GET /index.php?product/edit/GWYR200653426 HTTP/1.1" 200 27391 "-" "Mozilla/5.0 (Linux; Android 6.0.1; Nexus 5X Build/MMB29P) AppleWebKit/537.36 (KHTML, like Gecko) Chrome/136.0.7103.113 Mobile Safari/537.36 (compatible; Googlebot/2.1; +http://www.google.com/bot.html)" mandncleaningservice.com 162.241.194.38
66.249.66.41 - - [20/May/2025:11:04:26 -0500] "GET /index.php?8007480.shtml HTTP/1.1" 200 28119 "-" "Mozilla/5.0 (Linux; Android 6.0.1; Nexus 5X Build/MMB29P) AppleWebKit/537.36 (KHTML, like Gecko) Chrome/136.0.7103.113 Mobile Safari/537.36 (compatible; Googlebot/2.1; +http://www.google.com/bot.html)" mandncleaningservice.com 162.241.194.38
66.249.66.41 - - [20/May/2025:11:04:26 -0500] "GET /index.php?8007480.shtml HTTP/1.1" 200 28119 "-" "Mozilla/5.0 (Linux; Android 6.0.1; Nexus 5X Build/MMB29P) AppleWebKit/537.36 (KHTML, like Gecko) Chrome/136.0.7103.113 Mobile Safari/537.36 (compatible; Googlebot/2.1; +http://www.google.com/bot.html)" mandncleaningservice.com 162.241.194.38
66.249.66.40 - - [20/May/2025:11:04:26 -0500] "POST /get-message-notify HTTP/1.1" 200 26511 "https://mandncleaningservice.com/index.php?shopdetail/27539655/" "Mozilla/5.0 (Linux; Android 6.0.1; Nexus 5X Build/MMB29P) AppleWebKit/537.36 (KHTML, like Gecko) Chrome/136.0.7103.92 Mobile Safari/537.36 (compatible; Googlebot/2.1; +http://www.google.com/bot.html)" mandncleaningservice.com 162.241.194.38
66.249.66.41 - - [20/May/2025:11:04:26 -0500] "GET /index.php?shopdetail/14635433/ HTTP/1.1" 200 30154 "-" "Mozilla/5.0 (Linux; Android 6.0.1; Nexus 5X Build/MMB29P) AppleWebKit/537.36 (KHTML, like Gecko) Chrome/136.0.7103.113 Mobile Safari/537.36 (compatible; Googlebot/2.1; +http://www.google.com/bot.html)" mandncleaningservice.com 162.241.194.38
66.249.66.41 - - [20/May/2025:11:04:26 -0500] "GET /index.php?shopdetail/14635433/ HTTP/1.1" 200 30154 "-" "Mozilla/5.0 (Linux; Android 6.0.1; Nexus 5X Build/MMB29P) AppleWebKit/537.36 (KHTML, like Gecko) Chrome/136.0.7103.113 Mobile Safari/537.36 (compatible; Googlebot/2.1; +http://www.google.com/bot.html)" mandncleaningservice.com 162.241.194.38
66.249.66.40 - - [20/May/2025:11:04:49 -0500] "GET /index.php?product/edit/DJE12851624 HTTP/1.1" 200 27381 "-" "Mozilla/5.0 (Linux; Android 6.0.1; Nexus 5X Build/MMB29P) AppleWebKit/537.36 (KHTML, like Gecko) Chrome/136.0.7103.113 Mobile Safari/537.36 (compatible; Googlebot/2.1; +http://www.google.com/bot.html)" mandncleaningservice.com 162.241.194.38
66.249.66.40 - - [20/May/2025:11:04:49 -0500] "GET /index.php?product/edit/DJE12851624 HTTP/1.1" 200 27381 "-" "Mozilla/5.0 (Linux; Android 6.0.1; Nexus 5X Build/MMB29P) AppleWebKit/537.36 (KHTML, like Gecko) Chrome/136.0.7103.113 Mobile Safari/537.36 (compatible; Googlebot/2.1; +http://www.google.com/bot.html)" mandncleaningservice.com 162.241.194.38
18.97.14.81 - - [20/May/2025:11:04:49 -0500] "GET /shopdetail/27678988/ HTTP/1.1" 200 21409 "-" "CCBot/2.0 (https://commoncrawl.org/faq/)" mandncleaningservice.com 162.241.194.38
18.97.14.81 - - [20/May/2025:11:04:49 -0500] "GET /shopdetail/27678988/ HTTP/2.0" 200 21409 "-" "CCBot/2.0 (https://commoncrawl.org/faq/)" mandncleaningservice.com 162.241.194.38
66.249.66.40 - - [20/May/2025:11:04:52 -0500] "POST /get-message-notify HTTP/1.1" 200 26511 "https://mandncleaningservice.com/index.php?product/edit/DJE12851624" "Mozilla/5.0 (Linux; Android 6.0.1; Nexus 5X Build/MMB29P) AppleWebKit/537.36 (KHTML, like Gecko) Chrome/136.0.7103.92 Mobile Safari/537.36 (compatible; Googlebot/2.1; +http://www.google.com/bot.html)" mandncleaningservice.com 162.241.194.38
66.249.66.40 - - [20/May/2025:11:05:11 -0500] "GET /index.php?shopdetail/9256377/ HTTP/1.1" 200 26231 "-" "Mozilla/5.0 (Linux; Android 6.0.1; Nexus 5X Build/MMB29P) AppleWebKit/537.36 (KHTML, like Gecko) Chrome/136.0.7103.113 Mobile Safari/537.36 (compatible; Googlebot/2.1; +http://www.google.com/bot.html)" mandncleaningservice.com 162.241.194.38
66.249.66.40 - - [20/May/2025:11:05:11 -0500] "GET /index.php?shopdetail/9256377/ HTTP/1.1" 200 26231 "-" "Mozilla/5.0 (Linux; Android 6.0.1; Nexus 5X Build/MMB29P) AppleWebKit/537.36 (KHTML, like Gecko) Chrome/136.0.7103.113 Mobile Safari/537.36 (compatible; Googlebot/2.1; +http://www.google.com/bot.html)" mandncleaningservice.com 162.241.194.38
66.249.66.41 - - [20/May/2025:11:05:11 -0500] "GET /index.php?shopdetail/28177966/ HTTP/1.1" 200 28194 "-" "Mozilla/5.0 (Linux; Android 6.0.1; Nexus 5X Build/MMB29P) AppleWebKit/537.36 (KHTML, like Gecko) Chrome/136.0.7103.113 Mobile Safari/537.36 (compatible; Googlebot/2.1; +http://www.google.com/bot.html)" mandncleaningservice.com 162.241.194.38
66.249.66.41 - - [20/May/2025:11:05:11 -0500] "GET /index.php?shopdetail/28177966/ HTTP/1.1" 200 28194 "-" "Mozilla/5.0 (Linux; Android 6.0.1; Nexus 5X Build/MMB29P) AppleWebKit/537.36 (KHTML, like Gecko) Chrome/136.0.7103.113 Mobile Safari/537.36 (compatible; Googlebot/2.1; +http://www.google.com/bot.html)" mandncleaningservice.com 162.241.194.38
66.249.66.41 - - [20/May/2025:11:05:13 -0500] "POST /get-message-notify HTTP/1.1" 200 26511 "https://mandncleaningservice.com/index.php?shopdetail/9256377/" "Mozilla/5.0 AppleWebKit/537.36 (KHTML, like Gecko; compatible; Googlebot/2.1; +http://www.google.com/bot.html) Chrome/136.0.7103.92 Safari/537.36" mandncleaningservice.com 162.241.194.38
66.249.66.40 - - [20/May/2025:11:05:16 -0500] "POST /get-message-notify HTTP/1.1" 200 26511 "https://mandncleaningservice.com/index.php?shopdetail/9256377/" "Mozilla/5.0 (Linux; Android 6.0.1; Nexus 5X Build/MMB29P) AppleWebKit/537.36 (KHTML, like Gecko) Chrome/136.0.7103.92 Mobile Safari/537.36 (compatible; Googlebot/2.1; +http://www.google.com/bot.html)" mandncleaningservice.com 162.241.194.38
52.167.144.161 - - [20/May/2025:11:05:18 -0500] "GET /shopdetail/8230844/ HTTP/1.1" 200 29818 "-" "Mozilla/5.0 AppleWebKit/537.36 (KHTML, like Gecko; compatible; bingbot/2.0; +http://www.bing.com/bingbot.htm) Chrome/116.0.1938.76 Safari/537.36" mandncleaningservice.com 162.241.194.38
52.167.144.161 - - [20/May/2025:11:05:18 -0500] "GET /shopdetail/8230844/ HTTP/2.0" 200 29818 "-" "Mozilla/5.0 AppleWebKit/537.36 (KHTML, like Gecko; compatible; bingbot/2.0; +http://www.bing.com/bingbot.htm) Chrome/116.0.1938.76 Safari/537.36" mandncleaningservice.com 162.241.194.38
57.141.6.16 - - [20/May/2025:11:05:19 -0500] "GET /shopdetail/21735399/images/mandncleaning.mp4 HTTP/2.0" 200 68351 "-" "meta-externalagent/1.1 (+https://developers.facebook.com/docs/sharing/webmasters/crawler)" mandncleaningservice.com 162.241.194.38
57.141.6.20 - - [20/May/2025:11:05:20 -0500] "GET /shopdetail/24817899/images/mandncleaning.mp4 HTTP/2.0" 200 68351 "-" "meta-externalagent/1.1 (+https://developers.facebook.com/docs/sharing/webmasters/crawler)" mandncleaningservice.com 162.241.194.38
66.249.66.40 - - [20/May/2025:11:05:21 -0500] "GET /index.php?573178801.shtml HTTP/1.1" 200 29667 "-" "Mozilla/5.0 (Linux; Android 6.0.1; Nexus 5X Build/MMB29P) AppleWebKit/537.36 (KHTML, like Gecko) Chrome/136.0.7103.113 Mobile Safari/537.36 (compatible; Googlebot/2.1; +http://www.google.com/bot.html)" mandncleaningservice.com 162.241.194.38
66.249.66.40 - - [20/May/2025:11:05:21 -0500] "GET /index.php?573178801.shtml HTTP/1.1" 200 29667 "-" "Mozilla/5.0 (Linux; Android 6.0.1; Nexus 5X Build/MMB29P) AppleWebKit/537.36 (KHTML, like Gecko) Chrome/136.0.7103.113 Mobile Safari/537.36 (compatible; Googlebot/2.1; +http://www.google.com/bot.html)" mandncleaningservice.com 162.241.194.38
207.46.13.18 - - [20/May/2025:11:05:23 -0500] "GET /shopdetail/9336922/ HTTP/1.1" 200 30261 "-" "Mozilla/5.0 AppleWebKit/537.36 (KHTML, like Gecko; compatible; bingbot/2.0; +http://www.bing.com/bingbot.htm) Chrome/116.0.1938.76 Safari/537.36" mandncleaningservice.com 162.241.194.38
207.46.13.18 - - [20/May/2025:11:05:22 -0500] "GET /shopdetail/9336922/ HTTP/2.0" 200 30261 "-" "Mozilla/5.0 AppleWebKit/537.36 (KHTML, like Gecko; compatible; bingbot/2.0; +http://www.bing.com/bingbot.htm) Chrome/116.0.1938.76 Safari/537.36" mandncleaningservice.com 162.241.194.38
207.46.13.18 - - [20/May/2025:11:05:23 -0500] "GET /shopdetail/24367266/ HTTP/1.1" 200 29036 "-" "Mozilla/5.0 AppleWebKit/537.36 (KHTML, like Gecko; compatible; bingbot/2.0; +http://www.bing.com/bingbot.htm) Chrome/116.0.1938.76 Safari/537.36" mandncleaningservice.com 162.241.194.38
207.46.13.18 - - [20/May/2025:11:05:23 -0500] "GET /shopdetail/24367266/ HTTP/2.0" 200 29036 "-" "Mozilla/5.0 AppleWebKit/537.36 (KHTML, like Gecko; compatible; bingbot/2.0; +http://www.bing.com/bingbot.htm) Chrome/116.0.1938.76 Safari/537.36" mandncleaningservice.com 162.241.194.38
57.141.6.18 - - [20/May/2025:11:05:27 -0500] "GET /shopdetail/7925100/ HTTP/1.1" 200 68351 "-" "meta-externalagent/1.1 (+https://developers.facebook.com/docs/sharing/webmasters/crawler)" mandncleaningservice.com 162.241.194.38
57.141.6.18 - - [20/May/2025:11:05:27 -0500] "GET /shopdetail/7925100/ HTTP/2.0" 200 68351 "-" "meta-externalagent/1.1 (+https://developers.facebook.com/docs/sharing/webmasters/crawler)" mandncleaningservice.com 162.241.194.38
66.249.66.40 - - [20/May/2025:11:05:29 -0500] "POST /get-message-notify HTTP/1.1" 200 26511 "https://mandncleaningservice.com/index.php?573178801.shtml" "Mozilla/5.0 (Linux; Android 6.0.1; Nexus 5X Build/MMB29P) AppleWebKit/537.36 (KHTML, like Gecko) Chrome/136.0.7103.92 Mobile Safari/537.36 (compatible; Googlebot/2.1; +http://www.google.com/bot.html)" mandncleaningservice.com 162.241.194.38
18.97.14.81 - - [20/May/2025:11:05:29 -0500] "GET /shopdetail/2318788/ HTTP/1.1" 200 21409 "-" "CCBot/2.0 (https://commoncrawl.org/faq/)" mandncleaningservice.com 162.241.194.38
18.97.14.81 - - [20/May/2025:11:05:29 -0500] "GET /shopdetail/2318788/ HTTP/2.0" 200 21409 "-" "CCBot/2.0 (https://commoncrawl.org/faq/)" mandncleaningservice.com 162.241.194.38
66.249.66.40 - - [20/May/2025:11:05:33 -0500] "GET /index.php?product/edit/AMOV5992883 HTTP/1.1" 200 27382 "-" "Mozilla/5.0 (Linux; Android 6.0.1; Nexus 5X Build/MMB29P) AppleWebKit/537.36 (KHTML, like Gecko) Chrome/136.0.7103.113 Mobile Safari/537.36 (compatible; Googlebot/2.1; +http://www.google.com/bot.html)" mandncleaningservice.com 162.241.194.38
66.249.66.40 - - [20/May/2025:11:05:33 -0500] "GET /index.php?product/edit/AMOV5992883 HTTP/1.1" 200 27382 "-" "Mozilla/5.0 (Linux; Android 6.0.1; Nexus 5X Build/MMB29P) AppleWebKit/537.36 (KHTML, like Gecko) Chrome/136.0.7103.113 Mobile Safari/537.36 (compatible; Googlebot/2.1; +http://www.google.com/bot.html)" mandncleaningservice.com 162.241.194.38
66.249.66.40 - - [20/May/2025:11:05:33 -0500] "GET /index.php?zhHant/product/surugaya/VPXMI153379570?campaign_uid=f64d716db5e979ed2f947dbaf4296895b951ae7f HTTP/1.1" 200 29179 "-" "Mozilla/5.0 (Linux; Android 6.0.1; Nexus 5X Build/MMB29P) AppleWebKit/537.36 (KHTML, like Gecko) Chrome/136.0.7103.113 Mobile Safari/537.36 (compatible; Googlebot/2.1; +http://www.google.com/bot.html)" mandncleaningservice.com 162.241.194.38
66.249.66.40 - - [20/May/2025:11:05:33 -0500] "GET /index.php?zhHant/product/surugaya/VPXMI153379570?campaign_uid=f64d716db5e979ed2f947dbaf4296895b951ae7f HTTP/1.1" 200 29179 "-" "Mozilla/5.0 (Linux; Android 6.0.1; Nexus 5X Build/MMB29P) AppleWebKit/537.36 (KHTML, like Gecko) Chrome/136.0.7103.113 Mobile Safari/537.36 (compatible; Googlebot/2.1; +http://www.google.com/bot.html)" mandncleaningservice.com 162.241.194.38
66.249.66.40 - - [20/May/2025:11:05:34 -0500] "GET /index.php?product/edit/YKR2749069 HTTP/1.1" 200 27377 "-" "Mozilla/5.0 (Linux; Android 6.0.1; Nexus 5X Build/MMB29P) AppleWebKit/537.36 (KHTML, like Gecko) Chrome/136.0.7103.113 Mobile Safari/537.36 (compatible; Googlebot/2.1; +http://www.google.com/bot.html)" mandncleaningservice.com 162.241.194.38
66.249.66.40 - - [20/May/2025:11:05:34 -0500] "GET /index.php?product/edit/YKR2749069 HTTP/1.1" 200 27377 "-" "Mozilla/5.0 (Linux; Android 6.0.1; Nexus 5X Build/MMB29P) AppleWebKit/537.36 (KHTML, like Gecko) Chrome/136.0.7103.113 Mobile Safari/537.36 (compatible; Googlebot/2.1; +http://www.google.com/bot.html)" mandncleaningservice.com 162.241.194.38
66.249.66.40 - - [20/May/2025:11:05:34 -0500] "POST /get-message-notify HTTP/1.1" 200 26511 "https://mandncleaningservice.com/index.php?product/edit/AMOV5992883" "Mozilla/5.0 AppleWebKit/537.36 (KHTML, like Gecko; compatible; Googlebot/2.1; +http://www.google.com/bot.html) Chrome/136.0.7103.92 Safari/537.36" mandncleaningservice.com 162.241.194.38
57.141.6.24 - - [20/May/2025:11:05:35 -0500] "GET /shopdetail/22790677/ HTTP/1.1" 200 68351 "-" "meta-externalagent/1.1 (+https://developers.facebook.com/docs/sharing/webmasters/crawler)" mandncleaningservice.com 162.241.194.38
57.141.6.24 - - [20/May/2025:11:05:35 -0500] "GET /shopdetail/22790677/ HTTP/2.0" 200 68351 "-" "meta-externalagent/1.1 (+https://developers.facebook.com/docs/sharing/webmasters/crawler)" mandncleaningservice.com 162.241.194.38
66.249.66.40 - - [20/May/2025:11:05:55 -0500] "GET /index.php?shopdetail/27918300/ HTTP/1.1" 200 27680 "-" "Mozilla/5.0 (Linux; Android 6.0.1; Nexus 5X Build/MMB29P) AppleWebKit/537.36 (KHTML, like Gecko) Chrome/136.0.7103.113 Mobile Safari/537.36 (compatible; Googlebot/2.1; +http://www.google.com/bot.html)" mandncleaningservice.com 162.241.194.38
66.249.66.40 - - [20/May/2025:11:05:55 -0500] "GET /index.php?shopdetail/27918300/ HTTP/1.1" 200 27680 "-" "Mozilla/5.0 (Linux; Android 6.0.1; Nexus 5X Build/MMB29P) AppleWebKit/537.36 (KHTML, like Gecko) Chrome/136.0.7103.113 Mobile Safari/537.36 (compatible; Googlebot/2.1; +http://www.google.com/bot.html)" mandncleaningservice.com 162.241.194.38
52.167.144.161 - - [20/May/2025:11:05:58 -0500] "GET /shopdetail/6332811/ HTTP/1.1" 200 32516 "-" "Mozilla/5.0 AppleWebKit/537.36 (KHTML, like Gecko; compatible; bingbot/2.0; +http://www.bing.com/bingbot.htm) Chrome/116.0.1938.76 Safari/537.36" mandncleaningservice.com 162.241.194.38
52.167.144.161 - - [20/May/2025:11:05:58 -0500] "GET /shopdetail/6332811/ HTTP/2.0" 200 32516 "-" "Mozilla/5.0 AppleWebKit/537.36 (KHTML, like Gecko; compatible; bingbot/2.0; +http://www.bing.com/bingbot.htm) Chrome/116.0.1938.76 Safari/537.36" mandncleaningservice.com 162.241.194.38
66.249.66.40 - - [20/May/2025:11:06:08 -0500] "GET /index.php?199645030.shtml HTTP/1.1" 200 25910 "-" "Mozilla/5.0 (Linux; Android 6.0.1; Nexus 5X Build/MMB29P) AppleWebKit/537.36 (KHTML, like Gecko) Chrome/136.0.7103.113 Mobile Safari/537.36 (compatible; Googlebot/2.1; +http://www.google.com/bot.html)" mandncleaningservice.com 162.241.194.38
66.249.66.40 - - [20/May/2025:11:06:08 -0500] "GET /index.php?199645030.shtml HTTP/1.1" 200 25910 "-" "Mozilla/5.0 (Linux; Android 6.0.1; Nexus 5X Build/MMB29P) AppleWebKit/537.36 (KHTML, like Gecko) Chrome/136.0.7103.113 Mobile Safari/537.36 (compatible; Googlebot/2.1; +http://www.google.com/bot.html)" mandncleaningservice.com 162.241.194.38
66.249.66.41 - - [20/May/2025:11:06:34 -0500] "GET /index.php?product/edit/PSKQ219042777 HTTP/1.1" 200 27387 "-" "Mozilla/5.0 (Linux; Android 6.0.1; Nexus 5X Build/MMB29P) AppleWebKit/537.36 (KHTML, like Gecko) Chrome/136.0.7103.113 Mobile Safari/537.36 (compatible; Googlebot/2.1; +http://www.google.com/bot.html)" mandncleaningservice.com 162.241.194.38
66.249.66.41 - - [20/May/2025:11:06:34 -0500] "GET /index.php?product/edit/PSKQ219042777 HTTP/1.1" 200 27387 "-" "Mozilla/5.0 (Linux; Android 6.0.1; Nexus 5X Build/MMB29P) AppleWebKit/537.36 (KHTML, like Gecko) Chrome/136.0.7103.113 Mobile Safari/537.36 (compatible; Googlebot/2.1; +http://www.google.com/bot.html)" mandncleaningservice.com 162.241.194.38
52.167.144.204 - - [20/May/2025:11:06:48 -0500] "GET /shopdetail/8423933/ HTTP/1.1" 200 31197 "-" "Mozilla/5.0 AppleWebKit/537.36 (KHTML, like Gecko; compatible; bingbot/2.0; +http://www.bing.com/bingbot.htm) Chrome/116.0.1938.76 Safari/537.36" mandncleaningservice.com 162.241.194.38
52.167.144.204 - - [20/May/2025:11:06:48 -0500] "GET /shopdetail/8423933/ HTTP/2.0" 200 31197 "-" "Mozilla/5.0 AppleWebKit/537.36 (KHTML, like Gecko; compatible; bingbot/2.0; +http://www.bing.com/bingbot.htm) Chrome/116.0.1938.76 Safari/537.36" mandncleaningservice.com 162.241.194.38
18.97.14.81 - - [20/May/2025:11:06:49 -0500] "GET /shopdetail/30882388/ HTTP/1.1" 200 21409 "-" "CCBot/2.0 (https://commoncrawl.org/faq/)" mandncleaningservice.com 162.241.194.38
18.97.14.81 - - [20/May/2025:11:06:49 -0500] "GET /shopdetail/30882388/ HTTP/2.0" 200 21409 "-" "CCBot/2.0 (https://commoncrawl.org/faq/)" mandncleaningservice.com 162.241.194.38
66.249.66.42 - - [20/May/2025:11:07:04 -0500] "GET /index.php?shopdetail/28084677/ HTTP/1.1" 200 31708 "-" "Mozilla/5.0 (Linux; Android 6.0.1; Nexus 5X Build/MMB29P) AppleWebKit/537.36 (KHTML, like Gecko) Chrome/136.0.7103.113 Mobile Safari/537.36 (compatible; Googlebot/2.1; +http://www.google.com/bot.html)" mandncleaningservice.com 162.241.194.38
66.249.66.42 - - [20/May/2025:11:07:00 -0500] "GET /index.php?shopdetail/28084677/ HTTP/1.1" 200 31708 "-" "Mozilla/5.0 (Linux; Android 6.0.1; Nexus 5X Build/MMB29P) AppleWebKit/537.36 (KHTML, like Gecko) Chrome/136.0.7103.113 Mobile Safari/537.36 (compatible; Googlebot/2.1; +http://www.google.com/bot.html)" mandncleaningservice.com 162.241.194.38
66.249.66.40 - - [20/May/2025:11:07:13 -0500] "GET /index.php?588773783.shtml HTTP/1.1" 200 26807 "-" "Mozilla/5.0 (Linux; Android 6.0.1; Nexus 5X Build/MMB29P) AppleWebKit/537.36 (KHTML, like Gecko) Chrome/136.0.7103.113 Mobile Safari/537.36 (compatible; Googlebot/2.1; +http://www.google.com/bot.html)" mandncleaningservice.com 162.241.194.38
66.249.66.40 - - [20/May/2025:11:07:13 -0500] "GET /index.php?588773783.shtml HTTP/1.1" 200 26807 "-" "Mozilla/5.0 (Linux; Android 6.0.1; Nexus 5X Build/MMB29P) AppleWebKit/537.36 (KHTML, like Gecko) Chrome/136.0.7103.113 Mobile Safari/537.36 (compatible; Googlebot/2.1; +http://www.google.com/bot.html)" mandncleaningservice.com 162.241.194.38
104.152.52.105 - - [20/May/2025:11:07:29 -0500] "GET / HTTP/1.1" 200 68351 "-" "curl/7.61.1" www.mandncleaningservice.com 162.241.194.38
104.152.52.105 - - [20/May/2025:11:07:29 -0500] "GET / HTTP/1.1" 200 68351 "-" "curl/7.61.1" www.mandncleaningservice.com 162.241.194.38
172.213.21.151 - - [20/May/2025:11:07:33 -0500] "GET / HTTP/2.0" 200 21409 "-" "Mozilla/5.0 AppleWebKit/537.36 (KHTML, like Gecko); compatible; ChatGPT-User/1.0; +https://openai.com/bot" mandncleaningservice.com 162.241.194.38
172.213.21.157 - - [20/May/2025:11:07:33 -0500] "GET /?_bd_prev_page=https://mandncleaningservice.com/detail.php?shopdetail/22102477/&_bdsid=2ulvIJ.n~ZXCIW.1721886656070.1721886848&_ga=2.198040047.1958808748.1721886654-862398307.1699453578&_gl=1*1ix4f11*_gcl_au*MTYxMTI1OTI3MS4xNzIxODg2NjU0*_ga*ODYyMzk4MzA3LjE2OTk0NTM1Nzg.*_ga_7H42SVMQ0V*MTcyMTg4NjY1NS4xMjEuMS4xNzIxODg2NjY5LjQ2LjAuMA.. HTTP/1.1" 200 21409 "-" "Mozilla/5.0 AppleWebKit/537.36 (KHTML, like Gecko); compatible; ChatGPT-User/1.0; +https://openai.com/bot" mandncleaningservice.com 162.241.194.38
172.213.21.157 - - [20/May/2025:11:07:33 -0500] "GET /?_bd_prev_page=https://mandncleaningservice.com/detail.php?shopdetail/22102477/&_bdsid=2ulvIJ.n~ZXCIW.1721886656070.1721886848&_ga=2.198040047.1958808748.1721886654-862398307.1699453578&_gl=1*1ix4f11*_gcl_au*MTYxMTI1OTI3MS4xNzIxODg2NjU0*_ga*ODYyMzk4MzA3LjE2OTk0NTM1Nzg.*_ga_7H42SVMQ0V*MTcyMTg4NjY1NS4xMjEuMS4xNzIxODg2NjY5LjQ2LjAuMA.. HTTP/2.0" 200 21409 "-" "Mozilla/5.0 AppleWebKit/537.36 (KHTML, like Gecko); compatible; ChatGPT-User/1.0; +https://openai.com/bot" mandncleaningservice.com 162.241.194.38
66.249.66.40 - - [20/May/2025:11:07:39 -0500] "GET /index.php?product/edit/ONYSK68122744 HTTP/1.1" 200 27392 "-" "Mozilla/5.0 (Linux; Android 6.0.1; Nexus 5X Build/MMB29P) AppleWebKit/537.36 (KHTML, like Gecko) Chrome/136.0.7103.113 Mobile Safari/537.36 (compatible; Googlebot/2.1; +http://www.google.com/bot.html)" mandncleaningservice.com 162.241.194.38
66.249.66.40 - - [20/May/2025:11:07:39 -0500] "GET /index.php?product/edit/ONYSK68122744 HTTP/1.1" 200 27392 "-" "Mozilla/5.0 (Linux; Android 6.0.1; Nexus 5X Build/MMB29P) AppleWebKit/537.36 (KHTML, like Gecko) Chrome/136.0.7103.113 Mobile Safari/537.36 (compatible; Googlebot/2.1; +http://www.google.com/bot.html)" mandncleaningservice.com 162.241.194.38
57.141.6.21 - - [20/May/2025:11:08:15 -0500] "GET /shopdetail/28961266/images/mandncleaning.mp4 HTTP/2.0" 200 68351 "-" "meta-externalagent/1.1 (+https://developers.facebook.com/docs/sharing/webmasters/crawler)" mandncleaningservice.com 162.241.194.38
57.141.6.6 - - [20/May/2025:11:08:16 -0500] "GET /shopdetail/9414144/images/mandncleaning.mp4 HTTP/2.0" 200 68351 "-" "meta-externalagent/1.1 (+https://developers.facebook.com/docs/sharing/webmasters/crawler)" mandncleaningservice.com 162.241.194.38
66.249.66.41 - - [20/May/2025:11:08:27 -0500] "GET /index.php?shopdetail/28036455/ HTTP/1.1" 200 28111 "-" "Mozilla/5.0 (Linux; Android 6.0.1; Nexus 5X Build/MMB29P) AppleWebKit/537.36 (KHTML, like Gecko) Chrome/136.0.7103.113 Mobile Safari/537.36 (compatible; Googlebot/2.1; +http://www.google.com/bot.html)" mandncleaningservice.com 162.241.194.38
