66.249.66.40 - - [20/May/2025:11:10:37 -0500] "GET /index.php?shopdetail/27984544/ HTTP/1.1" 200 27534 "-" "Mozilla/5.0 (Linux; Android 6.0.1; Nexus 5X Build/MMB29P) AppleWebKit/537.36 (KHTML, like Gecko) Chrome/136.0.7103.113 Mobile Safari/537.36 (compatible; Googlebot/2.1; +http://www.google.com/bot.html)" mandncleaningservice.com 162.241.194.38
66.249.66.40 - - [20/May/2025:11:10:37 -0500] "GET /index.php?shopdetail/27984544/ HTTP/1.1" 200 27534 "-" "Mozilla/5.0 (Linux; Android 6.0.1; Nexus 5X Build/MMB29P) AppleWebKit/537.36 (KHTML, like Gecko) Chrome/136.0.7103.113 Mobile Safari/537.36 (compatible; Googlebot/2.1; +http://www.google.com/bot.html)" mandncleaningservice.com 162.241.194.38
52.167.144.204 - - [20/May/2025:11:10:38 -0500] "GET /shopdetail/11313777/ HTTP/1.1" 200 29778 "-" "Mozilla/5.0 AppleWebKit/537.36 (KHTML, like Gecko; compatible; bingbot/2.0; +http://www.bing.com/bingbot.htm) Chrome/116.0.1938.76 Safari/537.36" mandncleaningservice.com 162.241.194.38
52.167.144.204 - - [20/May/2025:11:10:38 -0500] "GET /shopdetail/11313777/ HTTP/2.0" 200 29778 "-" "Mozilla/5.0 AppleWebKit/537.36 (KHTML, like Gecko; compatible; bingbot/2.0; +http://www.bing.com/bingbot.htm) Chrome/116.0.1938.76 Safari/537.36" mandncleaningservice.com 162.241.194.38
207.46.13.9 - - [20/May/2025:11:10:42 -0500] "GET /shopdetail/9239099/ HTTP/1.1" 200 37120 "-" "Mozilla/5.0 AppleWebKit/537.36 (KHTML, like Gecko; compatible; bingbot/2.0; +http://www.bing.com/bingbot.htm) Chrome/116.0.1938.76 Safari/537.36" mandncleaningservice.com 162.241.194.38
207.46.13.9 - - [20/May/2025:11:10:42 -0500] "GET /shopdetail/9239099/ HTTP/2.0" 200 37120 "-" "Mozilla/5.0 AppleWebKit/537.36 (KHTML, like Gecko; compatible; bingbot/2.0; +http://www.bing.com/bingbot.htm) Chrome/116.0.1938.76 Safari/537.36" mandncleaningservice.com 162.241.194.38
66.249.66.40 - - [20/May/2025:11:10:47 -0500] "GET /index.php?102284468.shtml HTTP/1.1" 200 27553 "-" "Mozilla/5.0 (Linux; Android 6.0.1; Nexus 5X Build/MMB29P) AppleWebKit/537.36 (KHTML, like Gecko) Chrome/136.0.7103.113 Mobile Safari/537.36 (compatible; Googlebot/2.1; +http://www.google.com/bot.html)" mandncleaningservice.com 162.241.194.38
66.249.66.40 - - [20/May/2025:11:10:46 -0500] "GET /index.php?102284468.shtml HTTP/1.1" 200 27553 "-" "Mozilla/5.0 (Linux; Android 6.0.1; Nexus 5X Build/MMB29P) AppleWebKit/537.36 (KHTML, like Gecko) Chrome/136.0.7103.113 Mobile Safari/537.36 (compatible; Googlebot/2.1; +http://www.google.com/bot.html)" mandncleaningservice.com 162.241.194.38
66.249.66.40 - - [20/May/2025:11:10:51 -0500] "POST /get-message-notify HTTP/1.1" 200 26511 "https://mandncleaningservice.com/index.php?shopdetail/27984544/" "Mozilla/5.0 (Linux; Android 6.0.1; Nexus 5X Build/MMB29P) AppleWebKit/537.36 (KHTML, like Gecko) Chrome/136.0.7103.92 Mobile Safari/537.36 (compatible; Googlebot/2.1; +http://www.google.com/bot.html)" mandncleaningservice.com 162.241.194.38
66.249.66.40 - - [20/May/2025:11:10:56 -0500] "GET /index.php?product/edit/SPJ95751776 HTTP/1.1" 200 27380 "-" "Mozilla/5.0 (Linux; Android 6.0.1; Nexus 5X Build/MMB29P) AppleWebKit/537.36 (KHTML, like Gecko) Chrome/136.0.7103.113 Mobile Safari/537.36 (compatible; Googlebot/2.1; +http://www.google.com/bot.html)" mandncleaningservice.com 162.241.194.38
66.249.66.40 - - [20/May/2025:11:10:56 -0500] "GET /index.php?product/edit/SPJ95751776 HTTP/1.1" 200 27380 "-" "Mozilla/5.0 (Linux; Android 6.0.1; Nexus 5X Build/MMB29P) AppleWebKit/537.36 (KHTML, like Gecko) Chrome/136.0.7103.113 Mobile Safari/537.36 (compatible; Googlebot/2.1; +http://www.google.com/bot.html)" mandncleaningservice.com 162.241.194.38
57.141.6.26 - - [20/May/2025:11:11:10 -0500] "GET /shopdetail/8681144/images/mandncleaning.mp4 HTTP/2.0" 200 68351 "-" "meta-externalagent/1.1 (+https://developers.facebook.com/docs/sharing/webmasters/crawler)" mandncleaningservice.com 162.241.194.38
57.141.6.19 - - [20/May/2025:11:11:12 -0500] "GET /shopdetail/11401311/images/mandncleaning.mp4 HTTP/2.0" 200 68351 "-" "meta-externalagent/1.1 (+https://developers.facebook.com/docs/sharing/webmasters/crawler)" mandncleaningservice.com 162.241.194.38
57.141.6.19 - - [20/May/2025:11:11:12 -0500] "GET /shopdetail/14027000/ HTTP/1.1" 200 68351 "-" "meta-externalagent/1.1 (+https://developers.facebook.com/docs/sharing/webmasters/crawler)" mandncleaningservice.com 162.241.194.38
57.141.6.19 - - [20/May/2025:11:11:12 -0500] "GET /shopdetail/14027000/ HTTP/2.0" 200 68351 "-" "meta-externalagent/1.1 (+https://developers.facebook.com/docs/sharing/webmasters/crawler)" mandncleaningservice.com 162.241.194.38
18.97.14.81 - - [20/May/2025:11:11:22 -0500] "GET /shopdetail/13614733/ HTTP/1.1" 200 21409 "-" "CCBot/2.0 (https://commoncrawl.org/faq/)" mandncleaningservice.com 162.241.194.38
18.97.14.81 - - [20/May/2025:11:11:22 -0500] "GET /shopdetail/13614733/ HTTP/2.0" 200 21409 "-" "CCBot/2.0 (https://commoncrawl.org/faq/)" mandncleaningservice.com 162.241.194.38
66.249.66.41 - - [20/May/2025:11:11:25 -0500] "GET /index.php?shopdetail/4916511/ HTTP/1.1" 200 28513 "-" "Mozilla/5.0 (Linux; Android 6.0.1; Nexus 5X Build/MMB29P) AppleWebKit/537.36 (KHTML, like Gecko) Chrome/136.0.7103.113 Mobile Safari/537.36 (compatible; Googlebot/2.1; +http://www.google.com/bot.html)" mandncleaningservice.com 162.241.194.38
66.249.66.41 - - [20/May/2025:11:11:25 -0500] "GET /index.php?shopdetail/4916511/ HTTP/1.1" 200 28513 "-" "Mozilla/5.0 (Linux; Android 6.0.1; Nexus 5X Build/MMB29P) AppleWebKit/537.36 (KHTML, like Gecko) Chrome/136.0.7103.113 Mobile Safari/537.36 (compatible; Googlebot/2.1; +http://www.google.com/bot.html)" mandncleaningservice.com 162.241.194.38
57.141.6.12 - - [20/May/2025:11:11:29 -0500] "GET /shopdetail/13984899/ HTTP/1.1" 200 68351 "-" "meta-externalagent/1.1 (+https://developers.facebook.com/docs/sharing/webmasters/crawler)" mandncleaningservice.com 162.241.194.38
57.141.6.12 - - [20/May/2025:11:11:29 -0500] "GET /shopdetail/13984899/ HTTP/2.0" 200 68351 "-" "meta-externalagent/1.1 (+https://developers.facebook.com/docs/sharing/webmasters/crawler)" mandncleaningservice.com 162.241.194.38
20.15.133.174 - - [20/May/2025:11:11:34 -0500] "GET /shopdetail/26577988/ HTTP/1.1" 200 25634 "-" "Mozilla/5.0 AppleWebKit/537.36 (KHTML, like Gecko; compatible; bingbot/2.0; +http://www.bing.com/bingbot.htm) Chrome/116.0.1938.76 Safari/537.36" mandncleaningservice.com 162.241.194.38
20.15.133.174 - - [20/May/2025:11:11:34 -0500] "GET /shopdetail/26577988/ HTTP/2.0" 200 25634 "-" "Mozilla/5.0 AppleWebKit/537.36 (KHTML, like Gecko; compatible; bingbot/2.0; +http://www.bing.com/bingbot.htm) Chrome/116.0.1938.76 Safari/537.36" mandncleaningservice.com 162.241.194.38
20.15.133.174 - - [20/May/2025:11:11:38 -0500] "GET /shopdetail/10142522/ HTTP/1.1" 200 29463 "-" "Mozilla/5.0 AppleWebKit/537.36 (KHTML, like Gecko; compatible; bingbot/2.0; +http://www.bing.com/bingbot.htm) Chrome/116.0.1938.76 Safari/537.36" mandncleaningservice.com 162.241.194.38
20.15.133.174 - - [20/May/2025:11:11:38 -0500] "GET /shopdetail/10142522/ HTTP/2.0" 200 29463 "-" "Mozilla/5.0 AppleWebKit/537.36 (KHTML, like Gecko; compatible; bingbot/2.0; +http://www.bing.com/bingbot.htm) Chrome/116.0.1938.76 Safari/537.36" mandncleaningservice.com 162.241.194.38
66.249.66.40 - - [20/May/2025:11:11:43 -0500] "GET /index.php?491703225.shtml HTTP/1.1" 200 28371 "-" "Mozilla/5.0 (Linux; Android 6.0.1; Nexus 5X Build/MMB29P) AppleWebKit/537.36 (KHTML, like Gecko) Chrome/136.0.7103.113 Mobile Safari/537.36 (compatible; Googlebot/2.1; +http://www.google.com/bot.html)" mandncleaningservice.com 162.241.194.38
66.249.66.40 - - [20/May/2025:11:11:43 -0500] "GET /index.php?491703225.shtml HTTP/1.1" 200 28371 "-" "Mozilla/5.0 (Linux; Android 6.0.1; Nexus 5X Build/MMB29P) AppleWebKit/537.36 (KHTML, like Gecko) Chrome/136.0.7103.113 Mobile Safari/537.36 (compatible; Googlebot/2.1; +http://www.google.com/bot.html)" mandncleaningservice.com 162.241.194.38
66.249.66.41 - - [20/May/2025:11:11:43 -0500] "GET /index.php?655649111.shtml HTTP/1.1" 200 27798 "-" "Mozilla/5.0 (Linux; Android 6.0.1; Nexus 5X Build/MMB29P) AppleWebKit/537.36 (KHTML, like Gecko) Chrome/136.0.7103.113 Mobile Safari/537.36 (compatible; Googlebot/2.1; +http://www.google.com/bot.html)" mandncleaningservice.com 162.241.194.38
66.249.66.41 - - [20/May/2025:11:11:43 -0500] "GET /index.php?655649111.shtml HTTP/1.1" 200 27798 "-" "Mozilla/5.0 (Linux; Android 6.0.1; Nexus 5X Build/MMB29P) AppleWebKit/537.36 (KHTML, like Gecko) Chrome/136.0.7103.113 Mobile Safari/537.36 (compatible; Googlebot/2.1; +http://www.google.com/bot.html)" mandncleaningservice.com 162.241.194.38
66.249.66.40 - - [20/May/2025:11:12:02 -0500] "GET /index.php?product/edit/YCHN25253236 HTTP/1.1" 200 27384 "-" "Mozilla/5.0 (Linux; Android 6.0.1; Nexus 5X Build/MMB29P) AppleWebKit/537.36 (KHTML, like Gecko) Chrome/136.0.7103.113 Mobile Safari/537.36 (compatible; Googlebot/2.1; +http://www.google.com/bot.html)" mandncleaningservice.com 162.241.194.38
66.249.66.40 - - [20/May/2025:11:12:02 -0500] "GET /index.php?product/edit/YCHN25253236 HTTP/1.1" 200 27384 "-" "Mozilla/5.0 (Linux; Android 6.0.1; Nexus 5X Build/MMB29P) AppleWebKit/537.36 (KHTML, like Gecko) Chrome/136.0.7103.113 Mobile Safari/537.36 (compatible; Googlebot/2.1; +http://www.google.com/bot.html)" mandncleaningservice.com 162.241.194.38
47.128.42.4 - - [20/May/2025:11:12:14 -0500] "GET /domestic-cleaning/domestic-cleaning-services.php HTTP/1.1" 200 - "-" "Mozilla/5.0 (Linux; Android 5.0) AppleWebKit/537.36 (KHTML, like Gecko) Mobile Safari/537.36 (compatible; Bytespider; spider-feedback@bytedance.com)" mandncleaningservice.com 162.241.194.38
47.128.42.4 - - [20/May/2025:11:12:14 -0500] "GET /domestic-cleaning/domestic-cleaning-services.php HTTP/2.0" 200 - "-" "Mozilla/5.0 (Linux; Android 5.0) AppleWebKit/537.36 (KHTML, like Gecko) Mobile Safari/537.36 (compatible; Bytespider; spider-feedback@bytedance.com)" mandncleaningservice.com 162.241.194.38
207.46.13.18 - - [20/May/2025:11:12:31 -0500] "GET /shopdetail/2782988/ HTTP/1.1" 200 31187 "-" "Mozilla/5.0 AppleWebKit/537.36 (KHTML, like Gecko; compatible; bingbot/2.0; +http://www.bing.com/bingbot.htm) Chrome/116.0.1938.76 Safari/537.36" mandncleaningservice.com 162.241.194.38
207.46.13.18 - - [20/May/2025:11:12:31 -0500] "GET /shopdetail/2782988/ HTTP/2.0" 200 31187 "-" "Mozilla/5.0 AppleWebKit/537.36 (KHTML, like Gecko; compatible; bingbot/2.0; +http://www.bing.com/bingbot.htm) Chrome/116.0.1938.76 Safari/537.36" mandncleaningservice.com 162.241.194.38
207.46.13.18 - - [20/May/2025:11:12:31 -0500] "GET /shopdetail/29754700/ HTTP/1.1" 200 31605 "-" "Mozilla/5.0 AppleWebKit/537.36 (KHTML, like Gecko; compatible; bingbot/2.0; +http://www.bing.com/bingbot.htm) Chrome/116.0.1938.76 Safari/537.36" mandncleaningservice.com 162.241.194.38
207.46.13.18 - - [20/May/2025:11:12:31 -0500] "GET /shopdetail/29754700/ HTTP/2.0" 200 31605 "-" "Mozilla/5.0 AppleWebKit/537.36 (KHTML, like Gecko; compatible; bingbot/2.0; +http://www.bing.com/bingbot.htm) Chrome/116.0.1938.76 Safari/537.36" mandncleaningservice.com 162.241.194.38
66.249.66.41 - - [20/May/2025:11:12:41 -0500] "GET /index.php?shopdetail/29591177/ HTTP/1.1" 200 27998 "-" "Mozilla/5.0 (Linux; Android 6.0.1; Nexus 5X Build/MMB29P) AppleWebKit/537.36 (KHTML, like Gecko) Chrome/136.0.7103.113 Mobile Safari/537.36 (compatible; Googlebot/2.1; +http://www.google.com/bot.html)" mandncleaningservice.com 162.241.194.38
66.249.66.41 - - [20/May/2025:11:12:41 -0500] "GET /index.php?shopdetail/29591177/ HTTP/1.1" 200 27998 "-" "Mozilla/5.0 (Linux; Android 6.0.1; Nexus 5X Build/MMB29P) AppleWebKit/537.36 (KHTML, like Gecko) Chrome/136.0.7103.113 Mobile Safari/537.36 (compatible; Googlebot/2.1; +http://www.google.com/bot.html)" mandncleaningservice.com 162.241.194.38
66.249.66.40 - - [20/May/2025:11:12:41 -0500] "GET /index.php?shopdetail/7226477/ HTTP/1.1" 200 28597 "-" "Mozilla/5.0 (Linux; Android 6.0.1; Nexus 5X Build/MMB29P) AppleWebKit/537.36 (KHTML, like Gecko) Chrome/136.0.7103.113 Mobile Safari/537.36 (compatible; Googlebot/2.1; +http://www.google.com/bot.html)" mandncleaningservice.com 162.241.194.38
66.249.66.40 - - [20/May/2025:11:12:41 -0500] "GET /index.php?shopdetail/7226477/ HTTP/1.1" 200 28597 "-" "Mozilla/5.0 (Linux; Android 6.0.1; Nexus 5X Build/MMB29P) AppleWebKit/537.36 (KHTML, like Gecko) Chrome/136.0.7103.113 Mobile Safari/537.36 (compatible; Googlebot/2.1; +http://www.google.com/bot.html)" mandncleaningservice.com 162.241.194.38
18.97.14.81 - - [20/May/2025:11:12:43 -0500] "GET /shopdetail/5533588/ HTTP/1.1" 200 21409 "-" "CCBot/2.0 (https://commoncrawl.org/faq/)" mandncleaningservice.com 162.241.194.38
18.97.14.81 - - [20/May/2025:11:12:43 -0500] "GET /shopdetail/5533588/ HTTP/2.0" 200 21409 "-" "CCBot/2.0 (https://commoncrawl.org/faq/)" mandncleaningservice.com 162.241.194.38
66.249.66.41 - - [20/May/2025:11:12:44 -0500] "POST /get-message-notify HTTP/1.1" 200 26511 "https://mandncleaningservice.com/index.php?shopdetail/29591177/" "Mozilla/5.0 (Linux; Android 6.0.1; Nexus 5X Build/MMB29P) AppleWebKit/537.36 (KHTML, like Gecko) Chrome/136.0.7103.92 Mobile Safari/537.36 (compatible; Googlebot/2.1; +http://www.google.com/bot.html)" mandncleaningservice.com 162.241.194.38
52.167.144.204 - - [20/May/2025:11:12:49 -0500] "GET /shopdetail/8954833/ HTTP/1.1" 200 26471 "-" "Mozilla/5.0 AppleWebKit/537.36 (KHTML, like Gecko; compatible; bingbot/2.0; +http://www.bing.com/bingbot.htm) Chrome/116.0.1938.76 Safari/537.36" mandncleaningservice.com 162.241.194.38
52.167.144.204 - - [20/May/2025:11:12:49 -0500] "GET /shopdetail/8954833/ HTTP/2.0" 200 26471 "-" "Mozilla/5.0 AppleWebKit/537.36 (KHTML, like Gecko; compatible; bingbot/2.0; +http://www.bing.com/bingbot.htm) Chrome/116.0.1938.76 Safari/537.36" mandncleaningservice.com 162.241.194.38
66.249.66.40 - - [20/May/2025:11:12:53 -0500] "GET /index.php?408460078.shtml HTTP/1.1" 200 27998 "-" "Mozilla/5.0 (Linux; Android 6.0.1; Nexus 5X Build/MMB29P) AppleWebKit/537.36 (KHTML, like Gecko) Chrome/136.0.7103.113 Mobile Safari/537.36 (compatible; Googlebot/2.1; +http://www.google.com/bot.html)" mandncleaningservice.com 162.241.194.38
66.249.66.40 - - [20/May/2025:11:12:53 -0500] "GET /index.php?408460078.shtml HTTP/1.1" 200 27998 "-" "Mozilla/5.0 (Linux; Android 6.0.1; Nexus 5X Build/MMB29P) AppleWebKit/537.36 (KHTML, like Gecko) Chrome/136.0.7103.113 Mobile Safari/537.36 (compatible; Googlebot/2.1; +http://www.google.com/bot.html)" mandncleaningservice.com 162.241.194.38
66.249.66.42 - - [20/May/2025:11:13:06 -0500] "GET /index.php?product/edit/UYMQ3043043 HTTP/1.1" 200 27371 "-" "Mozilla/5.0 (Linux; Android 6.0.1; Nexus 5X Build/MMB29P) AppleWebKit/537.36 (KHTML, like Gecko) Chrome/136.0.7103.113 Mobile Safari/537.36 (compatible; Googlebot/2.1; +http://www.google.com/bot.html)" mandncleaningservice.com 162.241.194.38
66.249.66.42 - - [20/May/2025:11:13:06 -0500] "GET /index.php?product/edit/UYMQ3043043 HTTP/1.1" 200 27371 "-" "Mozilla/5.0 (Linux; Android 6.0.1; Nexus 5X Build/MMB29P) AppleWebKit/537.36 (KHTML, like Gecko) Chrome/136.0.7103.113 Mobile Safari/537.36 (compatible; Googlebot/2.1; +http://www.google.com/bot.html)" mandncleaningservice.com 162.241.194.38
66.249.66.40 - - [20/May/2025:11:13:34 -0500] "GET /index.php?shopdetail/29016300/ HTTP/1.1" 200 30156 "-" "Mozilla/5.0 (Linux; Android 6.0.1; Nexus 5X Build/MMB29P) AppleWebKit/537.36 (KHTML, like Gecko) Chrome/136.0.7103.113 Mobile Safari/537.36 (compatible; Googlebot/2.1; +http://www.google.com/bot.html)" mandncleaningservice.com 162.241.194.38
66.249.66.40 - - [20/May/2025:11:13:34 -0500] "GET /index.php?shopdetail/29016300/ HTTP/1.1" 200 30156 "-" "Mozilla/5.0 (Linux; Android 6.0.1; Nexus 5X Build/MMB29P) AppleWebKit/537.36 (KHTML, like Gecko) Chrome/136.0.7103.113 Mobile Safari/537.36 (compatible; Googlebot/2.1; +http://www.google.com/bot.html)" mandncleaningservice.com 162.241.194.38
66.249.66.40 - - [20/May/2025:11:13:44 -0500] "GET /index.php?shopdetail/22675011/ HTTP/1.1" 200 26385 "-" "Mozilla/5.0 (Linux; Android 6.0.1; Nexus 5X Build/MMB29P) AppleWebKit/537.36 (KHTML, like Gecko) Chrome/136.0.7103.113 Mobile Safari/537.36 (compatible; Googlebot/2.1; +http://www.google.com/bot.html)" mandncleaningservice.com 162.241.194.38
66.249.66.40 - - [20/May/2025:11:13:44 -0500] "GET /index.php?shopdetail/22675011/ HTTP/1.1" 200 26385 "-" "Mozilla/5.0 (Linux; Android 6.0.1; Nexus 5X Build/MMB29P) AppleWebKit/537.36 (KHTML, like Gecko) Chrome/136.0.7103.113 Mobile Safari/537.36 (compatible; Googlebot/2.1; +http://www.google.com/bot.html)" mandncleaningservice.com 162.241.194.38
18.97.14.81 - - [20/May/2025:11:13:46 -0500] "GET /shopdetail/5145988/ HTTP/1.1" 200 21409 "-" "CCBot/2.0 (https://commoncrawl.org/faq/)" mandncleaningservice.com 162.241.194.38
18.97.14.81 - - [20/May/2025:11:13:46 -0500] "GET /shopdetail/5145988/ HTTP/2.0" 200 21409 "-" "CCBot/2.0 (https://commoncrawl.org/faq/)" mandncleaningservice.com 162.241.194.38
66.249.66.40 - - [20/May/2025:11:13:53 -0500] "GET /index.php?249527239.shtml HTTP/1.1" 200 27537 "-" "Mozilla/5.0 (Linux; Android 6.0.1; Nexus 5X Build/MMB29P) AppleWebKit/537.36 (KHTML, like Gecko) Chrome/136.0.7103.113 Mobile Safari/537.36 (compatible; Googlebot/2.1; +http://www.google.com/bot.html)" mandncleaningservice.com 162.241.194.38
66.249.66.40 - - [20/May/2025:11:13:53 -0500] "GET /index.php?249527239.shtml HTTP/1.1" 200 27537 "-" "Mozilla/5.0 (Linux; Android 6.0.1; Nexus 5X Build/MMB29P) AppleWebKit/537.36 (KHTML, like Gecko) Chrome/136.0.7103.113 Mobile Safari/537.36 (compatible; Googlebot/2.1; +http://www.google.com/bot.html)" mandncleaningservice.com 162.241.194.38
57.141.6.19 - - [20/May/2025:11:14:05 -0500] "GET /shopdetail/3975044/images/mandncleaning.mp4 HTTP/2.0" 200 68351 "-" "meta-externalagent/1.1 (+https://developers.facebook.com/docs/sharing/webmasters/crawler)" mandncleaningservice.com 162.241.194.38
57.141.6.9 - - [20/May/2025:11:14:07 -0500] "GET /shopdetail/23835377/images/mandncleaning.mp4 HTTP/2.0" 200 68351 "-" "meta-externalagent/1.1 (+https://developers.facebook.com/docs/sharing/webmasters/crawler)" mandncleaningservice.com 162.241.194.38
57.141.6.6 - - [20/May/2025:11:14:17 -0500] "GET /shopdetail/22600199/ HTTP/2.0" 200 68351 "-" "meta-externalagent/1.1 (+https://developers.facebook.com/docs/sharing/webmasters/crawler)" mandncleaningservice.com 162.241.194.38
57.141.6.6 - - [20/May/2025:11:14:17 -0500] "GET /shopdetail/22600199/ HTTP/1.1" 200 68351 "-" "meta-externalagent/1.1 (+https://developers.facebook.com/docs/sharing/webmasters/crawler)" mandncleaningservice.com 162.241.194.38
66.249.66.41 - - [20/May/2025:11:14:25 -0500] "GET /index.php?product/edit/CKS208915345 HTTP/1.1" 200 27384 "-" "Mozilla/5.0 (Linux; Android 6.0.1; Nexus 5X Build/MMB29P) AppleWebKit/537.36 (KHTML, like Gecko) Chrome/136.0.7103.113 Mobile Safari/537.36 (compatible; Googlebot/2.1; +http://www.google.com/bot.html)" mandncleaningservice.com 162.241.194.38
66.249.66.41 - - [20/May/2025:11:14:25 -0500] "GET /index.php?product/edit/CKS208915345 HTTP/1.1" 200 27384 "-" "Mozilla/5.0 (Linux; Android 6.0.1; Nexus 5X Build/MMB29P) AppleWebKit/537.36 (KHTML, like Gecko) Chrome/136.0.7103.113 Mobile Safari/537.36 (compatible; Googlebot/2.1; +http://www.google.com/bot.html)" mandncleaningservice.com 162.241.194.38
57.141.6.31 - - [20/May/2025:11:14:25 -0500] "GET /shopdetail/25956233/ HTTP/1.1" 200 68351 "-" "meta-externalagent/1.1 (+https://developers.facebook.com/docs/sharing/webmasters/crawler)" mandncleaningservice.com 162.241.194.38
57.141.6.31 - - [20/May/2025:11:14:25 -0500] "GET /shopdetail/25956233/ HTTP/2.0" 200 68351 "-" "meta-externalagent/1.1 (+https://developers.facebook.com/docs/sharing/webmasters/crawler)" mandncleaningservice.com 162.241.194.38
66.249.66.41 - - [20/May/2025:11:14:30 -0500] "GET /index.php?shopdetail/3872000/ HTTP/1.1" 200 28927 "-" "Mozilla/5.0 (Linux; Android 6.0.1; Nexus 5X Build/MMB29P) AppleWebKit/537.36 (KHTML, like Gecko) Chrome/136.0.7103.113 Mobile Safari/537.36 (compatible; Googlebot/2.1; +http://www.google.com/bot.html)" mandncleaningservice.com 162.241.194.38
66.249.66.41 - - [20/May/2025:11:14:30 -0500] "GET /index.php?shopdetail/3872000/ HTTP/1.1" 200 28927 "-" "Mozilla/5.0 (Linux; Android 6.0.1; Nexus 5X Build/MMB29P) AppleWebKit/537.36 (KHTML, like Gecko) Chrome/136.0.7103.113 Mobile Safari/537.36 (compatible; Googlebot/2.1; +http://www.google.com/bot.html)" mandncleaningservice.com 162.241.194.38
66.249.66.40 - - [20/May/2025:11:14:36 -0500] "POST /get-message-notify HTTP/1.1" 200 26511 "https://mandncleaningservice.com/index.php?shopdetail/3872000/" "Mozilla/5.0 (Linux; Android 6.0.1; Nexus 5X Build/MMB29P) AppleWebKit/537.36 (KHTML, like Gecko) Chrome/136.0.7103.92 Mobile Safari/537.36 (compatible; Googlebot/2.1; +http://www.google.com/bot.html)" mandncleaningservice.com 162.241.194.38
66.249.66.40 - - [20/May/2025:11:14:57 -0500] "GET /index.php?shopdetail/1603111/ HTTP/1.1" 200 30873 "-" "Mozilla/5.0 (Linux; Android 6.0.1; Nexus 5X Build/MMB29P) AppleWebKit/537.36 (KHTML, like Gecko) Chrome/136.0.7103.113 Mobile Safari/537.36 (compatible; Googlebot/2.1; +http://www.google.com/bot.html)" mandncleaningservice.com 162.241.194.38
66.249.66.40 - - [20/May/2025:11:14:57 -0500] "GET /index.php?shopdetail/1603111/ HTTP/1.1" 200 30873 "-" "Mozilla/5.0 (Linux; Android 6.0.1; Nexus 5X Build/MMB29P) AppleWebKit/537.36 (KHTML, like Gecko) Chrome/136.0.7103.113 Mobile Safari/537.36 (compatible; Googlebot/2.1; +http://www.google.com/bot.html)" mandncleaningservice.com 162.241.194.38
207.46.13.9 - - [20/May/2025:11:15:03 -0500] "GET /shopdetail/7570322/ HTTP/1.1" 200 25987 "-" "Mozilla/5.0 AppleWebKit/537.36 (KHTML, like Gecko; compatible; bingbot/2.0; +http://www.bing.com/bingbot.htm) Chrome/116.0.1938.76 Safari/537.36" mandncleaningservice.com 162.241.194.38
207.46.13.9 - - [20/May/2025:11:15:03 -0500] "GET /shopdetail/7570322/ HTTP/2.0" 200 25987 "-" "Mozilla/5.0 AppleWebKit/537.36 (KHTML, like Gecko; compatible; bingbot/2.0; +http://www.bing.com/bingbot.htm) Chrome/116.0.1938.76 Safari/537.36" mandncleaningservice.com 162.241.194.38
66.249.66.42 - - [20/May/2025:11:15:06 -0500] "GET /index.php?279479447.shtml HTTP/1.1" 200 31161 "-" "Mozilla/5.0 (Linux; Android 6.0.1; Nexus 5X Build/MMB29P) AppleWebKit/537.36 (KHTML, like Gecko) Chrome/136.0.7103.113 Mobile Safari/537.36 (compatible; Googlebot/2.1; +http://www.google.com/bot.html)" mandncleaningservice.com 162.241.194.38
66.249.66.42 - - [20/May/2025:11:15:06 -0500] "GET /index.php?279479447.shtml HTTP/1.1" 200 31161 "-" "Mozilla/5.0 (Linux; Android 6.0.1; Nexus 5X Build/MMB29P) AppleWebKit/537.36 (KHTML, like Gecko) Chrome/136.0.7103.113 Mobile Safari/537.36 (compatible; Googlebot/2.1; +http://www.google.com/bot.html)" mandncleaningservice.com 162.241.194.38
18.97.14.81 - - [20/May/2025:11:15:21 -0500] "GET /shopdetail/3344788/ HTTP/1.1" 200 21409 "-" "CCBot/2.0 (https://commoncrawl.org/faq/)" mandncleaningservice.com 162.241.194.38
18.97.14.81 - - [20/May/2025:11:15:21 -0500] "GET /shopdetail/3344788/ HTTP/2.0" 200 21409 "-" "CCBot/2.0 (https://commoncrawl.org/faq/)" mandncleaningservice.com 162.241.194.38
207.46.13.9 - - [20/May/2025:11:15:33 -0500] "GET /shopdetail/8055422/ HTTP/1.1" 200 32717 "-" "Mozilla/5.0 AppleWebKit/537.36 (KHTML, like Gecko; compatible; bingbot/2.0; +http://www.bing.com/bingbot.htm) Chrome/116.0.1938.76 Safari/537.36" mandncleaningservice.com 162.241.194.38
207.46.13.9 - - [20/May/2025:11:15:33 -0500] "GET /shopdetail/8055422/ HTTP/2.0" 200 32717 "-" "Mozilla/5.0 AppleWebKit/537.36 (KHTML, like Gecko; compatible; bingbot/2.0; +http://www.bing.com/bingbot.htm) Chrome/116.0.1938.76 Safari/537.36" mandncleaningservice.com 162.241.194.38
66.249.66.41 - - [20/May/2025:11:15:39 -0500] "GET /index.php?product/edit/MPEOK309164859 HTTP/1.1" 200 27398 "-" "Mozilla/5.0 (Linux; Android 6.0.1; Nexus 5X Build/MMB29P) AppleWebKit/537.36 (KHTML, like Gecko) Chrome/136.0.7103.113 Mobile Safari/537.36 (compatible; Googlebot/2.1; +http://www.google.com/bot.html)" mandncleaningservice.com 162.241.194.38
66.249.66.41 - - [20/May/2025:11:15:38 -0500] "GET /index.php?product/edit/MPEOK309164859 HTTP/1.1" 200 27398 "-" "Mozilla/5.0 (Linux; Android 6.0.1; Nexus 5X Build/MMB29P) AppleWebKit/537.36 (KHTML, like Gecko) Chrome/136.0.7103.113 Mobile Safari/537.36 (compatible; Googlebot/2.1; +http://www.google.com/bot.html)" mandncleaningservice.com 162.241.194.38
66.249.66.41 - - [20/May/2025:11:15:41 -0500] "POST /get-message-notify HTTP/1.1" 200 26511 "https://mandncleaningservice.com/index.php?279479447.shtml" "Mozilla/5.0 (Linux; Android 6.0.1; Nexus 5X Build/MMB29P) AppleWebKit/537.36 (KHTML, like Gecko) Chrome/136.0.7103.92 Mobile Safari/537.36 (compatible; Googlebot/2.1; +http://www.google.com/bot.html)" mandncleaningservice.com 162.241.194.38
18.97.14.81 - - [20/May/2025:11:16:03 -0500] "GET /shopdetail/4313788/ HTTP/1.1" 200 21409 "-" "CCBot/2.0 (https://commoncrawl.org/faq/)" mandncleaningservice.com 162.241.194.38
18.97.14.81 - - [20/May/2025:11:16:03 -0500] "GET /shopdetail/4313788/ HTTP/2.0" 200 21409 "-" "CCBot/2.0 (https://commoncrawl.org/faq/)" mandncleaningservice.com 162.241.194.38
66.249.66.42 - - [20/May/2025:11:16:05 -0500] "GET /index.php?shopdetail/14157299/ HTTP/1.1" 200 31999 "-" "Mozilla/5.0 (Linux; Android 6.0.1; Nexus 5X Build/MMB29P) AppleWebKit/537.36 (KHTML, like Gecko) Chrome/136.0.7103.113 Mobile Safari/537.36 (compatible; Googlebot/2.1; +http://www.google.com/bot.html)" mandncleaningservice.com 162.241.194.38
66.249.66.42 - - [20/May/2025:11:16:05 -0500] "GET /index.php?shopdetail/14157299/ HTTP/1.1" 200 31999 "-" "Mozilla/5.0 (Linux; Android 6.0.1; Nexus 5X Build/MMB29P) AppleWebKit/537.36 (KHTML, like Gecko) Chrome/136.0.7103.113 Mobile Safari/537.36 (compatible; Googlebot/2.1; +http://www.google.com/bot.html)" mandncleaningservice.com 162.241.194.38
66.249.66.41 - - [20/May/2025:11:16:10 -0500] "GET /index.php?187611047.shtml HTTP/1.1" 200 29290 "-" "Mozilla/5.0 (Linux; Android 6.0.1; Nexus 5X Build/MMB29P) AppleWebKit/537.36 (KHTML, like Gecko) Chrome/136.0.7103.113 Mobile Safari/537.36 (compatible; Googlebot/2.1; +http://www.google.com/bot.html)" mandncleaningservice.com 162.241.194.38
66.249.66.41 - - [20/May/2025:11:16:10 -0500] "GET /index.php?187611047.shtml HTTP/1.1" 200 29290 "-" "Mozilla/5.0 (Linux; Android 6.0.1; Nexus 5X Build/MMB29P) AppleWebKit/537.36 (KHTML, like Gecko) Chrome/136.0.7103.113 Mobile Safari/537.36 (compatible; Googlebot/2.1; +http://www.google.com/bot.html)" mandncleaningservice.com 162.241.194.38
66.249.66.41 - - [20/May/2025:11:16:10 -0500] "GET /index.php?shopdetail/26024977/ HTTP/1.1" 200 30873 "-" "Mozilla/5.0 (Linux; Android 6.0.1; Nexus 5X Build/MMB29P) AppleWebKit/537.36 (KHTML, like Gecko) Chrome/136.0.7103.113 Mobile Safari/537.36 (compatible; Googlebot/2.1; +http://www.google.com/bot.html)" mandncleaningservice.com 162.241.194.38
66.249.66.41 - - [20/May/2025:11:16:10 -0500] "GET /index.php?shopdetail/26024977/ HTTP/1.1" 200 30873 "-" "Mozilla/5.0 (Linux; Android 6.0.1; Nexus 5X Build/MMB29P) AppleWebKit/537.36 (KHTML, like Gecko) Chrome/136.0.7103.113 Mobile Safari/537.36 (compatible; Googlebot/2.1; +http://www.google.com/bot.html)" mandncleaningservice.com 162.241.194.38
66.249.66.40 - - [20/May/2025:11:16:21 -0500] "GET /index.php?shopdetail/22407622/ HTTP/1.1" 200 28101 "-" "Mozilla/5.0 (Linux; Android 6.0.1; Nexus 5X Build/MMB29P) AppleWebKit/537.36 (KHTML, like Gecko) Chrome/136.0.7103.113 Mobile Safari/537.36 (compatible; Googlebot/2.1; +http://www.google.com/bot.html)" mandncleaningservice.com 162.241.194.38
66.249.66.40 - - [20/May/2025:11:16:21 -0500] "GET /index.php?shopdetail/22407622/ HTTP/1.1" 200 28101 "-" "Mozilla/5.0 (Linux; Android 6.0.1; Nexus 5X Build/MMB29P) AppleWebKit/537.36 (KHTML, like Gecko) Chrome/136.0.7103.113 Mobile Safari/537.36 (compatible; Googlebot/2.1; +http://www.google.com/bot.html)" mandncleaningservice.com 162.241.194.38
66.249.66.40 - - [20/May/2025:11:16:21 -0500] "GET /index.php?shopdetail/15882900/ HTTP/1.1" 200 28507 "-" "Mozilla/5.0 (Linux; Android 6.0.1; Nexus 5X Build/MMB29P) AppleWebKit/537.36 (KHTML, like Gecko) Chrome/136.0.7103.113 Mobile Safari/537.36 (compatible; Googlebot/2.1; +http://www.google.com/bot.html)" mandncleaningservice.com 162.241.194.38
66.249.66.40 - - [20/May/2025:11:16:21 -0500] "GET /index.php?shopdetail/15882900/ HTTP/1.1" 200 28507 "-" "Mozilla/5.0 (Linux; Android 6.0.1; Nexus 5X Build/MMB29P) AppleWebKit/537.36 (KHTML, like Gecko) Chrome/136.0.7103.113 Mobile Safari/537.36 (compatible; Googlebot/2.1; +http://www.google.com/bot.html)" mandncleaningservice.com 162.241.194.38
66.249.66.40 - - [20/May/2025:11:16:21 -0500] "POST /get-message-notify HTTP/1.1" 200 26511 "https://mandncleaningservice.com/index.php?187611047.shtml" "Mozilla/5.0 (Linux; Android 6.0.1; Nexus 5X Build/MMB29P) AppleWebKit/537.36 (KHTML, like Gecko) Chrome/136.0.7103.92 Mobile Safari/537.36 (compatible; Googlebot/2.1; +http://www.google.com/bot.html)" mandncleaningservice.com 162.241.194.38
66.249.66.40 - - [20/May/2025:11:16:31 -0500] "GET /index.php?product/edit/GYEDQ270932336 HTTP/1.1" 200 27397 "-" "Mozilla/5.0 (Linux; Android 6.0.1; Nexus 5X Build/MMB29P) AppleWebKit/537.36 (KHTML, like Gecko) Chrome/136.0.7103.113 Mobile Safari/537.36 (compatible; Googlebot/2.1; +http://www.google.com/bot.html)" mandncleaningservice.com 162.241.194.38
66.249.66.40 - - [20/May/2025:11:16:31 -0500] "GET /index.php?product/edit/GYEDQ270932336 HTTP/1.1" 200 27397 "-" "Mozilla/5.0 (Linux; Android 6.0.1; Nexus 5X Build/MMB29P) AppleWebKit/537.36 (KHTML, like Gecko) Chrome/136.0.7103.113 Mobile Safari/537.36 (compatible; Googlebot/2.1; +http://www.google.com/bot.html)" mandncleaningservice.com 162.241.194.38
52.167.144.204 - - [20/May/2025:11:16:39 -0500] "GET /shopdetail/9741000/ HTTP/1.1" 200 26031 "-" "Mozilla/5.0 AppleWebKit/537.36 (KHTML, like Gecko; compatible; bingbot/2.0; +http://www.bing.com/bingbot.htm) Chrome/116.0.1938.76 Safari/537.36" mandncleaningservice.com 162.241.194.38
52.167.144.204 - - [20/May/2025:11:16:39 -0500] "GET /shopdetail/9741000/ HTTP/2.0" 200 26031 "-" "Mozilla/5.0 AppleWebKit/537.36 (KHTML, like Gecko; compatible; bingbot/2.0; +http://www.bing.com/bingbot.htm) Chrome/116.0.1938.76 Safari/537.36" mandncleaningservice.com 162.241.194.38
52.167.144.204 - - [20/May/2025:11:16:40 -0500] "GET /shopdetail/9645933/ HTTP/1.1" 200 31783 "-" "Mozilla/5.0 AppleWebKit/537.36 (KHTML, like Gecko; compatible; bingbot/2.0; +http://www.bing.com/bingbot.htm) Chrome/116.0.1938.76 Safari/537.36" mandncleaningservice.com 162.241.194.38
52.167.144.204 - - [20/May/2025:11:16:40 -0500] "GET /shopdetail/9645933/ HTTP/2.0" 200 31783 "-" "Mozilla/5.0 AppleWebKit/537.36 (KHTML, like Gecko; compatible; bingbot/2.0; +http://www.bing.com/bingbot.htm) Chrome/116.0.1938.76 Safari/537.36" mandncleaningservice.com 162.241.194.38
66.249.66.40 - - [20/May/2025:11:16:45 -0500] "POST /get-message-notify HTTP/1.1" 200 26511 "https://mandncleaningservice.com/index.php?product/edit/GYEDQ270932336" "Mozilla/5.0 (Linux; Android 6.0.1; Nexus 5X Build/MMB29P) AppleWebKit/537.36 (KHTML, like Gecko) Chrome/136.0.7103.92 Mobile Safari/537.36 (compatible; Googlebot/2.1; +http://www.google.com/bot.html)" mandncleaningservice.com 162.241.194.38
66.249.66.40 - - [20/May/2025:11:16:49 -0500] "POST /get-message-notify HTTP/1.1" 200 26511 "https://mandncleaningservice.com/index.php?shopdetail/22407622/" "Mozilla/5.0 (Linux; Android 6.0.1; Nexus 5X Build/MMB29P) AppleWebKit/537.36 (KHTML, like Gecko) Chrome/136.0.7103.92 Mobile Safari/537.36 (compatible; Googlebot/2.1; +http://www.google.com/bot.html)" mandncleaningservice.com 162.241.194.38
18.97.14.81 - - [20/May/2025:11:16:50 -0500] "GET /shopdetail/27393988/ HTTP/1.1" 200 21409 "-" "CCBot/2.0 (https://commoncrawl.org/faq/)" mandncleaningservice.com 162.241.194.38
18.97.14.81 - - [20/May/2025:11:16:50 -0500] "GET /shopdetail/27393988/ HTTP/2.0" 200 21409 "-" "CCBot/2.0 (https://commoncrawl.org/faq/)" mandncleaningservice.com 162.241.194.38
66.249.66.40 - - [20/May/2025:11:16:50 -0500] "GET /index.php?shopdetail/6196244/ HTTP/1.1" 200 28138 "-" "Mozilla/5.0 (Linux; Android 6.0.1; Nexus 5X Build/MMB29P) AppleWebKit/537.36 (KHTML, like Gecko) Chrome/136.0.7103.113 Mobile Safari/537.36 (compatible; Googlebot/2.1; +http://www.google.com/bot.html)" mandncleaningservice.com 162.241.194.38
66.249.66.40 - - [20/May/2025:11:16:50 -0500] "GET /index.php?shopdetail/6196244/ HTTP/1.1" 200 28138 "-" "Mozilla/5.0 (Linux; Android 6.0.1; Nexus 5X Build/MMB29P) AppleWebKit/537.36 (KHTML, like Gecko) Chrome/136.0.7103.113 Mobile Safari/537.36 (compatible; Googlebot/2.1; +http://www.google.com/bot.html)" mandncleaningservice.com 162.241.194.38
57.141.6.22 - - [20/May/2025:11:17:00 -0500] "GET /shopdetail/2167166/images/mandncleaning.mp4 HTTP/2.0" 200 68351 "-" "meta-externalagent/1.1 (+https://developers.facebook.com/docs/sharing/webmasters/crawler)" mandncleaningservice.com 162.241.194.38
57.141.6.31 - - [20/May/2025:11:17:01 -0500] "GET /shopdetail/15272355/ HTTP/1.1" 200 68351 "-" "meta-externalagent/1.1 (+https://developers.facebook.com/docs/sharing/webmasters/crawler)" mandncleaningservice.com 162.241.194.38
57.141.6.31 - - [20/May/2025:11:17:01 -0500] "GET /shopdetail/15272355/ HTTP/2.0" 200 68351 "-" "meta-externalagent/1.1 (+https://developers.facebook.com/docs/sharing/webmasters/crawler)" mandncleaningservice.com 162.241.194.38
57.141.6.21 - - [20/May/2025:11:17:01 -0500] "GET /shopdetail/5289800/images/mandncleaning.mp4 HTTP/2.0" 200 68351 "-" "meta-externalagent/1.1 (+https://developers.facebook.com/docs/sharing/webmasters/crawler)" mandncleaningservice.com 162.241.194.38
207.46.13.9 - - [20/May/2025:11:17:03 -0500] "GET /shopdetail/9172300/ HTTP/1.1" 200 26410 "-" "Mozilla/5.0 AppleWebKit/537.36 (KHTML, like Gecko; compatible; bingbot/2.0; +http://www.bing.com/bingbot.htm) Chrome/116.0.1938.76 Safari/537.36" mandncleaningservice.com 162.241.194.38
207.46.13.9 - - [20/May/2025:11:17:03 -0500] "GET /shopdetail/9172300/ HTTP/2.0" 200 26410 "-" "Mozilla/5.0 AppleWebKit/537.36 (KHTML, like Gecko; compatible; bingbot/2.0; +http://www.bing.com/bingbot.htm) Chrome/116.0.1938.76 Safari/537.36" mandncleaningservice.com 162.241.194.38
66.249.66.42 - - [20/May/2025:11:17:09 -0500] "GET /index.php?shopdetail/2182677/ HTTP/1.1" 200 29280 "-" "Mozilla/5.0 (Linux; Android 6.0.1; Nexus 5X Build/MMB29P) AppleWebKit/537.36 (KHTML, like Gecko) Chrome/136.0.7103.113 Mobile Safari/537.36 (compatible; Googlebot/2.1; +http://www.google.com/bot.html)" mandncleaningservice.com 162.241.194.38
66.249.66.42 - - [20/May/2025:11:17:08 -0500] "GET /index.php?shopdetail/2182677/ HTTP/1.1" 200 29280 "-" "Mozilla/5.0 (Linux; Android 6.0.1; Nexus 5X Build/MMB29P) AppleWebKit/537.36 (KHTML, like Gecko) Chrome/136.0.7103.113 Mobile Safari/537.36 (compatible; Googlebot/2.1; +http://www.google.com/bot.html)" mandncleaningservice.com 162.241.194.38
57.141.6.13 - - [20/May/2025:11:17:11 -0500] "GET /shopdetail/27011699/ HTTP/1.1" 200 68351 "-" "meta-externalagent/1.1 (+https://developers.facebook.com/docs/sharing/webmasters/crawler)" mandncleaningservice.com 162.241.194.38
57.141.6.13 - - [20/May/2025:11:17:11 -0500] "GET /shopdetail/27011699/ HTTP/2.0" 200 68351 "-" "meta-externalagent/1.1 (+https://developers.facebook.com/docs/sharing/webmasters/crawler)" mandncleaningservice.com 162.241.194.38
5.161.60.3 - - [20/May/2025:11:17:11 -0500] "GET /?_gl=1*1ix4f11*_gcl_au*MTYxMTI1OTI3MS4xNzIxODg2NjU0*_ga*ODYyMzk4MzA3LjE2OTk0NTM1Nzg.*_ga_7H42SVMQ0V*MTcyMTg4NjY1NS4xMjEuMS4xNzIxODg2NjY5LjQ2LjAuMA..&_ga=2.198040047.1958808748.1721886654-862398307.1699453578&_bdsid=2ulvIJ.n~ZXCIW.1721886656070.1721886848&_bd_prev_page=https://mandncleaningservice.com/detail.php?shopdetail/22716822/ HTTP/1.1" 200 21409 "-" "Mozilla/5.0 (Windows NT 10.0; Win64; x64) AppleWebKit/537.36 (KHTML, like Gecko) Chrome/84.0.4147.105 Safari/537.36" mandncleaningservice.com 162.241.194.38
5.161.60.3 - - [20/May/2025:11:17:11 -0500] "GET /?_gl=1*1ix4f11*_gcl_au*MTYxMTI1OTI3MS4xNzIxODg2NjU0*_ga*ODYyMzk4MzA3LjE2OTk0NTM1Nzg.*_ga_7H42SVMQ0V*MTcyMTg4NjY1NS4xMjEuMS4xNzIxODg2NjY5LjQ2LjAuMA..&_ga=2.198040047.1958808748.1721886654-862398307.1699453578&_bdsid=2ulvIJ.n~ZXCIW.1721886656070.1721886848&_bd_prev_page=https://mandncleaningservice.com/detail.php?shopdetail/22716822/ HTTP/1.1" 200 21409 "-" "Mozilla/5.0 (Windows NT 10.0; Win64; x64) AppleWebKit/537.36 (KHTML, like Gecko) Chrome/84.0.4147.105 Safari/537.36" mandncleaningservice.com 162.241.194.38
66.249.66.41 - - [20/May/2025:11:17:12 -0500] "POST /get-message-notify HTTP/1.1" 200 26511 "https://mandncleaningservice.com/index.php?shopdetail/2182677/" "Mozilla/5.0 (Linux; Android 6.0.1; Nexus 5X Build/MMB29P) AppleWebKit/537.36 (KHTML, like Gecko) Chrome/136.0.7103.92 Mobile Safari/537.36 (compatible; Googlebot/2.1; +http://www.google.com/bot.html)" mandncleaningservice.com 162.241.194.38
66.249.66.41 - - [20/May/2025:11:17:18 -0500] "GET /index.php?26235989.shtml HTTP/1.1" 200 25982 "-" "Mozilla/5.0 (Linux; Android 6.0.1; Nexus 5X Build/MMB29P) AppleWebKit/537.36 (KHTML, like Gecko) Chrome/136.0.7103.113 Mobile Safari/537.36 (compatible; Googlebot/2.1; +http://www.google.com/bot.html)" mandncleaningservice.com 162.241.194.38
66.249.66.41 - - [20/May/2025:11:17:18 -0500] "GET /index.php?26235989.shtml HTTP/1.1" 200 25982 "-" "Mozilla/5.0 (Linux; Android 6.0.1; Nexus 5X Build/MMB29P) AppleWebKit/537.36 (KHTML, like Gecko) Chrome/136.0.7103.113 Mobile Safari/537.36 (compatible; Googlebot/2.1; +http://www.google.com/bot.html)" mandncleaningservice.com 162.241.194.38
18.97.14.81 - - [20/May/2025:11:17:32 -0500] "GET /shopdetail/18425533/ HTTP/1.1" 200 21409 "-" "CCBot/2.0 (https://commoncrawl.org/faq/)" mandncleaningservice.com 162.241.194.38
18.97.14.81 - - [20/May/2025:11:17:32 -0500] "GET /shopdetail/18425533/ HTTP/2.0" 200 21409 "-" "CCBot/2.0 (https://commoncrawl.org/faq/)" mandncleaningservice.com 162.241.194.38
13.83.167.135 - - [20/May/2025:11:17:45 -0500] "GET / HTTP/1.1" 200 21409 "-" "Mozilla/5.0 AppleWebKit/537.36 (KHTML, like Gecko); compatible; ChatGPT-User/1.0; +https://openai.com/bot" mandncleaningservice.com 162.241.194.38
13.83.167.135 - - [20/May/2025:11:17:45 -0500] "GET / HTTP/2.0" 200 21409 "-" "Mozilla/5.0 AppleWebKit/537.36 (KHTML, like Gecko); compatible; ChatGPT-User/1.0; +https://openai.com/bot" mandncleaningservice.com 162.241.194.38
13.83.167.142 - - [20/May/2025:11:17:46 -0500] "GET /?_bd_prev_page=https://mandncleaningservice.com/detail.php?shopdetail/4215166/&_bdsid=2ulvIJ.n~ZXCIW.1721886656070.1721886848&_ga=2.198040047.1958808748.1721886654-862398307.1699453578&_gl=1*1ix4f11*_gcl_au*MTYxMTI1OTI3MS4xNzIxODg2NjU0*_ga*ODYyMzk4MzA3LjE2OTk0NTM1Nzg.*_ga_7H42SVMQ0V*MTcyMTg4NjY1NS4xMjEuMS4xNzIxODg2NjY5LjQ2LjAuMA.. HTTP/1.1" 200 21409 "-" "Mozilla/5.0 AppleWebKit/537.36 (KHTML, like Gecko); compatible; ChatGPT-User/1.0; +https://openai.com/bot" mandncleaningservice.com 162.241.194.38
13.83.167.142 - - [20/May/2025:11:17:46 -0500] "GET /?_bd_prev_page=https://mandncleaningservice.com/detail.php?shopdetail/4215166/&_bdsid=2ulvIJ.n~ZXCIW.1721886656070.1721886848&_ga=2.198040047.1958808748.1721886654-862398307.1699453578&_gl=1*1ix4f11*_gcl_au*MTYxMTI1OTI3MS4xNzIxODg2NjU0*_ga*ODYyMzk4MzA3LjE2OTk0NTM1Nzg.*_ga_7H42SVMQ0V*MTcyMTg4NjY1NS4xMjEuMS4xNzIxODg2NjY5LjQ2LjAuMA.. HTTP/2.0" 200 21409 "-" "Mozilla/5.0 AppleWebKit/537.36 (KHTML, like Gecko); compatible; ChatGPT-User/1.0; +https://openai.com/bot" mandncleaningservice.com 162.241.194.38
66.249.66.40 - - [20/May/2025:11:17:46 -0500] "GET /index.php?product/edit/JRX8937554 HTTP/1.1" 200 27377 "-" "Mozilla/5.0 (Linux; Android 6.0.1; Nexus 5X Build/MMB29P) AppleWebKit/537.36 (KHTML, like Gecko) Chrome/136.0.7103.113 Mobile Safari/537.36 (compatible; Googlebot/2.1; +http://www.google.com/bot.html)" mandncleaningservice.com 162.241.194.38
66.249.66.40 - - [20/May/2025:11:17:46 -0500] "GET /index.php?product/edit/JRX8937554 HTTP/1.1" 200 27377 "-" "Mozilla/5.0 (Linux; Android 6.0.1; Nexus 5X Build/MMB29P) AppleWebKit/537.36 (KHTML, like Gecko) Chrome/136.0.7103.113 Mobile Safari/537.36 (compatible; Googlebot/2.1; +http://www.google.com/bot.html)" mandncleaningservice.com 162.241.194.38
20.161.75.219 - - [20/May/2025:11:17:57 -0500] "GET /?_bd_prev_page=https://mandncleaningservice.com/detail.php?shopdetail/7496033/&_bdsid=2ulvIJ.n~ZXCIW.1721886656070.1721886848&_ga=2.198040047.1958808748.1721886654-862398307.1699453578&_gl=1*1ix4f11*_gcl_au*MTYxMTI1OTI3MS4xNzIxODg2NjU0*_ga*ODYyMzk4MzA3LjE2OTk0NTM1Nzg.*_ga_7H42SVMQ0V*MTcyMTg4NjY1NS4xMjEuMS4xNzIxODg2NjY5LjQ2LjAuMA.. HTTP/1.1" 200 21409 "-" "Mozilla/5.0 AppleWebKit/537.36 (KHTML, like Gecko); compatible; ChatGPT-User/1.0; +https://openai.com/bot" mandncleaningservice.com 162.241.194.38
20.161.75.219 - - [20/May/2025:11:17:56 -0500] "GET /?_bd_prev_page=https://mandncleaningservice.com/detail.php?shopdetail/7496033/&_bdsid=2ulvIJ.n~ZXCIW.1721886656070.1721886848&_ga=2.198040047.1958808748.1721886654-862398307.1699453578&_gl=1*1ix4f11*_gcl_au*MTYxMTI1OTI3MS4xNzIxODg2NjU0*_ga*ODYyMzk4MzA3LjE2OTk0NTM1Nzg.*_ga_7H42SVMQ0V*MTcyMTg4NjY1NS4xMjEuMS4xNzIxODg2NjY5LjQ2LjAuMA.. HTTP/2.0" 200 21409 "-" "Mozilla/5.0 AppleWebKit/537.36 (KHTML, like Gecko); compatible; ChatGPT-User/1.0; +https://openai.com/bot" mandncleaningservice.com 162.241.194.38
66.249.66.40 - - [20/May/2025:11:18:16 -0500] "GET /index.php?shopdetail/11862866/ HTTP/1.1" 200 29315 "-" "Mozilla/5.0 (Linux; Android 6.0.1; Nexus 5X Build/MMB29P) AppleWebKit/537.36 (KHTML, like Gecko) Chrome/136.0.7103.113 Mobile Safari/537.36 (compatible; Googlebot/2.1; +http://www.google.com/bot.html)" mandncleaningservice.com 162.241.194.38
66.249.66.40 - - [20/May/2025:11:18:16 -0500] "GET /index.php?shopdetail/11862866/ HTTP/1.1" 200 29315 "-" "Mozilla/5.0 (Linux; Android 6.0.1; Nexus 5X Build/MMB29P) AppleWebKit/537.36 (KHTML, like Gecko) Chrome/136.0.7103.113 Mobile Safari/537.36 (compatible; Googlebot/2.1; +http://www.google.com/bot.html)" mandncleaningservice.com 162.241.194.38
66.249.66.41 - - [20/May/2025:11:18:26 -0500] "GET /index.php?215496892.shtml HTTP/1.1" 200 28035 "-" "Mozilla/5.0 (Linux; Android 6.0.1; Nexus 5X Build/MMB29P) AppleWebKit/537.36 (KHTML, like Gecko) Chrome/136.0.7103.113 Mobile Safari/537.36 (compatible; Googlebot/2.1; +http://www.google.com/bot.html)" mandncleaningservice.com 162.241.194.38
66.249.66.41 - - [20/May/2025:11:18:25 -0500] "GET /index.php?215496892.shtml HTTP/1.1" 200 28035 "-" "Mozilla/5.0 (Linux; Android 6.0.1; Nexus 5X Build/MMB29P) AppleWebKit/537.36 (KHTML, like Gecko) Chrome/136.0.7103.113 Mobile Safari/537.36 (compatible; Googlebot/2.1; +http://www.google.com/bot.html)" mandncleaningservice.com 162.241.194.38
66.249.66.40 - - [20/May/2025:11:18:29 -0500] "POST /get-message-notify HTTP/1.1" 200 26511 "https://mandncleaningservice.com/index.php?215496892.shtml" "Mozilla/5.0 (Linux; Android 6.0.1; Nexus 5X Build/MMB29P) AppleWebKit/537.36 (KHTML, like Gecko) Chrome/136.0.7103.92 Mobile Safari/537.36 (compatible; Googlebot/2.1; +http://www.google.com/bot.html)" mandncleaningservice.com 162.241.194.38
66.249.66.40 - - [20/May/2025:11:18:35 -0500] "GET /index.php?product/edit/RIKSX214089229 HTTP/1.1" 200 27397 "-" "Mozilla/5.0 (Linux; Android 6.0.1; Nexus 5X Build/MMB29P) AppleWebKit/537.36 (KHTML, like Gecko) Chrome/136.0.7103.113 Mobile Safari/537.36 (compatible; Googlebot/2.1; +http://www.google.com/bot.html)" mandncleaningservice.com 162.241.194.38
66.249.66.40 - - [20/May/2025:11:18:35 -0500] "GET /index.php?product/edit/RIKSX214089229 HTTP/1.1" 200 27397 "-" "Mozilla/5.0 (Linux; Android 6.0.1; Nexus 5X Build/MMB29P) AppleWebKit/537.36 (KHTML, like Gecko) Chrome/136.0.7103.113 Mobile Safari/537.36 (compatible; Googlebot/2.1; +http://www.google.com/bot.html)" mandncleaningservice.com 162.241.194.38
66.249.66.40 - - [20/May/2025:11:18:37 -0500] "POST /get-message-notify HTTP/1.1" 200 26511 "https://mandncleaningservice.com/index.php?product/edit/RIKSX214089229" "Mozilla/5.0 (Linux; Android 6.0.1; Nexus 5X Build/MMB29P) AppleWebKit/537.36 (KHTML, like Gecko) Chrome/136.0.7103.92 Mobile Safari/537.36 (compatible; Googlebot/2.1; +http://www.google.com/bot.html)" mandncleaningservice.com 162.241.194.38
18.97.14.81 - - [20/May/2025:11:18:58 -0500] "GET /shopdetail/15153733/ HTTP/1.1" 200 21409 "-" "CCBot/2.0 (https://commoncrawl.org/faq/)" mandncleaningservice.com 162.241.194.38
18.97.14.81 - - [20/May/2025:11:18:58 -0500] "GET /shopdetail/15153733/ HTTP/2.0" 200 21409 "-" "CCBot/2.0 (https://commoncrawl.org/faq/)" mandncleaningservice.com 162.241.194.38
66.249.66.41 - - [20/May/2025:11:19:04 -0500] "GET /index.php?shopdetail/12030255/ HTTP/1.1" 200 26434 "-" "Mozilla/5.0 (Linux; Android 6.0.1; Nexus 5X Build/MMB29P) AppleWebKit/537.36 (KHTML, like Gecko) Chrome/136.0.7103.113 Mobile Safari/537.36 (compatible; Googlebot/2.1; +http://www.google.com/bot.html)" mandncleaningservice.com 162.241.194.38
66.249.66.41 - - [20/May/2025:11:19:03 -0500] "GET /index.php?shopdetail/12030255/ HTTP/1.1" 200 26434 "-" "Mozilla/5.0 (Linux; Android 6.0.1; Nexus 5X Build/MMB29P) AppleWebKit/537.36 (KHTML, like Gecko) Chrome/136.0.7103.113 Mobile Safari/537.36 (compatible; Googlebot/2.1; +http://www.google.com/bot.html)" mandncleaningservice.com 162.241.194.38
66.249.66.41 - - [20/May/2025:11:19:06 -0500] "POST /get-message-notify HTTP/1.1" 200 26511 "https://mandncleaningservice.com/index.php?shopdetail/12030255/" "Mozilla/5.0 (Linux; Android 6.0.1; Nexus 5X Build/MMB29P) AppleWebKit/537.36 (KHTML, like Gecko) Chrome/136.0.7103.92 Mobile Safari/537.36 (compatible; Googlebot/2.1; +http://www.google.com/bot.html)" mandncleaningservice.com 162.241.194.38
66.249.66.41 - - [20/May/2025:11:19:13 -0500] "GET /index.php?332011914.shtml HTTP/1.1" 200 31437 "-" "Mozilla/5.0 (Linux; Android 6.0.1; Nexus 5X Build/MMB29P) AppleWebKit/537.36 (KHTML, like Gecko) Chrome/136.0.7103.113 Mobile Safari/537.36 (compatible; Googlebot/2.1; +http://www.google.com/bot.html)" mandncleaningservice.com 162.241.194.38
66.249.66.41 - - [20/May/2025:11:19:12 -0500] "GET /index.php?332011914.shtml HTTP/1.1" 200 31437 "-" "Mozilla/5.0 (Linux; Android 6.0.1; Nexus 5X Build/MMB29P) AppleWebKit/537.36 (KHTML, like Gecko) Chrome/136.0.7103.113 Mobile Safari/537.36 (compatible; Googlebot/2.1; +http://www.google.com/bot.html)" mandncleaningservice.com 162.241.194.38
207.46.13.9 - - [20/May/2025:11:19:13 -0500] "GET /shopdetail/9838777/ HTTP/1.1" 200 30959 "-" "Mozilla/5.0 AppleWebKit/537.36 (KHTML, like Gecko; compatible; bingbot/2.0; +http://www.bing.com/bingbot.htm) Chrome/116.0.1938.76 Safari/537.36" mandncleaningservice.com 162.241.194.38
207.46.13.9 - - [20/May/2025:11:19:13 -0500] "GET /shopdetail/9838777/ HTTP/2.0" 200 30959 "-" "Mozilla/5.0 AppleWebKit/537.36 (KHTML, like Gecko; compatible; bingbot/2.0; +http://www.bing.com/bingbot.htm) Chrome/116.0.1938.76 Safari/537.36" mandncleaningservice.com 162.241.194.38
18.97.14.81 - - [20/May/2025:11:19:36 -0500] "GET /shopdetail/5829988/ HTTP/1.1" 200 21409 "-" "CCBot/2.0 (https://commoncrawl.org/faq/)" mandncleaningservice.com 162.241.194.38
18.97.14.81 - - [20/May/2025:11:19:36 -0500] "GET /shopdetail/5829988/ HTTP/2.0" 200 21409 "-" "CCBot/2.0 (https://commoncrawl.org/faq/)" mandncleaningservice.com 162.241.194.38
66.249.66.40 - - [20/May/2025:11:19:40 -0500] "GET /index.php?product/edit/DHVQZ281475118 HTTP/1.1" 200 27398 "-" "Mozilla/5.0 (Linux; Android 6.0.1; Nexus 5X Build/MMB29P) AppleWebKit/537.36 (KHTML, like Gecko) Chrome/136.0.7103.113 Mobile Safari/537.36 (compatible; Googlebot/2.1; +http://www.google.com/bot.html)" mandncleaningservice.com 162.241.194.38
66.249.66.40 - - [20/May/2025:11:19:39 -0500] "GET /index.php?product/edit/DHVQZ281475118 HTTP/1.1" 200 27398 "-" "Mozilla/5.0 (Linux; Android 6.0.1; Nexus 5X Build/MMB29P) AppleWebKit/537.36 (KHTML, like Gecko) Chrome/136.0.7103.113 Mobile Safari/537.36 (compatible; Googlebot/2.1; +http://www.google.com/bot.html)" mandncleaningservice.com 162.241.194.38
66.249.66.40 - - [20/May/2025:11:19:40 -0500] "GET /index.php?product/edit/ELR2345178 HTTP/1.1" 200 27373 "-" "Mozilla/5.0 (Linux; Android 6.0.1; Nexus 5X Build/MMB29P) AppleWebKit/537.36 (KHTML, like Gecko) Chrome/136.0.7103.113 Mobile Safari/537.36 (compatible; Googlebot/2.1; +http://www.google.com/bot.html)" mandncleaningservice.com 162.241.194.38
66.249.66.40 - - [20/May/2025:11:19:40 -0500] "GET /index.php?product/edit/ELR2345178 HTTP/1.1" 200 27373 "-" "Mozilla/5.0 (Linux; Android 6.0.1; Nexus 5X Build/MMB29P) AppleWebKit/537.36 (KHTML, like Gecko) Chrome/136.0.7103.113 Mobile Safari/537.36 (compatible; Googlebot/2.1; +http://www.google.com/bot.html)" mandncleaningservice.com 162.241.194.38
57.141.6.1 - - [20/May/2025:11:19:54 -0500] "GET /shopdetail/2987777/images/mandncleaning.mp4 HTTP/2.0" 200 68351 "-" "meta-externalagent/1.1 (+https://developers.facebook.com/docs/sharing/webmasters/crawler)" mandncleaningservice.com 162.241.194.38
57.141.6.28 - - [20/May/2025:11:19:56 -0500] "GET /shopdetail/1447711/images/mandncleaning.mp4 HTTP/2.0" 200 68351 "-" "meta-externalagent/1.1 (+https://developers.facebook.com/docs/sharing/webmasters/crawler)" mandncleaningservice.com 162.241.194.38
66.249.66.40 - - [20/May/2025:11:20:06 -0500] "GET /index.php?shopdetail/7244700/ HTTP/1.1" 200 27858 "-" "Mozilla/5.0 (Linux; Android 6.0.1; Nexus 5X Build/MMB29P) AppleWebKit/537.36 (KHTML, like Gecko) Chrome/136.0.7103.113 Mobile Safari/537.36 (compatible; Googlebot/2.1; +http://www.google.com/bot.html)" mandncleaningservice.com 162.241.194.38
