18.97.14.81 - - [20/May/2025:12:09:01 -0500] "GET /shopdetail/16339333/ HTTP/1.1" 200 21409 "-" "CCBot/2.0 (https://commoncrawl.org/faq/)" mandncleaningservice.com 162.241.194.38
18.97.14.81 - - [20/May/2025:12:09:01 -0500] "GET /shopdetail/16339333/ HTTP/2.0" 200 21409 "-" "CCBot/2.0 (https://commoncrawl.org/faq/)" mandncleaningservice.com 162.241.194.38
66.249.66.11 - - [20/May/2025:12:09:30 -0500] "GET /index.php?product/edit/TZVN105074808 HTTP/1.1" 200 27391 "-" "Mozilla/5.0 (Linux; Android 6.0.1; Nexus 5X Build/MMB29P) AppleWebKit/537.36 (KHTML, like Gecko) Chrome/136.0.7103.113 Mobile Safari/537.36 (compatible; Googlebot/2.1; +http://www.google.com/bot.html)" mandncleaningservice.com 162.241.194.38
66.249.66.11 - - [20/May/2025:12:09:30 -0500] "GET /index.php?product/edit/TZVN105074808 HTTP/1.1" 200 27391 "-" "Mozilla/5.0 (Linux; Android 6.0.1; Nexus 5X Build/MMB29P) AppleWebKit/537.36 (KHTML, like Gecko) Chrome/136.0.7103.113 Mobile Safari/537.36 (compatible; Googlebot/2.1; +http://www.google.com/bot.html)" mandncleaningservice.com 162.241.194.38
18.97.14.81 - - [20/May/2025:12:09:35 -0500] "GET /shopdetail/11722333/ HTTP/1.1" 200 21409 "-" "CCBot/2.0 (https://commoncrawl.org/faq/)" mandncleaningservice.com 162.241.194.38
18.97.14.81 - - [20/May/2025:12:09:35 -0500] "GET /shopdetail/11722333/ HTTP/2.0" 200 21409 "-" "CCBot/2.0 (https://commoncrawl.org/faq/)" mandncleaningservice.com 162.241.194.38
66.249.66.12 - - [20/May/2025:12:09:50 -0500] "GET /index.php?shopdetail/29157566/ HTTP/1.1" 200 27530 "-" "Mozilla/5.0 (Linux; Android 6.0.1; Nexus 5X Build/MMB29P) AppleWebKit/537.36 (KHTML, like Gecko) Chrome/136.0.7103.113 Mobile Safari/537.36 (compatible; Googlebot/2.1; +http://www.google.com/bot.html)" mandncleaningservice.com 162.241.194.38
66.249.66.12 - - [20/May/2025:12:09:50 -0500] "GET /index.php?shopdetail/29157566/ HTTP/1.1" 200 27530 "-" "Mozilla/5.0 (Linux; Android 6.0.1; Nexus 5X Build/MMB29P) AppleWebKit/537.36 (KHTML, like Gecko) Chrome/136.0.7103.113 Mobile Safari/537.36 (compatible; Googlebot/2.1; +http://www.google.com/bot.html)" mandncleaningservice.com 162.241.194.38
157.55.39.55 - - [20/May/2025:12:09:58 -0500] "GET /shopdetail/9901688/ HTTP/1.1" 200 31874 "-" "Mozilla/5.0 AppleWebKit/537.36 (KHTML, like Gecko; compatible; bingbot/2.0; +http://www.bing.com/bingbot.htm) Chrome/116.0.1938.76 Safari/537.36" mandncleaningservice.com 162.241.194.38
157.55.39.55 - - [20/May/2025:12:09:58 -0500] "GET /shopdetail/9901688/ HTTP/2.0" 200 31874 "-" "Mozilla/5.0 AppleWebKit/537.36 (KHTML, like Gecko; compatible; bingbot/2.0; +http://www.bing.com/bingbot.htm) Chrome/116.0.1938.76 Safari/537.36" mandncleaningservice.com 162.241.194.38
66.249.66.74 - - [20/May/2025:12:09:59 -0500] "GET /index.php?662395929.shtml HTTP/1.1" 200 37148 "-" "Mozilla/5.0 (Linux; Android 6.0.1; Nexus 5X Build/MMB29P) AppleWebKit/537.36 (KHTML, like Gecko) Chrome/136.0.7103.113 Mobile Safari/537.36 (compatible; Googlebot/2.1; +http://www.google.com/bot.html)" mandncleaningservice.com 162.241.194.38
66.249.66.74 - - [20/May/2025:12:09:59 -0500] "GET /index.php?662395929.shtml HTTP/1.1" 200 37148 "-" "Mozilla/5.0 (Linux; Android 6.0.1; Nexus 5X Build/MMB29P) AppleWebKit/537.36 (KHTML, like Gecko) Chrome/136.0.7103.113 Mobile Safari/537.36 (compatible; Googlebot/2.1; +http://www.google.com/bot.html)" mandncleaningservice.com 162.241.194.38
18.97.14.81 - - [20/May/2025:12:10:11 -0500] "GET /shopdetail/17809933/ HTTP/1.1" 200 21409 "-" "CCBot/2.0 (https://commoncrawl.org/faq/)" mandncleaningservice.com 162.241.194.38
18.97.14.81 - - [20/May/2025:12:10:11 -0500] "GET /shopdetail/17809933/ HTTP/2.0" 200 21409 "-" "CCBot/2.0 (https://commoncrawl.org/faq/)" mandncleaningservice.com 162.241.194.38
66.249.66.76 - - [20/May/2025:12:10:36 -0500] "GET /index.php?product/edit/YEWTS77761142 HTTP/1.1" 200 27391 "-" "Mozilla/5.0 (Linux; Android 6.0.1; Nexus 5X Build/MMB29P) AppleWebKit/537.36 (KHTML, like Gecko) Chrome/136.0.7103.113 Mobile Safari/537.36 (compatible; Googlebot/2.1; +http://www.google.com/bot.html)" mandncleaningservice.com 162.241.194.38
66.249.66.76 - - [20/May/2025:12:10:36 -0500] "GET /index.php?product/edit/YEWTS77761142 HTTP/1.1" 200 27391 "-" "Mozilla/5.0 (Linux; Android 6.0.1; Nexus 5X Build/MMB29P) AppleWebKit/537.36 (KHTML, like Gecko) Chrome/136.0.7103.113 Mobile Safari/537.36 (compatible; Googlebot/2.1; +http://www.google.com/bot.html)" mandncleaningservice.com 162.241.194.38
57.141.6.5 - - [20/May/2025:12:11:03 -0500] "GET /shopdetail/25422911/images/mandncleaning.mp4 HTTP/2.0" 200 68351 "-" "meta-externalagent/1.1 (+https://developers.facebook.com/docs/sharing/webmasters/crawler)" mandncleaningservice.com 162.241.194.38
57.141.6.30 - - [20/May/2025:12:11:04 -0500] "GET /shopdetail/22675188/images/mandncleaning.mp4 HTTP/2.0" 200 68351 "-" "meta-externalagent/1.1 (+https://developers.facebook.com/docs/sharing/webmasters/crawler)" mandncleaningservice.com 162.241.194.38
66.249.66.75 - - [20/May/2025:12:11:06 -0500] "GET /index.php?67091063.shtml HTTP/1.1" 200 29160 "-" "Mozilla/5.0 (Linux; Android 6.0.1; Nexus 5X Build/MMB29P) AppleWebKit/537.36 (KHTML, like Gecko) Chrome/136.0.7103.113 Mobile Safari/537.36 (compatible; Googlebot/2.1; +http://www.google.com/bot.html)" mandncleaningservice.com 162.241.194.38
66.249.66.75 - - [20/May/2025:12:11:06 -0500] "GET /index.php?67091063.shtml HTTP/1.1" 200 29160 "-" "Mozilla/5.0 (Linux; Android 6.0.1; Nexus 5X Build/MMB29P) AppleWebKit/537.36 (KHTML, like Gecko) Chrome/136.0.7103.113 Mobile Safari/537.36 (compatible; Googlebot/2.1; +http://www.google.com/bot.html)" mandncleaningservice.com 162.241.194.38
66.249.66.12 - - [20/May/2025:12:11:07 -0500] "GET /index.php?shopdetail/28682922/ HTTP/1.1" 200 28680 "-" "Mozilla/5.0 (Linux; Android 6.0.1; Nexus 5X Build/MMB29P) AppleWebKit/537.36 (KHTML, like Gecko) Chrome/136.0.7103.113 Mobile Safari/537.36 (compatible; Googlebot/2.1; +http://www.google.com/bot.html)" mandncleaningservice.com 162.241.194.38
66.249.66.12 - - [20/May/2025:12:11:06 -0500] "GET /index.php?shopdetail/28682922/ HTTP/1.1" 200 28680 "-" "Mozilla/5.0 (Linux; Android 6.0.1; Nexus 5X Build/MMB29P) AppleWebKit/537.36 (KHTML, like Gecko) Chrome/136.0.7103.113 Mobile Safari/537.36 (compatible; Googlebot/2.1; +http://www.google.com/bot.html)" mandncleaningservice.com 162.241.194.38
57.141.6.26 - - [20/May/2025:12:11:07 -0500] "GET /shopdetail/16638955/ HTTP/1.1" 200 68351 "-" "meta-externalagent/1.1 (+https://developers.facebook.com/docs/sharing/webmasters/crawler)" mandncleaningservice.com 162.241.194.38
57.141.6.26 - - [20/May/2025:12:11:07 -0500] "GET /shopdetail/16638955/ HTTP/2.0" 200 68351 "-" "meta-externalagent/1.1 (+https://developers.facebook.com/docs/sharing/webmasters/crawler)" mandncleaningservice.com 162.241.194.38
57.141.6.4 - - [20/May/2025:12:11:13 -0500] "GET /shopdetail/26342388/ HTTP/1.1" 200 68351 "-" "meta-externalagent/1.1 (+https://developers.facebook.com/docs/sharing/webmasters/crawler)" mandncleaningservice.com 162.241.194.38
57.141.6.4 - - [20/May/2025:12:11:13 -0500] "GET /shopdetail/26342388/ HTTP/2.0" 200 68351 "-" "meta-externalagent/1.1 (+https://developers.facebook.com/docs/sharing/webmasters/crawler)" mandncleaningservice.com 162.241.194.38
66.249.66.193 - - [20/May/2025:12:11:17 -0500] "GET /index.php?406814356.shtml HTTP/1.1" 200 26477 "-" "Mozilla/5.0 (Linux; Android 6.0.1; Nexus 5X Build/MMB29P) AppleWebKit/537.36 (KHTML, like Gecko) Chrome/136.0.7103.113 Mobile Safari/537.36 (compatible; Googlebot/2.1; +http://www.google.com/bot.html)" mandncleaningservice.com 162.241.194.38
66.249.66.193 - - [20/May/2025:12:11:16 -0500] "GET /index.php?406814356.shtml HTTP/1.1" 200 26477 "-" "Mozilla/5.0 (Linux; Android 6.0.1; Nexus 5X Build/MMB29P) AppleWebKit/537.36 (KHTML, like Gecko) Chrome/136.0.7103.113 Mobile Safari/537.36 (compatible; Googlebot/2.1; +http://www.google.com/bot.html)" mandncleaningservice.com 162.241.194.38
18.97.14.81 - - [20/May/2025:12:11:21 -0500] "GET /shopdetail/28123588/ HTTP/1.1" 200 21409 "-" "CCBot/2.0 (https://commoncrawl.org/faq/)" mandncleaningservice.com 162.241.194.38
18.97.14.81 - - [20/May/2025:12:11:21 -0500] "GET /shopdetail/28123588/ HTTP/2.0" 200 21409 "-" "CCBot/2.0 (https://commoncrawl.org/faq/)" mandncleaningservice.com 162.241.194.38
66.249.66.11 - - [20/May/2025:12:11:22 -0500] "GET /index.php?53416935.shtml HTTP/1.1" 200 30701 "-" "Mozilla/5.0 (Linux; Android 6.0.1; Nexus 5X Build/MMB29P) AppleWebKit/537.36 (KHTML, like Gecko) Chrome/136.0.7103.113 Mobile Safari/537.36 (compatible; Googlebot/2.1; +http://www.google.com/bot.html)" mandncleaningservice.com 162.241.194.38
66.249.66.11 - - [20/May/2025:12:11:22 -0500] "GET /index.php?53416935.shtml HTTP/1.1" 200 30701 "-" "Mozilla/5.0 (Linux; Android 6.0.1; Nexus 5X Build/MMB29P) AppleWebKit/537.36 (KHTML, like Gecko) Chrome/136.0.7103.113 Mobile Safari/537.36 (compatible; Googlebot/2.1; +http://www.google.com/bot.html)" mandncleaningservice.com 162.241.194.38
157.55.39.55 - - [20/May/2025:12:11:28 -0500] "GET /shopdetail/9873077/ HTTP/1.1" 200 27930 "-" "Mozilla/5.0 AppleWebKit/537.36 (KHTML, like Gecko; compatible; bingbot/2.0; +http://www.bing.com/bingbot.htm) Chrome/116.0.1938.76 Safari/537.36" mandncleaningservice.com 162.241.194.38
157.55.39.55 - - [20/May/2025:12:11:28 -0500] "GET /shopdetail/9873077/ HTTP/2.0" 200 27930 "-" "Mozilla/5.0 AppleWebKit/537.36 (KHTML, like Gecko; compatible; bingbot/2.0; +http://www.bing.com/bingbot.htm) Chrome/116.0.1938.76 Safari/537.36" mandncleaningservice.com 162.241.194.38
66.249.66.11 - - [20/May/2025:12:11:29 -0500] "GET /index.php?shopdetail/23442500/ HTTP/1.1" 200 31539 "-" "Mozilla/5.0 (Linux; Android 6.0.1; Nexus 5X Build/MMB29P) AppleWebKit/537.36 (KHTML, like Gecko) Chrome/136.0.7103.113 Mobile Safari/537.36 (compatible; Googlebot/2.1; +http://www.google.com/bot.html)" mandncleaningservice.com 162.241.194.38
66.249.66.11 - - [20/May/2025:12:11:29 -0500] "GET /index.php?shopdetail/23442500/ HTTP/1.1" 200 31539 "-" "Mozilla/5.0 (Linux; Android 6.0.1; Nexus 5X Build/MMB29P) AppleWebKit/537.36 (KHTML, like Gecko) Chrome/136.0.7103.113 Mobile Safari/537.36 (compatible; Googlebot/2.1; +http://www.google.com/bot.html)" mandncleaningservice.com 162.241.194.38
66.249.66.40 - - [20/May/2025:12:11:31 -0500] "POST /get-message-notify HTTP/1.1" 200 26511 "https://mandncleaningservice.com/index.php?shopdetail/23442500/" "Mozilla/5.0 (Linux; Android 6.0.1; Nexus 5X Build/MMB29P) AppleWebKit/537.36 (KHTML, like Gecko) Chrome/136.0.7103.92 Mobile Safari/537.36 (compatible; Googlebot/2.1; +http://www.google.com/bot.html)" mandncleaningservice.com 162.241.194.38
66.249.66.160 - - [20/May/2025:12:11:33 -0500] "GET /index.php?product/edit/XFZSM1202485 HTTP/1.1" 200 27386 "-" "Mozilla/5.0 (Linux; Android 6.0.1; Nexus 5X Build/MMB29P) AppleWebKit/537.36 (KHTML, like Gecko) Chrome/136.0.7103.113 Mobile Safari/537.36 (compatible; Googlebot/2.1; +http://www.google.com/bot.html)" mandncleaningservice.com 162.241.194.38
66.249.66.160 - - [20/May/2025:12:11:32 -0500] "GET /index.php?product/edit/XFZSM1202485 HTTP/1.1" 200 27386 "-" "Mozilla/5.0 (Linux; Android 6.0.1; Nexus 5X Build/MMB29P) AppleWebKit/537.36 (KHTML, like Gecko) Chrome/136.0.7103.113 Mobile Safari/537.36 (compatible; Googlebot/2.1; +http://www.google.com/bot.html)" mandncleaningservice.com 162.241.194.38
66.249.66.11 - - [20/May/2025:12:11:38 -0500] "GET /index.php?197026882.shtml HTTP/1.1" 200 28859 "-" "Mozilla/5.0 (Linux; Android 6.0.1; Nexus 5X Build/MMB29P) AppleWebKit/537.36 (KHTML, like Gecko) Chrome/136.0.7103.113 Mobile Safari/537.36 (compatible; Googlebot/2.1; +http://www.google.com/bot.html)" mandncleaningservice.com 162.241.194.38
66.249.66.11 - - [20/May/2025:12:11:38 -0500] "GET /index.php?197026882.shtml HTTP/1.1" 200 28859 "-" "Mozilla/5.0 (Linux; Android 6.0.1; Nexus 5X Build/MMB29P) AppleWebKit/537.36 (KHTML, like Gecko) Chrome/136.0.7103.113 Mobile Safari/537.36 (compatible; Googlebot/2.1; +http://www.google.com/bot.html)" mandncleaningservice.com 162.241.194.38
66.249.66.40 - - [20/May/2025:12:11:48 -0500] "GET /index.php?shopdetail/1664755/ HTTP/1.1" 200 26821 "-" "Mozilla/5.0 (Linux; Android 6.0.1; Nexus 5X Build/MMB29P) AppleWebKit/537.36 (KHTML, like Gecko) Chrome/136.0.7103.113 Mobile Safari/537.36 (compatible; Googlebot/2.1; +http://www.google.com/bot.html)" mandncleaningservice.com 162.241.194.38
66.249.66.40 - - [20/May/2025:12:11:48 -0500] "GET /index.php?shopdetail/1664755/ HTTP/1.1" 200 26821 "-" "Mozilla/5.0 (Linux; Android 6.0.1; Nexus 5X Build/MMB29P) AppleWebKit/537.36 (KHTML, like Gecko) Chrome/136.0.7103.113 Mobile Safari/537.36 (compatible; Googlebot/2.1; +http://www.google.com/bot.html)" mandncleaningservice.com 162.241.194.38
18.97.14.81 - - [20/May/2025:12:11:57 -0500] "GET /shopdetail/14515333/ HTTP/1.1" 200 21409 "-" "CCBot/2.0 (https://commoncrawl.org/faq/)" mandncleaningservice.com 162.241.194.38
18.97.14.81 - - [20/May/2025:12:11:57 -0500] "GET /shopdetail/14515333/ HTTP/2.0" 200 21409 "-" "CCBot/2.0 (https://commoncrawl.org/faq/)" mandncleaningservice.com 162.241.194.38
66.249.66.74 - - [20/May/2025:12:12:06 -0500] "GET /index.php?product/edit/XDQ28570809 HTTP/1.1" 200 27382 "-" "Mozilla/5.0 (Linux; Android 6.0.1; Nexus 5X Build/MMB29P) AppleWebKit/537.36 (KHTML, like Gecko) Chrome/136.0.7103.113 Mobile Safari/537.36 (compatible; Googlebot/2.1; +http://www.google.com/bot.html)" mandncleaningservice.com 162.241.194.38
66.249.66.74 - - [20/May/2025:12:12:06 -0500] "GET /index.php?product/edit/XDQ28570809 HTTP/1.1" 200 27382 "-" "Mozilla/5.0 (Linux; Android 6.0.1; Nexus 5X Build/MMB29P) AppleWebKit/537.36 (KHTML, like Gecko) Chrome/136.0.7103.113 Mobile Safari/537.36 (compatible; Googlebot/2.1; +http://www.google.com/bot.html)" mandncleaningservice.com 162.241.194.38
66.249.66.195 - - [20/May/2025:12:12:09 -0500] "POST /get-message-notify HTTP/1.1" 200 26511 "https://mandncleaningservice.com/index.php?product/edit/XDQ28570809" "Mozilla/5.0 (Linux; Android 6.0.1; Nexus 5X Build/MMB29P) AppleWebKit/537.36 (KHTML, like Gecko) Chrome/136.0.7103.92 Mobile Safari/537.36 (compatible; Googlebot/2.1; +http://www.google.com/bot.html)" mandncleaningservice.com 162.241.194.38
66.249.66.40 - - [20/May/2025:12:12:12 -0500] "POST /get-message-notify HTTP/1.1" 200 26511 "https://mandncleaningservice.com/index.php?product/edit/XFZSM1202485" "Mozilla/5.0 (Linux; Android 6.0.1; Nexus 5X Build/MMB29P) AppleWebKit/537.36 (KHTML, like Gecko) Chrome/136.0.7103.92 Mobile Safari/537.36 (compatible; Googlebot/2.1; +http://www.google.com/bot.html)" mandncleaningservice.com 162.241.194.38
66.249.66.74 - - [20/May/2025:12:12:12 -0500] "GET /index.php?651259167.shtml HTTP/1.1" 200 30629 "-" "Mozilla/5.0 (Linux; Android 6.0.1; Nexus 5X Build/MMB29P) AppleWebKit/537.36 (KHTML, like Gecko) Chrome/136.0.7103.92 Mobile Safari/537.36 (compatible; Googlebot/2.1; +http://www.google.com/bot.html)" mandncleaningservice.com 162.241.194.38
66.249.66.74 - - [20/May/2025:12:12:12 -0500] "GET /index.php?651259167.shtml HTTP/1.1" 200 30629 "-" "Mozilla/5.0 (Linux; Android 6.0.1; Nexus 5X Build/MMB29P) AppleWebKit/537.36 (KHTML, like Gecko) Chrome/136.0.7103.92 Mobile Safari/537.36 (compatible; Googlebot/2.1; +http://www.google.com/bot.html)" mandncleaningservice.com 162.241.194.38
66.249.66.74 - - [20/May/2025:12:12:33 -0500] "GET /index.php?shopdetail/29503644/ HTTP/1.1" 200 30585 "-" "Mozilla/5.0 (Linux; Android 6.0.1; Nexus 5X Build/MMB29P) AppleWebKit/537.36 (KHTML, like Gecko) Chrome/136.0.7103.113 Mobile Safari/537.36 (compatible; Googlebot/2.1; +http://www.google.com/bot.html)" mandncleaningservice.com 162.241.194.38
66.249.66.74 - - [20/May/2025:12:12:33 -0500] "GET /index.php?shopdetail/29503644/ HTTP/1.1" 200 30585 "-" "Mozilla/5.0 (Linux; Android 6.0.1; Nexus 5X Build/MMB29P) AppleWebKit/537.36 (KHTML, like Gecko) Chrome/136.0.7103.113 Mobile Safari/537.36 (compatible; Googlebot/2.1; +http://www.google.com/bot.html)" mandncleaningservice.com 162.241.194.38
66.249.66.74 - - [20/May/2025:12:12:43 -0500] "GET /index.php?326356329.shtml HTTP/1.1" 200 27173 "-" "Mozilla/5.0 (Linux; Android 6.0.1; Nexus 5X Build/MMB29P) AppleWebKit/537.36 (KHTML, like Gecko) Chrome/136.0.7103.113 Mobile Safari/537.36 (compatible; Googlebot/2.1; +http://www.google.com/bot.html)" mandncleaningservice.com 162.241.194.38
66.249.66.74 - - [20/May/2025:12:12:43 -0500] "GET /index.php?326356329.shtml HTTP/1.1" 200 27173 "-" "Mozilla/5.0 (Linux; Android 6.0.1; Nexus 5X Build/MMB29P) AppleWebKit/537.36 (KHTML, like Gecko) Chrome/136.0.7103.113 Mobile Safari/537.36 (compatible; Googlebot/2.1; +http://www.google.com/bot.html)" mandncleaningservice.com 162.241.194.38
66.249.66.40 - - [20/May/2025:12:12:44 -0500] "GET /index.php?product/edit/KHA88266694 HTTP/1.1" 200 27381 "-" "Mozilla/5.0 (Linux; Android 6.0.1; Nexus 5X Build/MMB29P) AppleWebKit/537.36 (KHTML, like Gecko) Chrome/136.0.7103.113 Mobile Safari/537.36 (compatible; Googlebot/2.1; +http://www.google.com/bot.html)" mandncleaningservice.com 162.241.194.38
66.249.66.40 - - [20/May/2025:12:12:44 -0500] "GET /index.php?product/edit/KHA88266694 HTTP/1.1" 200 27381 "-" "Mozilla/5.0 (Linux; Android 6.0.1; Nexus 5X Build/MMB29P) AppleWebKit/537.36 (KHTML, like Gecko) Chrome/136.0.7103.113 Mobile Safari/537.36 (compatible; Googlebot/2.1; +http://www.google.com/bot.html)" mandncleaningservice.com 162.241.194.38
157.55.39.55 - - [20/May/2025:12:13:29 -0500] "GET /shopdetail/10655800/ HTTP/1.1" 200 26454 "-" "Mozilla/5.0 AppleWebKit/537.36 (KHTML, like Gecko; compatible; bingbot/2.0; +http://www.bing.com/bingbot.htm) Chrome/116.0.1938.76 Safari/537.36" mandncleaningservice.com 162.241.194.38
157.55.39.55 - - [20/May/2025:12:13:29 -0500] "GET /shopdetail/10655800/ HTTP/2.0" 200 26454 "-" "Mozilla/5.0 AppleWebKit/537.36 (KHTML, like Gecko; compatible; bingbot/2.0; +http://www.bing.com/bingbot.htm) Chrome/116.0.1938.76 Safari/537.36" mandncleaningservice.com 162.241.194.38
207.46.13.9 - - [20/May/2025:12:13:37 -0500] "GET /shopdetail/25177022/ HTTP/1.1" 200 27255 "-" "Mozilla/5.0 AppleWebKit/537.36 (KHTML, like Gecko; compatible; bingbot/2.0; +http://www.bing.com/bingbot.htm) Chrome/116.0.1938.76 Safari/537.36" mandncleaningservice.com 162.241.194.38
207.46.13.9 - - [20/May/2025:12:13:37 -0500] "GET /shopdetail/25177022/ HTTP/2.0" 200 27255 "-" "Mozilla/5.0 AppleWebKit/537.36 (KHTML, like Gecko; compatible; bingbot/2.0; +http://www.bing.com/bingbot.htm) Chrome/116.0.1938.76 Safari/537.36" mandncleaningservice.com 162.241.194.38
66.249.66.41 - - [20/May/2025:12:13:41 -0500] "GET /index.php?product/edit/NCMPK3478172 HTTP/1.1" 200 27386 "-" "Mozilla/5.0 (Linux; Android 6.0.1; Nexus 5X Build/MMB29P) AppleWebKit/537.36 (KHTML, like Gecko) Chrome/136.0.7103.113 Mobile Safari/537.36 (compatible; Googlebot/2.1; +http://www.google.com/bot.html)" mandncleaningservice.com 162.241.194.38
66.249.66.41 - - [20/May/2025:12:13:41 -0500] "GET /index.php?product/edit/NCMPK3478172 HTTP/1.1" 200 27386 "-" "Mozilla/5.0 (Linux; Android 6.0.1; Nexus 5X Build/MMB29P) AppleWebKit/537.36 (KHTML, like Gecko) Chrome/136.0.7103.113 Mobile Safari/537.36 (compatible; Googlebot/2.1; +http://www.google.com/bot.html)" mandncleaningservice.com 162.241.194.38
66.249.66.162 - - [20/May/2025:12:13:44 -0500] "POST /get-message-notify HTTP/1.1" 200 26511 "https://mandncleaningservice.com/index.php?product/edit/NCMPK3478172" "Mozilla/5.0 (Linux; Android 6.0.1; Nexus 5X Build/MMB29P) AppleWebKit/537.36 (KHTML, like Gecko) Chrome/136.0.7103.92 Mobile Safari/537.36 (compatible; Googlebot/2.1; +http://www.google.com/bot.html)" mandncleaningservice.com 162.241.194.38
57.141.6.26 - - [20/May/2025:12:13:49 -0500] "GET /shopdetail/27461233/images/mandncleaning.mp4 HTTP/2.0" 200 68351 "-" "meta-externalagent/1.1 (+https://developers.facebook.com/docs/sharing/webmasters/crawler)" mandncleaningservice.com 162.241.194.38
57.141.6.9 - - [20/May/2025:12:13:50 -0500] "GET /shopdetail/23855644/images/mandncleaning.mp4 HTTP/2.0" 200 68351 "-" "meta-externalagent/1.1 (+https://developers.facebook.com/docs/sharing/webmasters/crawler)" mandncleaningservice.com 162.241.194.38
57.141.6.31 - - [20/May/2025:12:13:54 -0500] "GET /shopdetail/25441044/ HTTP/1.1" 200 68351 "-" "meta-externalagent/1.1 (+https://developers.facebook.com/docs/sharing/webmasters/crawler)" mandncleaningservice.com 162.241.194.38
57.141.6.31 - - [20/May/2025:12:13:54 -0500] "GET /shopdetail/25441044/ HTTP/2.0" 200 68351 "-" "meta-externalagent/1.1 (+https://developers.facebook.com/docs/sharing/webmasters/crawler)" mandncleaningservice.com 162.241.194.38
57.141.6.1 - - [20/May/2025:12:14:01 -0500] "GET /shopdetail/17723455/ HTTP/1.1" 200 68351 "-" "meta-externalagent/1.1 (+https://developers.facebook.com/docs/sharing/webmasters/crawler)" mandncleaningservice.com 162.241.194.38
57.141.6.1 - - [20/May/2025:12:14:01 -0500] "GET /shopdetail/17723455/ HTTP/2.0" 200 68351 "-" "meta-externalagent/1.1 (+https://developers.facebook.com/docs/sharing/webmasters/crawler)" mandncleaningservice.com 162.241.194.38
66.249.66.42 - - [20/May/2025:12:14:08 -0500] "GET /index.php?shopdetail/27345700/ HTTP/1.1" 200 28525 "-" "Mozilla/5.0 (Linux; Android 6.0.1; Nexus 5X Build/MMB29P) AppleWebKit/537.36 (KHTML, like Gecko) Chrome/136.0.7103.113 Mobile Safari/537.36 (compatible; Googlebot/2.1; +http://www.google.com/bot.html)" mandncleaningservice.com 162.241.194.38
66.249.66.42 - - [20/May/2025:12:14:08 -0500] "GET /index.php?shopdetail/27345700/ HTTP/1.1" 200 28525 "-" "Mozilla/5.0 (Linux; Android 6.0.1; Nexus 5X Build/MMB29P) AppleWebKit/537.36 (KHTML, like Gecko) Chrome/136.0.7103.113 Mobile Safari/537.36 (compatible; Googlebot/2.1; +http://www.google.com/bot.html)" mandncleaningservice.com 162.241.194.38
66.249.66.12 - - [20/May/2025:12:14:26 -0500] "GET /index.php?369747586.shtml HTTP/1.1" 200 27401 "-" "Mozilla/5.0 (Linux; Android 6.0.1; Nexus 5X Build/MMB29P) AppleWebKit/537.36 (KHTML, like Gecko) Chrome/136.0.7103.113 Mobile Safari/537.36 (compatible; Googlebot/2.1; +http://www.google.com/bot.html)" mandncleaningservice.com 162.241.194.38
66.249.66.12 - - [20/May/2025:12:14:26 -0500] "GET /index.php?369747586.shtml HTTP/1.1" 200 27401 "-" "Mozilla/5.0 (Linux; Android 6.0.1; Nexus 5X Build/MMB29P) AppleWebKit/537.36 (KHTML, like Gecko) Chrome/136.0.7103.113 Mobile Safari/537.36 (compatible; Googlebot/2.1; +http://www.google.com/bot.html)" mandncleaningservice.com 162.241.194.38
207.46.13.9 - - [20/May/2025:12:14:27 -0500] "GET /shopdetail/9895144/ HTTP/1.1" 200 26391 "-" "Mozilla/5.0 AppleWebKit/537.36 (KHTML, like Gecko; compatible; bingbot/2.0; +http://www.bing.com/bingbot.htm) Chrome/116.0.1938.76 Safari/537.36" mandncleaningservice.com 162.241.194.38
207.46.13.9 - - [20/May/2025:12:14:27 -0500] "GET /shopdetail/9895144/ HTTP/2.0" 200 26391 "-" "Mozilla/5.0 AppleWebKit/537.36 (KHTML, like Gecko; compatible; bingbot/2.0; +http://www.bing.com/bingbot.htm) Chrome/116.0.1938.76 Safari/537.36" mandncleaningservice.com 162.241.194.38
207.46.13.9 - - [20/May/2025:12:14:27 -0500] "GET /shopdetail/11305999/ HTTP/1.1" 200 26200 "-" "Mozilla/5.0 AppleWebKit/537.36 (KHTML, like Gecko; compatible; bingbot/2.0; +http://www.bing.com/bingbot.htm) Chrome/116.0.1938.76 Safari/537.36" mandncleaningservice.com 162.241.194.38
207.46.13.9 - - [20/May/2025:12:14:27 -0500] "GET /shopdetail/11305999/ HTTP/2.0" 200 26200 "-" "Mozilla/5.0 AppleWebKit/537.36 (KHTML, like Gecko; compatible; bingbot/2.0; +http://www.bing.com/bingbot.htm) Chrome/116.0.1938.76 Safari/537.36" mandncleaningservice.com 162.241.194.38
52.167.144.228 - - [20/May/2025:12:14:34 -0500] "GET /shopdetail/9442411/ HTTP/1.1" 200 28353 "-" "Mozilla/5.0 AppleWebKit/537.36 (KHTML, like Gecko; compatible; bingbot/2.0; +http://www.bing.com/bingbot.htm) Chrome/116.0.1938.76 Safari/537.36" mandncleaningservice.com 162.241.194.38
52.167.144.228 - - [20/May/2025:12:14:34 -0500] "GET /shopdetail/9442411/ HTTP/2.0" 200 28353 "-" "Mozilla/5.0 AppleWebKit/537.36 (KHTML, like Gecko; compatible; bingbot/2.0; +http://www.bing.com/bingbot.htm) Chrome/116.0.1938.76 Safari/537.36" mandncleaningservice.com 162.241.194.38
18.97.14.81 - - [20/May/2025:12:14:48 -0500] "GET /shopdetail/17308333/ HTTP/1.1" 200 21409 "-" "CCBot/2.0 (https://commoncrawl.org/faq/)" mandncleaningservice.com 162.241.194.38
18.97.14.81 - - [20/May/2025:12:14:48 -0500] "GET /shopdetail/17308333/ HTTP/2.0" 200 21409 "-" "CCBot/2.0 (https://commoncrawl.org/faq/)" mandncleaningservice.com 162.241.194.38
66.249.66.40 - - [20/May/2025:12:14:49 -0500] "GET /index.php?651259167.shtml HTTP/1.1" 200 30629 "-" "Mozilla/5.0 (Linux; Android 6.0.1; Nexus 5X Build/MMB29P) AppleWebKit/537.36 (KHTML, like Gecko) Chrome/136.0.7103.92 Mobile Safari/537.36 (compatible; Googlebot/2.1; +http://www.google.com/bot.html)" mandncleaningservice.com 162.241.194.38
66.249.66.40 - - [20/May/2025:12:14:49 -0500] "GET /index.php?651259167.shtml HTTP/1.1" 200 30629 "-" "Mozilla/5.0 (Linux; Android 6.0.1; Nexus 5X Build/MMB29P) AppleWebKit/537.36 (KHTML, like Gecko) Chrome/136.0.7103.92 Mobile Safari/537.36 (compatible; Googlebot/2.1; +http://www.google.com/bot.html)" mandncleaningservice.com 162.241.194.38
66.249.66.13 - - [20/May/2025:12:15:12 -0500] "GET /index.php?product/edit/WVNX282586899 HTTP/1.1" 200 27394 "-" "Mozilla/5.0 (Linux; Android 6.0.1; Nexus 5X Build/MMB29P) AppleWebKit/537.36 (KHTML, like Gecko) Chrome/136.0.7103.113 Mobile Safari/537.36 (compatible; Googlebot/2.1; +http://www.google.com/bot.html)" mandncleaningservice.com 162.241.194.38
66.249.66.13 - - [20/May/2025:12:15:12 -0500] "GET /index.php?product/edit/WVNX282586899 HTTP/1.1" 200 27394 "-" "Mozilla/5.0 (Linux; Android 6.0.1; Nexus 5X Build/MMB29P) AppleWebKit/537.36 (KHTML, like Gecko) Chrome/136.0.7103.113 Mobile Safari/537.36 (compatible; Googlebot/2.1; +http://www.google.com/bot.html)" mandncleaningservice.com 162.241.194.38
66.249.66.161 - - [20/May/2025:12:15:21 -0500] "GET /index.php?shopdetail/7217844/ HTTP/1.1" 200 30097 "-" "Mozilla/5.0 (Linux; Android 6.0.1; Nexus 5X Build/MMB29P) AppleWebKit/537.36 (KHTML, like Gecko) Chrome/136.0.7103.113 Mobile Safari/537.36 (compatible; Googlebot/2.1; +http://www.google.com/bot.html)" mandncleaningservice.com 162.241.194.38
66.249.66.161 - - [20/May/2025:12:15:21 -0500] "GET /index.php?shopdetail/7217844/ HTTP/1.1" 200 30097 "-" "Mozilla/5.0 (Linux; Android 6.0.1; Nexus 5X Build/MMB29P) AppleWebKit/537.36 (KHTML, like Gecko) Chrome/136.0.7103.113 Mobile Safari/537.36 (compatible; Googlebot/2.1; +http://www.google.com/bot.html)" mandncleaningservice.com 162.241.194.38
18.97.14.81 - - [20/May/2025:12:15:24 -0500] "GET /shopdetail/2466988/ HTTP/1.1" 200 21409 "-" "CCBot/2.0 (https://commoncrawl.org/faq/)" mandncleaningservice.com 162.241.194.38
18.97.14.81 - - [20/May/2025:12:15:24 -0500] "GET /shopdetail/2466988/ HTTP/2.0" 200 21409 "-" "CCBot/2.0 (https://commoncrawl.org/faq/)" mandncleaningservice.com 162.241.194.38
66.249.66.160 - - [20/May/2025:12:15:24 -0500] "POST /get-message-notify HTTP/1.1" 200 26511 "https://mandncleaningservice.com/index.php?shopdetail/7217844/" "Mozilla/5.0 (Linux; Android 6.0.1; Nexus 5X Build/MMB29P) AppleWebKit/537.36 (KHTML, like Gecko) Chrome/136.0.7103.92 Mobile Safari/537.36 (compatible; Googlebot/2.1; +http://www.google.com/bot.html)" mandncleaningservice.com 162.241.194.38
66.249.66.74 - - [20/May/2025:12:15:39 -0500] "GET /index.php?shopdetail/11964511/ HTTP/1.1" 200 30381 "-" "Mozilla/5.0 (Linux; Android 6.0.1; Nexus 5X Build/MMB29P) AppleWebKit/537.36 (KHTML, like Gecko) Chrome/136.0.7103.113 Mobile Safari/537.36 (compatible; Googlebot/2.1; +http://www.google.com/bot.html)" mandncleaningservice.com 162.241.194.38
66.249.66.74 - - [20/May/2025:12:15:39 -0500] "GET /index.php?shopdetail/11964511/ HTTP/1.1" 200 30381 "-" "Mozilla/5.0 (Linux; Android 6.0.1; Nexus 5X Build/MMB29P) AppleWebKit/537.36 (KHTML, like Gecko) Chrome/136.0.7103.113 Mobile Safari/537.36 (compatible; Googlebot/2.1; +http://www.google.com/bot.html)" mandncleaningservice.com 162.241.194.38
66.249.66.11 - - [20/May/2025:12:15:51 -0500] "GET /index.php?235365546.shtml HTTP/1.1" 200 27035 "-" "Mozilla/5.0 (Linux; Android 6.0.1; Nexus 5X Build/MMB29P) AppleWebKit/537.36 (KHTML, like Gecko) Chrome/136.0.7103.113 Mobile Safari/537.36 (compatible; Googlebot/2.1; +http://www.google.com/bot.html)" mandncleaningservice.com 162.241.194.38
66.249.66.11 - - [20/May/2025:12:15:51 -0500] "GET /index.php?235365546.shtml HTTP/1.1" 200 27035 "-" "Mozilla/5.0 (Linux; Android 6.0.1; Nexus 5X Build/MMB29P) AppleWebKit/537.36 (KHTML, like Gecko) Chrome/136.0.7103.113 Mobile Safari/537.36 (compatible; Googlebot/2.1; +http://www.google.com/bot.html)" mandncleaningservice.com 162.241.194.38
66.249.66.160 - - [20/May/2025:12:15:53 -0500] "POST /get-message-notify HTTP/1.1" 200 26511 "https://mandncleaningservice.com/index.php?235365546.shtml" "Mozilla/5.0 (Linux; Android 6.0.1; Nexus 5X Build/MMB29P) AppleWebKit/537.36 (KHTML, like Gecko) Chrome/136.0.7103.92 Mobile Safari/537.36 (compatible; Googlebot/2.1; +http://www.google.com/bot.html)" mandncleaningservice.com 162.241.194.38
18.97.14.81 - - [20/May/2025:12:15:58 -0500] "GET /shopdetail/5054788/ HTTP/1.1" 200 21409 "-" "CCBot/2.0 (https://commoncrawl.org/faq/)" mandncleaningservice.com 162.241.194.38
18.97.14.81 - - [20/May/2025:12:15:58 -0500] "GET /shopdetail/5054788/ HTTP/2.0" 200 21409 "-" "CCBot/2.0 (https://commoncrawl.org/faq/)" mandncleaningservice.com 162.241.194.38
66.249.66.12 - - [20/May/2025:12:16:32 -0500] "GET /index.php?product/edit/ZKJIE97291326 HTTP/1.1" 200 27396 "-" "Mozilla/5.0 (Linux; Android 6.0.1; Nexus 5X Build/MMB29P) AppleWebKit/537.36 (KHTML, like Gecko) Chrome/136.0.7103.113 Mobile Safari/537.36 (compatible; Googlebot/2.1; +http://www.google.com/bot.html)" mandncleaningservice.com 162.241.194.38
66.249.66.12 - - [20/May/2025:12:16:32 -0500] "GET /index.php?product/edit/ZKJIE97291326 HTTP/1.1" 200 27396 "-" "Mozilla/5.0 (Linux; Android 6.0.1; Nexus 5X Build/MMB29P) AppleWebKit/537.36 (KHTML, like Gecko) Chrome/136.0.7103.113 Mobile Safari/537.36 (compatible; Googlebot/2.1; +http://www.google.com/bot.html)" mandncleaningservice.com 162.241.194.38
18.97.14.81 - - [20/May/2025:12:16:34 -0500] "GET /shopdetail/29753788/ HTTP/1.1" 200 21409 "-" "CCBot/2.0 (https://commoncrawl.org/faq/)" mandncleaningservice.com 162.241.194.38
18.97.14.81 - - [20/May/2025:12:16:34 -0500] "GET /shopdetail/29753788/ HTTP/2.0" 200 21409 "-" "CCBot/2.0 (https://commoncrawl.org/faq/)" mandncleaningservice.com 162.241.194.38
57.141.6.17 - - [20/May/2025:12:16:35 -0500] "GET /shopdetail/4572744/images/mandncleaning.mp4 HTTP/2.0" 200 68351 "-" "meta-externalagent/1.1 (+https://developers.facebook.com/docs/sharing/webmasters/crawler)" mandncleaningservice.com 162.241.194.38
57.141.6.18 - - [20/May/2025:12:16:36 -0500] "GET /shopdetail/12283777/images/mandncleaning.mp4 HTTP/2.0" 200 68351 "-" "meta-externalagent/1.1 (+https://developers.facebook.com/docs/sharing/webmasters/crawler)" mandncleaningservice.com 162.241.194.38
66.249.66.160 - - [20/May/2025:12:16:41 -0500] "GET /index.php?product/edit/SKYR2146051 HTTP/1.1" 200 27381 "-" "Mozilla/5.0 (Linux; Android 6.0.1; Nexus 5X Build/MMB29P) AppleWebKit/537.36 (KHTML, like Gecko) Chrome/136.0.7103.113 Mobile Safari/537.36 (compatible; Googlebot/2.1; +http://www.google.com/bot.html)" mandncleaningservice.com 162.241.194.38
66.249.66.160 - - [20/May/2025:12:16:41 -0500] "GET /index.php?product/edit/SKYR2146051 HTTP/1.1" 200 27381 "-" "Mozilla/5.0 (Linux; Android 6.0.1; Nexus 5X Build/MMB29P) AppleWebKit/537.36 (KHTML, like Gecko) Chrome/136.0.7103.113 Mobile Safari/537.36 (compatible; Googlebot/2.1; +http://www.google.com/bot.html)" mandncleaningservice.com 162.241.194.38
66.249.66.40 - - [20/May/2025:12:16:46 -0500] "POST /get-message-notify HTTP/1.1" 200 26511 "https://mandncleaningservice.com/index.php?product/edit/ZKJIE97291326" "Mozilla/5.0 (Linux; Android 6.0.1; Nexus 5X Build/MMB29P) AppleWebKit/537.36 (KHTML, like Gecko) Chrome/136.0.7103.92 Mobile Safari/537.36 (compatible; Googlebot/2.1; +http://www.google.com/bot.html)" mandncleaningservice.com 162.241.194.38
57.141.6.11 - - [20/May/2025:12:16:47 -0500] "GET /shopdetail/1385411/ HTTP/1.1" 200 68351 "-" "meta-externalagent/1.1 (+https://developers.facebook.com/docs/sharing/webmasters/crawler)" mandncleaningservice.com 162.241.194.38
57.141.6.11 - - [20/May/2025:12:16:47 -0500] "GET /shopdetail/1385411/ HTTP/2.0" 200 68351 "-" "meta-externalagent/1.1 (+https://developers.facebook.com/docs/sharing/webmasters/crawler)" mandncleaningservice.com 162.241.194.38
66.249.66.160 - - [20/May/2025:12:16:49 -0500] "GET /index.php?shopdetail/25657099/ HTTP/1.1" 200 30466 "-" "Mozilla/5.0 (Linux; Android 6.0.1; Nexus 5X Build/MMB29P) AppleWebKit/537.36 (KHTML, like Gecko) Chrome/136.0.7103.113 Mobile Safari/537.36 (compatible; Googlebot/2.1; +http://www.google.com/bot.html)" mandncleaningservice.com 162.241.194.38
66.249.66.160 - - [20/May/2025:12:16:49 -0500] "GET /index.php?shopdetail/25657099/ HTTP/1.1" 200 30466 "-" "Mozilla/5.0 (Linux; Android 6.0.1; Nexus 5X Build/MMB29P) AppleWebKit/537.36 (KHTML, like Gecko) Chrome/136.0.7103.113 Mobile Safari/537.36 (compatible; Googlebot/2.1; +http://www.google.com/bot.html)" mandncleaningservice.com 162.241.194.38
57.141.6.24 - - [20/May/2025:12:16:51 -0500] "GET /shopdetail/22946144/ HTTP/1.1" 200 68351 "-" "meta-externalagent/1.1 (+https://developers.facebook.com/docs/sharing/webmasters/crawler)" mandncleaningservice.com 162.241.194.38
57.141.6.24 - - [20/May/2025:12:16:51 -0500] "GET /shopdetail/22946144/ HTTP/2.0" 200 68351 "-" "meta-externalagent/1.1 (+https://developers.facebook.com/docs/sharing/webmasters/crawler)" mandncleaningservice.com 162.241.194.38
66.249.66.76 - - [20/May/2025:12:17:03 -0500] "GET /index.php?shopdetail/10770822/ HTTP/1.1" 200 30375 "-" "Mozilla/5.0 (Linux; Android 6.0.1; Nexus 5X Build/MMB29P) AppleWebKit/537.36 (KHTML, like Gecko) Chrome/136.0.7103.113 Mobile Safari/537.36 (compatible; Googlebot/2.1; +http://www.google.com/bot.html)" mandncleaningservice.com 162.241.194.38
66.249.66.76 - - [20/May/2025:12:17:03 -0500] "GET /index.php?shopdetail/10770822/ HTTP/1.1" 200 30375 "-" "Mozilla/5.0 (Linux; Android 6.0.1; Nexus 5X Build/MMB29P) AppleWebKit/537.36 (KHTML, like Gecko) Chrome/136.0.7103.113 Mobile Safari/537.36 (compatible; Googlebot/2.1; +http://www.google.com/bot.html)" mandncleaningservice.com 162.241.194.38
66.249.66.160 - - [20/May/2025:12:17:04 -0500] "GET /index.php?product/edit/ODIC57664705 HTTP/1.1" 200 27385 "-" "Mozilla/5.0 (Linux; Android 6.0.1; Nexus 5X Build/MMB29P) AppleWebKit/537.36 (KHTML, like Gecko) Chrome/136.0.7103.113 Mobile Safari/537.36 (compatible; Googlebot/2.1; +http://www.google.com/bot.html)" mandncleaningservice.com 162.241.194.38
66.249.66.160 - - [20/May/2025:12:17:03 -0500] "GET /index.php?product/edit/ODIC57664705 HTTP/1.1" 200 27385 "-" "Mozilla/5.0 (Linux; Android 6.0.1; Nexus 5X Build/MMB29P) AppleWebKit/537.36 (KHTML, like Gecko) Chrome/136.0.7103.113 Mobile Safari/537.36 (compatible; Googlebot/2.1; +http://www.google.com/bot.html)" mandncleaningservice.com 162.241.194.38
207.46.13.9 - - [20/May/2025:12:17:07 -0500] "GET /shopdetail/9438911/ HTTP/1.1" 200 26865 "-" "Mozilla/5.0 AppleWebKit/537.36 (KHTML, like Gecko; compatible; bingbot/2.0; +http://www.bing.com/bingbot.htm) Chrome/116.0.1938.76 Safari/537.36" mandncleaningservice.com 162.241.194.38
207.46.13.9 - - [20/May/2025:12:17:07 -0500] "GET /shopdetail/9438911/ HTTP/2.0" 200 26865 "-" "Mozilla/5.0 AppleWebKit/537.36 (KHTML, like Gecko; compatible; bingbot/2.0; +http://www.bing.com/bingbot.htm) Chrome/116.0.1938.76 Safari/537.36" mandncleaningservice.com 162.241.194.38
207.46.13.9 - - [20/May/2025:12:17:08 -0500] "GET /shopdetail/29550000/ HTTP/1.1" 200 29101 "-" "Mozilla/5.0 AppleWebKit/537.36 (KHTML, like Gecko; compatible; bingbot/2.0; +http://www.bing.com/bingbot.htm) Chrome/116.0.1938.76 Safari/537.36" mandncleaningservice.com 162.241.194.38
207.46.13.9 - - [20/May/2025:12:17:08 -0500] "GET /shopdetail/29550000/ HTTP/2.0" 200 29101 "-" "Mozilla/5.0 AppleWebKit/537.36 (KHTML, like Gecko; compatible; bingbot/2.0; +http://www.bing.com/bingbot.htm) Chrome/116.0.1938.76 Safari/537.36" mandncleaningservice.com 162.241.194.38
18.97.14.81 - - [20/May/2025:12:17:10 -0500] "GET /shopdetail/6149188/ HTTP/1.1" 200 21409 "-" "CCBot/2.0 (https://commoncrawl.org/faq/)" mandncleaningservice.com 162.241.194.38
18.97.14.81 - - [20/May/2025:12:17:09 -0500] "GET /shopdetail/6149188/ HTTP/2.0" 200 21409 "-" "CCBot/2.0 (https://commoncrawl.org/faq/)" mandncleaningservice.com 162.241.194.38
66.249.66.12 - - [20/May/2025:12:17:13 -0500] "GET /index.php?16250793.shtml HTTP/1.1" 200 28975 "-" "Mozilla/5.0 (Linux; Android 6.0.1; Nexus 5X Build/MMB29P) AppleWebKit/537.36 (KHTML, like Gecko) Chrome/136.0.7103.113 Mobile Safari/537.36 (compatible; Googlebot/2.1; +http://www.google.com/bot.html)" mandncleaningservice.com 162.241.194.38
66.249.66.12 - - [20/May/2025:12:17:13 -0500] "GET /index.php?16250793.shtml HTTP/1.1" 200 28975 "-" "Mozilla/5.0 (Linux; Android 6.0.1; Nexus 5X Build/MMB29P) AppleWebKit/537.36 (KHTML, like Gecko) Chrome/136.0.7103.113 Mobile Safari/537.36 (compatible; Googlebot/2.1; +http://www.google.com/bot.html)" mandncleaningservice.com 162.241.194.38
66.249.66.75 - - [20/May/2025:12:17:13 -0500] "GET /index.php?shopdetail/7187855/ HTTP/1.1" 200 25858 "-" "Mozilla/5.0 (Linux; Android 6.0.1; Nexus 5X Build/MMB29P) AppleWebKit/537.36 (KHTML, like Gecko) Chrome/136.0.7103.113 Mobile Safari/537.36 (compatible; Googlebot/2.1; +http://www.google.com/bot.html)" mandncleaningservice.com 162.241.194.38
66.249.66.75 - - [20/May/2025:12:17:13 -0500] "GET /index.php?shopdetail/7187855/ HTTP/1.1" 200 25858 "-" "Mozilla/5.0 (Linux; Android 6.0.1; Nexus 5X Build/MMB29P) AppleWebKit/537.36 (KHTML, like Gecko) Chrome/136.0.7103.113 Mobile Safari/537.36 (compatible; Googlebot/2.1; +http://www.google.com/bot.html)" mandncleaningservice.com 162.241.194.38
52.167.144.228 - - [20/May/2025:12:17:25 -0500] "GET /shopdetail/9816166/ HTTP/1.1" 200 30195 "-" "Mozilla/5.0 AppleWebKit/537.36 (KHTML, like Gecko; compatible; bingbot/2.0; +http://www.bing.com/bingbot.htm) Chrome/116.0.1938.76 Safari/537.36" mandncleaningservice.com 162.241.194.38
52.167.144.228 - - [20/May/2025:12:17:25 -0500] "GET /shopdetail/9816166/ HTTP/2.0" 200 30195 "-" "Mozilla/5.0 AppleWebKit/537.36 (KHTML, like Gecko; compatible; bingbot/2.0; +http://www.bing.com/bingbot.htm) Chrome/116.0.1938.76 Safari/537.36" mandncleaningservice.com 162.241.194.38
18.97.14.81 - - [20/May/2025:12:17:47 -0500] "GET /shopdetail/10833133/ HTTP/1.1" 200 21409 "-" "CCBot/2.0 (https://commoncrawl.org/faq/)" mandncleaningservice.com 162.241.194.38
18.97.14.81 - - [20/May/2025:12:17:47 -0500] "GET /shopdetail/10833133/ HTTP/2.0" 200 21409 "-" "CCBot/2.0 (https://commoncrawl.org/faq/)" mandncleaningservice.com 162.241.194.38
66.249.66.11 - - [20/May/2025:12:17:49 -0500] "GET /index.php?product/edit/CYV112117698 HTTP/1.1" 200 27383 "-" "Mozilla/5.0 (Linux; Android 6.0.1; Nexus 5X Build/MMB29P) AppleWebKit/537.36 (KHTML, like Gecko) Chrome/136.0.7103.113 Mobile Safari/537.36 (compatible; Googlebot/2.1; +http://www.google.com/bot.html)" mandncleaningservice.com 162.241.194.38
66.249.66.11 - - [20/May/2025:12:17:49 -0500] "GET /index.php?product/edit/CYV112117698 HTTP/1.1" 200 27383 "-" "Mozilla/5.0 (Linux; Android 6.0.1; Nexus 5X Build/MMB29P) AppleWebKit/537.36 (KHTML, like Gecko) Chrome/136.0.7103.113 Mobile Safari/537.36 (compatible; Googlebot/2.1; +http://www.google.com/bot.html)" mandncleaningservice.com 162.241.194.38
195.82.146.211 - - [20/May/2025:12:18:02 -0500] "GET /contact-us-get-in-touch-with-our-cleaning-professionals-today HTTP/1.1" 200 68351 "https://mandncleaningservice.com/contact-us-get-in-touch-with-our-cleaning-professionals-today" "Mozilla/5.0 (Windows NT 10.0; Win64; x64) AppleWebKit/537.36 (KHTML, like Gecko) Chrome/131.0.0.0 Safari/537.36" mandncleaningservice.com 162.241.194.38
195.82.146.211 - - [20/May/2025:12:18:02 -0500] "GET /contact-us-get-in-touch-with-our-cleaning-professionals-today HTTP/1.0" 200 68351 "https://mandncleaningservice.com/contact-us-get-in-touch-with-our-cleaning-professionals-today" "Mozilla/5.0 (Windows NT 10.0; Win64; x64) AppleWebKit/537.36 (KHTML, like Gecko) Chrome/131.0.0.0 Safari/537.36" mandncleaningservice.com 162.241.194.38
66.249.66.162 - - [20/May/2025:12:18:07 -0500] "GET /index.php?shopdetail/20127577/ HTTP/1.1" 200 27742 "-" "Mozilla/5.0 (Linux; Android 6.0.1; Nexus 5X Build/MMB29P) AppleWebKit/537.36 (KHTML, like Gecko) Chrome/136.0.7103.113 Mobile Safari/537.36 (compatible; Googlebot/2.1; +http://www.google.com/bot.html)" mandncleaningservice.com 162.241.194.38
66.249.66.162 - - [20/May/2025:12:18:07 -0500] "GET /index.php?shopdetail/20127577/ HTTP/1.1" 200 27742 "-" "Mozilla/5.0 (Linux; Android 6.0.1; Nexus 5X Build/MMB29P) AppleWebKit/537.36 (KHTML, like Gecko) Chrome/136.0.7103.113 Mobile Safari/537.36 (compatible; Googlebot/2.1; +http://www.google.com/bot.html)" mandncleaningservice.com 162.241.194.38
66.249.66.41 - - [20/May/2025:12:18:17 -0500] "GET /index.php?shopdetail/12226433/ HTTP/1.1" 200 31016 "-" "Mozilla/5.0 (Linux; Android 6.0.1; Nexus 5X Build/MMB29P) AppleWebKit/537.36 (KHTML, like Gecko) Chrome/136.0.7103.113 Mobile Safari/537.36 (compatible; Googlebot/2.1; +http://www.google.com/bot.html)" mandncleaningservice.com 162.241.194.38
66.249.66.41 - - [20/May/2025:12:18:17 -0500] "GET /index.php?shopdetail/12226433/ HTTP/1.1" 200 31016 "-" "Mozilla/5.0 (Linux; Android 6.0.1; Nexus 5X Build/MMB29P) AppleWebKit/537.36 (KHTML, like Gecko) Chrome/136.0.7103.113 Mobile Safari/537.36 (compatible; Googlebot/2.1; +http://www.google.com/bot.html)" mandncleaningservice.com 162.241.194.38
66.249.66.74 - - [20/May/2025:12:18:20 -0500] "POST /get-message-notify HTTP/1.1" 200 26511 "https://mandncleaningservice.com/index.php?shopdetail/20127577/" "Mozilla/5.0 (Linux; Android 6.0.1; Nexus 5X Build/MMB29P) AppleWebKit/537.36 (KHTML, like Gecko) Chrome/136.0.7103.92 Mobile Safari/537.36 (compatible; Googlebot/2.1; +http://www.google.com/bot.html)" mandncleaningservice.com 162.241.194.38
18.97.14.81 - - [20/May/2025:12:18:21 -0500] "GET /shopdetail/2672188/ HTTP/1.1" 200 21409 "-" "CCBot/2.0 (https://commoncrawl.org/faq/)" mandncleaningservice.com 162.241.194.38
18.97.14.81 - - [20/May/2025:12:18:21 -0500] "GET /shopdetail/2672188/ HTTP/2.0" 200 21409 "-" "CCBot/2.0 (https://commoncrawl.org/faq/)" mandncleaningservice.com 162.241.194.38
66.249.66.74 - - [20/May/2025:12:18:27 -0500] "GET /index.php?466336832.shtml HTTP/1.1" 200 30755 "-" "Mozilla/5.0 (Linux; Android 6.0.1; Nexus 5X Build/MMB29P) AppleWebKit/537.36 (KHTML, like Gecko) Chrome/136.0.7103.113 Mobile Safari/537.36 (compatible; Googlebot/2.1; +http://www.google.com/bot.html)" mandncleaningservice.com 162.241.194.38
66.249.66.74 - - [20/May/2025:12:18:26 -0500] "GET /index.php?466336832.shtml HTTP/1.1" 200 30755 "-" "Mozilla/5.0 (Linux; Android 6.0.1; Nexus 5X Build/MMB29P) AppleWebKit/537.36 (KHTML, like Gecko) Chrome/136.0.7103.113 Mobile Safari/537.36 (compatible; Googlebot/2.1; +http://www.google.com/bot.html)" mandncleaningservice.com 162.241.194.38
66.249.66.11 - - [20/May/2025:12:18:44 -0500] "GET /index.php?product/edit/QUYS13532096 HTTP/1.1" 200 27384 "-" "Mozilla/5.0 (Linux; Android 6.0.1; Nexus 5X Build/MMB29P) AppleWebKit/537.36 (KHTML, like Gecko) Chrome/136.0.7103.113 Mobile Safari/537.36 (compatible; Googlebot/2.1; +http://www.google.com/bot.html)" mandncleaningservice.com 162.241.194.38
66.249.66.11 - - [20/May/2025:12:18:44 -0500] "GET /index.php?product/edit/QUYS13532096 HTTP/1.1" 200 27384 "-" "Mozilla/5.0 (Linux; Android 6.0.1; Nexus 5X Build/MMB29P) AppleWebKit/537.36 (KHTML, like Gecko) Chrome/136.0.7103.113 Mobile Safari/537.36 (compatible; Googlebot/2.1; +http://www.google.com/bot.html)" mandncleaningservice.com 162.241.194.38
18.97.14.81 - - [20/May/2025:12:18:55 -0500] "GET /shopdetail/2603788/ HTTP/1.1" 200 21409 "-" "CCBot/2.0 (https://commoncrawl.org/faq/)" mandncleaningservice.com 162.241.194.38
18.97.14.81 - - [20/May/2025:12:18:55 -0500] "GET /shopdetail/2603788/ HTTP/2.0" 200 21409 "-" "CCBot/2.0 (https://commoncrawl.org/faq/)" mandncleaningservice.com 162.241.194.38
66.249.66.3 - - [20/May/2025:12:19:13 -0500] "GET /index.php?shopdetail/4954977/ HTTP/1.1" 200 31261 "-" "Mozilla/5.0 (Linux; Android 6.0.1; Nexus 5X Build/MMB29P) AppleWebKit/537.36 (KHTML, like Gecko) Chrome/136.0.7103.113 Mobile Safari/537.36 (compatible; Googlebot/2.1; +http://www.google.com/bot.html)" mandncleaningservice.com 162.241.194.38
66.249.66.3 - - [20/May/2025:12:19:13 -0500] "GET /index.php?shopdetail/4954977/ HTTP/1.1" 200 31261 "-" "Mozilla/5.0 (Linux; Android 6.0.1; Nexus 5X Build/MMB29P) AppleWebKit/537.36 (KHTML, like Gecko) Chrome/136.0.7103.113 Mobile Safari/537.36 (compatible; Googlebot/2.1; +http://www.google.com/bot.html)" mandncleaningservice.com 162.241.194.38
57.141.6.31 - - [20/May/2025:12:19:20 -0500] "GET /shopdetail/3078899/images/mandncleaning.mp4 HTTP/2.0" 200 68351 "-" "meta-externalagent/1.1 (+https://developers.facebook.com/docs/sharing/webmasters/crawler)" mandncleaningservice.com 162.241.194.38
57.141.6.26 - - [20/May/2025:12:19:21 -0500] "GET /shopdetail/28268166/images/mandncleaning.mp4 HTTP/2.0" 200 68351 "-" "meta-externalagent/1.1 (+https://developers.facebook.com/docs/sharing/webmasters/crawler)" mandncleaningservice.com 162.241.194.38
57.141.6.1 - - [20/May/2025:12:19:27 -0500] "GET /shopdetail/27853400/ HTTP/1.1" 200 68351 "-" "meta-externalagent/1.1 (+https://developers.facebook.com/docs/sharing/webmasters/crawler)" mandncleaningservice.com 162.241.194.38
57.141.6.1 - - [20/May/2025:12:19:27 -0500] "GET /shopdetail/27853400/ HTTP/2.0" 200 68351 "-" "meta-externalagent/1.1 (+https://developers.facebook.com/docs/sharing/webmasters/crawler)" mandncleaningservice.com 162.241.194.38
18.97.14.81 - - [20/May/2025:12:19:29 -0500] "GET /shopdetail/12862333/ HTTP/1.1" 200 21409 "-" "CCBot/2.0 (https://commoncrawl.org/faq/)" mandncleaningservice.com 162.241.194.38
18.97.14.81 - - [20/May/2025:12:19:29 -0500] "GET /shopdetail/12862333/ HTTP/2.0" 200 21409 "-" "CCBot/2.0 (https://commoncrawl.org/faq/)" mandncleaningservice.com 162.241.194.38
66.249.66.11 - - [20/May/2025:12:19:29 -0500] "GET /index.php?117052702.shtml HTTP/1.1" 200 31757 "-" "Mozilla/5.0 (Linux; Android 6.0.1; Nexus 5X Build/MMB29P) AppleWebKit/537.36 (KHTML, like Gecko) Chrome/136.0.7103.113 Mobile Safari/537.36 (compatible; Googlebot/2.1; +http://www.google.com/bot.html)" mandncleaningservice.com 162.241.194.38
66.249.66.11 - - [20/May/2025:12:19:29 -0500] "GET /index.php?117052702.shtml HTTP/1.1" 200 31757 "-" "Mozilla/5.0 (Linux; Android 6.0.1; Nexus 5X Build/MMB29P) AppleWebKit/537.36 (KHTML, like Gecko) Chrome/136.0.7103.113 Mobile Safari/537.36 (compatible; Googlebot/2.1; +http://www.google.com/bot.html)" mandncleaningservice.com 162.241.194.38
57.141.6.5 - - [20/May/2025:12:19:30 -0500] "GET /shopdetail/16634811/ HTTP/1.1" 200 68351 "-" "meta-externalagent/1.1 (+https://developers.facebook.com/docs/sharing/webmasters/crawler)" mandncleaningservice.com 162.241.194.38
57.141.6.5 - - [20/May/2025:12:19:30 -0500] "GET /shopdetail/16634811/ HTTP/2.0" 200 68351 "-" "meta-externalagent/1.1 (+https://developers.facebook.com/docs/sharing/webmasters/crawler)" mandncleaningservice.com 162.241.194.38
66.249.66.193 - - [20/May/2025:12:19:32 -0500] "POST /get-message-notify HTTP/1.1" 200 26511 "https://mandncleaningservice.com/index.php?117052702.shtml" "Mozilla/5.0 (Linux; Android 6.0.1; Nexus 5X Build/MMB29P) AppleWebKit/537.36 (KHTML, like Gecko) Chrome/136.0.7103.92 Mobile Safari/537.36 (compatible; Googlebot/2.1; +http://www.google.com/bot.html)" mandncleaningservice.com 162.241.194.38
66.249.66.160 - - [20/May/2025:12:19:38 -0500] "GET /index.php?product/edit/DPMC32068567 HTTP/1.1" 200 27386 "-" "Mozilla/5.0 (Linux; Android 6.0.1; Nexus 5X Build/MMB29P) AppleWebKit/537.36 (KHTML, like Gecko) Chrome/136.0.7103.113 Mobile Safari/537.36 (compatible; Googlebot/2.1; +http://www.google.com/bot.html)" mandncleaningservice.com 162.241.194.38
66.249.66.160 - - [20/May/2025:12:19:38 -0500] "GET /index.php?product/edit/DPMC32068567 HTTP/1.1" 200 27386 "-" "Mozilla/5.0 (Linux; Android 6.0.1; Nexus 5X Build/MMB29P) AppleWebKit/537.36 (KHTML, like Gecko) Chrome/136.0.7103.113 Mobile Safari/537.36 (compatible; Googlebot/2.1; +http://www.google.com/bot.html)" mandncleaningservice.com 162.241.194.38
85.208.96.195 - - [20/May/2025:12:19:47 -0500] "GET /robots.txt HTTP/1.1" 406 226 "-" "Mozilla/5.0 (compatible; SemrushBot/7~bl; +http://www.semrush.com/bot.html)" mandncleaningservice.com 162.241.194.38
85.208.96.208 - - [20/May/2025:12:19:47 -0500] "GET / HTTP/1.1" 406 226 "-" "Mozilla/5.0 (compatible; SemrushBot/7~bl; +http://www.semrush.com/bot.html)" mandncleaningservice.com 162.241.194.38
185.191.171.4 - - [20/May/2025:12:19:53 -0500] "GET /sitemap.xml HTTP/1.1" 406 226 "-" "Mozilla/5.0 (compatible; SemrushBot/7~bl; +http://www.semrush.com/bot.html)" mandncleaningservice.com 162.241.194.38
18.97.14.81 - - [20/May/2025:12:20:04 -0500] "GET /shopdetail/17524933/ HTTP/1.1" 200 21409 "-" "CCBot/2.0 (https://commoncrawl.org/faq/)" mandncleaningservice.com 162.241.194.38
18.97.14.81 - - [20/May/2025:12:20:04 -0500] "GET /shopdetail/17524933/ HTTP/2.0" 200 21409 "-" "CCBot/2.0 (https://commoncrawl.org/faq/)" mandncleaningservice.com 162.241.194.38
20.15.133.174 - - [20/May/2025:12:20:09 -0500] "GET /shopdetail/10417155/ HTTP/1.1" 200 26492 "-" "Mozilla/5.0 AppleWebKit/537.36 (KHTML, like Gecko; compatible; bingbot/2.0; +http://www.bing.com/bingbot.htm) Chrome/116.0.1938.76 Safari/537.36" mandncleaningservice.com 162.241.194.38
