66.249.66.41 - - [20/May/2025:11:08:27 -0500] "GET /index.php?shopdetail/28036455/ HTTP/1.1" 200 28111 "-" "Mozilla/5.0 (Linux; Android 6.0.1; Nexus 5X Build/MMB29P) AppleWebKit/537.36 (KHTML, like Gecko) Chrome/136.0.7103.113 Mobile Safari/537.36 (compatible; Googlebot/2.1; +http://www.google.com/bot.html)" mandncleaningservice.com 162.241.194.38
89.92.119.124 - - [20/May/2025:11:08:30 -0500] "GET /?_bd_prev_page=.%5C/etc/passwd%00&_bdsid=2ulvIJ.n~ZXCIW.1721886656070.1721886848&_ga=2.198040047.1958808748.1721886654-862398307.1699453578&_gl=1*1ix4f11*_gcl_au*MTYxMTI1OTI3MS4xNzIxODg2NjU0*_ga*ODYyMzk4MzA3LjE2OTk0NTM1Nzg.*_ga_7H42SVMQ0V*MTcyMTg4NjY1NS4xMjEuMS4xNzIxODg2NjY5LjQ2LjAuMA.. HTTP/2.0" 406 226 "https://www.google.com/" "Mozilla/5.0 (Windows NT 10.0; Win64; x64) AppleWebKit/537.36 (KHTML, like Gecko) Chrome/131.0.0.0 Safari/537.36" mandncleaningservice.com 162.241.194.38
47.148.94.49 - - [20/May/2025:11:08:30 -0500] "GET /?_bd_prev_page=https://mandncleaningservice.com/detail.php?shopdetail/31045777/&_bdsid=2ulvIJ.n~ZXCIW.1721886656070.1721886848\"\xcc\x91\xcc\x88>\xcc\x91\xcc\x88'\xcc\x91\xcc\x88O\xcc\x91\xcc\x88R\xcc\x91\xcc\x88'\xcc\x91\xcc\x882\xcc\x91\xcc\x887\xcc\x91\xcc\x88'\xcc\x91\xcc\x88=\xcc\x91\xcc\x88'3&_ga=2.198040047.1958808748.1721886654-862398307.1699453578&_gl=1*1ix4f11*_gcl_au*MTYxMTI1OTI3MS4xNzIxODg2NjU0*_ga*ODYyMzk4MzA3LjE2OTk0NTM1Nzg.*_ga_7H42SVMQ0V*MTcyMTg4NjY1NS4xMjEuMS4xNzIxODg2NjY5LjQ2LjAuMA.. HTTP/1.1" 200 305 "https://www.google.com/" "Mozilla/5.0 (Windows NT 10.0; Win64; x64) AppleWebKit/537.36 (KHTML, like Gecko) Chrome/131.0.0.0 Safari/537.36" mandncleaningservice.com 162.241.194.38
47.148.94.49 - - [20/May/2025:11:08:30 -0500] "GET /?_bd_prev_page=https://mandncleaningservice.com/detail.php?shopdetail/31045777/&_bdsid=2ulvIJ.n~ZXCIW.1721886656070.1721886848\"\xcc\x91\xcc\x88>\xcc\x91\xcc\x88'\xcc\x91\xcc\x88O\xcc\x91\xcc\x88R\xcc\x91\xcc\x88'\xcc\x91\xcc\x882\xcc\x91\xcc\x887\xcc\x91\xcc\x88'\xcc\x91\xcc\x88=\xcc\x91\xcc\x88'3&_ga=2.198040047.1958808748.1721886654-862398307.1699453578&_gl=1*1ix4f11*_gcl_au*MTYxMTI1OTI3MS4xNzIxODg2NjU0*_ga*ODYyMzk4MzA3LjE2OTk0NTM1Nzg.*_ga_7H42SVMQ0V*MTcyMTg4NjY1NS4xMjEuMS4xNzIxODg2NjY5LjQ2LjAuMA.. HTTP/2.0" 200 305 "https://www.google.com/" "Mozilla/5.0 (Windows NT 10.0; Win64; x64) AppleWebKit/537.36 (KHTML, like Gecko) Chrome/131.0.0.0 Safari/537.36" mandncleaningservice.com 162.241.194.38
97.89.172.231 - - [20/May/2025:11:08:30 -0500] "GET /?_bd_prev_page=https://mandncleaningservice.com/detail.php?shopdetail/31045777/0'XOR(if(ascii(substring((1),1,1))<109,1,0))XOR'&_bdsid=2ulvIJ.n~ZXCIW.1721886656070.1721886848&_ga=2.198040047.1958808748.1721886654-862398307.1699453578&_gl=1*1ix4f11*_gcl_au*MTYxMTI1OTI3MS4xNzIxODg2NjU0*_ga*ODYyMzk4MzA3LjE2OTk0NTM1Nzg.*_ga_7H42SVMQ0V*MTcyMTg4NjY1NS4xMjEuMS4xNzIxODg2NjY5LjQ2LjAuMA.. HTTP/1.1" 200 305 "https://www.google.com/" "Mozilla/5.0 (Windows NT 10.0; Win64; x64) AppleWebKit/537.36 (KHTML, like Gecko) Chrome/131.0.0.0 Safari/537.36" mandncleaningservice.com 162.241.194.38
97.89.172.231 - - [20/May/2025:11:08:30 -0500] "GET /?_bd_prev_page=https://mandncleaningservice.com/detail.php?shopdetail/31045777/0'XOR(if(ascii(substring((1),1,1))<109,1,0))XOR'&_bdsid=2ulvIJ.n~ZXCIW.1721886656070.1721886848&_ga=2.198040047.1958808748.1721886654-862398307.1699453578&_gl=1*1ix4f11*_gcl_au*MTYxMTI1OTI3MS4xNzIxODg2NjU0*_ga*ODYyMzk4MzA3LjE2OTk0NTM1Nzg.*_ga_7H42SVMQ0V*MTcyMTg4NjY1NS4xMjEuMS4xNzIxODg2NjY5LjQ2LjAuMA.. HTTP/2.0" 200 305 "https://www.google.com/" "Mozilla/5.0 (Windows NT 10.0; Win64; x64) AppleWebKit/537.36 (KHTML, like Gecko) Chrome/131.0.0.0 Safari/537.36" mandncleaningservice.com 162.241.194.38
181.128.120.215 - - [20/May/2025:11:08:30 -0500] "GET /?_bd_prev_page=https://mandncleaningservice.com/detail.php?shopdetail/31045777/\">'OR'27'='3&_bdsid=2ulvIJ.n~ZXCIW.1721886656070.1721886848&_ga=2.198040047.1958808748.1721886654-862398307.1699453578&_gl=1*1ix4f11*_gcl_au*MTYxMTI1OTI3MS4xNzIxODg2NjU0*_ga*ODYyMzk4MzA3LjE2OTk0NTM1Nzg.*_ga_7H42SVMQ0V*MTcyMTg4NjY1NS4xMjEuMS4xNzIxODg2NjY5LjQ2LjAuMA.. HTTP/1.1" 200 305 "https://www.google.com/" "Mozilla/5.0 (Windows NT 10.0; Win64; x64) AppleWebKit/537.36 (KHTML, like Gecko) Chrome/131.0.0.0 Safari/537.36" mandncleaningservice.com 162.241.194.38
181.128.120.215 - - [20/May/2025:11:08:30 -0500] "GET /?_bd_prev_page=https://mandncleaningservice.com/detail.php?shopdetail/31045777/\">'OR'27'='3&_bdsid=2ulvIJ.n~ZXCIW.1721886656070.1721886848&_ga=2.198040047.1958808748.1721886654-862398307.1699453578&_gl=1*1ix4f11*_gcl_au*MTYxMTI1OTI3MS4xNzIxODg2NjU0*_ga*ODYyMzk4MzA3LjE2OTk0NTM1Nzg.*_ga_7H42SVMQ0V*MTcyMTg4NjY1NS4xMjEuMS4xNzIxODg2NjY5LjQ2LjAuMA.. HTTP/2.0" 200 305 "https://www.google.com/" "Mozilla/5.0 (Windows NT 10.0; Win64; x64) AppleWebKit/537.36 (KHTML, like Gecko) Chrome/131.0.0.0 Safari/537.36" mandncleaningservice.com 162.241.194.38
89.92.119.124 - - [20/May/2025:11:08:31 -0500] "GET /?_bd_prev_page=https://mandncleaningservice.com/detail.php?shopdetail/31045777/&_bdsid=.%5C/etc/passwd%00&_ga=2.198040047.1958808748.1721886654-862398307.1699453578&_gl=1*1ix4f11*_gcl_au*MTYxMTI1OTI3MS4xNzIxODg2NjU0*_ga*ODYyMzk4MzA3LjE2OTk0NTM1Nzg.*_ga_7H42SVMQ0V*MTcyMTg4NjY1NS4xMjEuMS4xNzIxODg2NjY5LjQ2LjAuMA.. HTTP/2.0" 406 226 "https://www.google.com/" "Mozilla/5.0 (Windows NT 10.0; Win64; x64) AppleWebKit/537.36 (KHTML, like Gecko) Chrome/131.0.0.0 Safari/537.36" mandncleaningservice.com 162.241.194.38
93.173.74.22 - - [20/May/2025:11:08:31 -0500] "GET /?_bd_prev_page=file:///etc/passwd&_bdsid=2ulvIJ.n~ZXCIW.1721886656070.1721886848&_ga=2.198040047.1958808748.1721886654-862398307.1699453578&_gl=1*1ix4f11*_gcl_au*MTYxMTI1OTI3MS4xNzIxODg2NjU0*_ga*ODYyMzk4MzA3LjE2OTk0NTM1Nzg.*_ga_7H42SVMQ0V*MTcyMTg4NjY1NS4xMjEuMS4xNzIxODg2NjY5LjQ2LjAuMA.. HTTP/2.0" 406 226 "https://www.google.com/" "Mozilla/5.0 (Windows NT 10.0; Win64; x64) AppleWebKit/537.36 (KHTML, like Gecko) Chrome/131.0.0.0 Safari/537.36" mandncleaningservice.com 162.241.194.38
47.148.94.49 - - [20/May/2025:11:08:30 -0500] "GET /?_bd_prev_page=https://mandncleaningservice.com/detail.php?shopdetail/31045777/&_bdsid=2ulvIJ.n~ZXCIW.1721886656070.1721886848&_ga=2.198040047.1958808748.1721886654-862398307.1699453578\"\xcc\x91\xcc\x88>\xcc\x91\xcc\x88'\xcc\x91\xcc\x88O\xcc\x91\xcc\x88R\xcc\x91\xcc\x88'\xcc\x91\xcc\x882\xcc\x91\xcc\x887\xcc\x91\xcc\x88'\xcc\x91\xcc\x88=\xcc\x91\xcc\x88'3&_gl=1*1ix4f11*_gcl_au*MTYxMTI1OTI3MS4xNzIxODg2NjU0*_ga*ODYyMzk4MzA3LjE2OTk0NTM1Nzg.*_ga_7H42SVMQ0V*MTcyMTg4NjY1NS4xMjEuMS4xNzIxODg2NjY5LjQ2LjAuMA.. HTTP/1.1" 200 305 "https://www.google.com/" "Mozilla/5.0 (Windows NT 10.0; Win64; x64) AppleWebKit/537.36 (KHTML, like Gecko) Chrome/131.0.0.0 Safari/537.36" mandncleaningservice.com 162.241.194.38
47.148.94.49 - - [20/May/2025:11:08:30 -0500] "GET /?_bd_prev_page=https://mandncleaningservice.com/detail.php?shopdetail/31045777/&_bdsid=2ulvIJ.n~ZXCIW.1721886656070.1721886848&_ga=2.198040047.1958808748.1721886654-862398307.1699453578\"\xcc\x91\xcc\x88>\xcc\x91\xcc\x88'\xcc\x91\xcc\x88O\xcc\x91\xcc\x88R\xcc\x91\xcc\x88'\xcc\x91\xcc\x882\xcc\x91\xcc\x887\xcc\x91\xcc\x88'\xcc\x91\xcc\x88=\xcc\x91\xcc\x88'3&_gl=1*1ix4f11*_gcl_au*MTYxMTI1OTI3MS4xNzIxODg2NjU0*_ga*ODYyMzk4MzA3LjE2OTk0NTM1Nzg.*_ga_7H42SVMQ0V*MTcyMTg4NjY1NS4xMjEuMS4xNzIxODg2NjY5LjQ2LjAuMA.. HTTP/2.0" 200 305 "https://www.google.com/" "Mozilla/5.0 (Windows NT 10.0; Win64; x64) AppleWebKit/537.36 (KHTML, like Gecko) Chrome/131.0.0.0 Safari/537.36" mandncleaningservice.com 162.241.194.38
89.92.119.124 - - [20/May/2025:11:08:31 -0500] "GET /?_bd_prev_page=https://mandncleaningservice.com/detail.php?shopdetail/31045777/&_bdsid=2ulvIJ.n~ZXCIW.1721886656070.1721886848&_ga=.%5C/etc/passwd%00&_gl=1*1ix4f11*_gcl_au*MTYxMTI1OTI3MS4xNzIxODg2NjU0*_ga*ODYyMzk4MzA3LjE2OTk0NTM1Nzg.*_ga_7H42SVMQ0V*MTcyMTg4NjY1NS4xMjEuMS4xNzIxODg2NjY5LjQ2LjAuMA.. HTTP/2.0" 406 226 "https://www.google.com/" "Mozilla/5.0 (Windows NT 10.0; Win64; x64) AppleWebKit/537.36 (KHTML, like Gecko) Chrome/131.0.0.0 Safari/537.36" mandncleaningservice.com 162.241.194.38
97.89.172.231 - - [20/May/2025:11:08:30 -0500] "GET /?_bd_prev_page=https://mandncleaningservice.com/detail.php?shopdetail/31045777/&_bdsid=2ulvIJ.n~ZXCIW.1721886656070.17218868480'XOR(if(ascii(substring((1),1,1))<109,1,0))XOR'&_ga=2.198040047.1958808748.1721886654-862398307.1699453578&_gl=1*1ix4f11*_gcl_au*MTYxMTI1OTI3MS4xNzIxODg2NjU0*_ga*ODYyMzk4MzA3LjE2OTk0NTM1Nzg.*_ga_7H42SVMQ0V*MTcyMTg4NjY1NS4xMjEuMS4xNzIxODg2NjY5LjQ2LjAuMA.. HTTP/1.1" 200 305 "https://www.google.com/" "Mozilla/5.0 (Windows NT 10.0; Win64; x64) AppleWebKit/537.36 (KHTML, like Gecko) Chrome/131.0.0.0 Safari/537.36" mandncleaningservice.com 162.241.194.38
97.89.172.231 - - [20/May/2025:11:08:30 -0500] "GET /?_bd_prev_page=https://mandncleaningservice.com/detail.php?shopdetail/31045777/&_bdsid=2ulvIJ.n~ZXCIW.1721886656070.17218868480'XOR(if(ascii(substring((1),1,1))<109,1,0))XOR'&_ga=2.198040047.1958808748.1721886654-862398307.1699453578&_gl=1*1ix4f11*_gcl_au*MTYxMTI1OTI3MS4xNzIxODg2NjU0*_ga*ODYyMzk4MzA3LjE2OTk0NTM1Nzg.*_ga_7H42SVMQ0V*MTcyMTg4NjY1NS4xMjEuMS4xNzIxODg2NjY5LjQ2LjAuMA.. HTTP/2.0" 200 305 "https://www.google.com/" "Mozilla/5.0 (Windows NT 10.0; Win64; x64) AppleWebKit/537.36 (KHTML, like Gecko) Chrome/131.0.0.0 Safari/537.36" mandncleaningservice.com 162.241.194.38
89.92.119.124 - - [20/May/2025:11:08:31 -0500] "GET /?_bd_prev_page=https://mandncleaningservice.com/detail.php?shopdetail/31045777/&_bdsid=2ulvIJ.n~ZXCIW.1721886656070.1721886848&_ga=2.198040047.1958808748.1721886654-862398307.1699453578&_gl=.%5C/etc/passwd%00 HTTP/2.0" 406 226 "https://www.google.com/" "Mozilla/5.0 (Windows NT 10.0; Win64; x64) AppleWebKit/537.36 (KHTML, like Gecko) Chrome/131.0.0.0 Safari/537.36" mandncleaningservice.com 162.241.194.38
31.18.199.202 - - [20/May/2025:11:08:31 -0500] "GET /400.shtml HTTP/1.1" 200 21409 "https://www.google.com/" "Mozilla/5.0 (Windows NT 10.0; Win64; x64) AppleWebKit/537.36 (KHTML, like Gecko) Chrome/131.0.0.0 Safari/537.36" mandncleaningservice.com 162.241.194.38
31.18.199.202 - - [20/May/2025:11:08:30 -0500] "GET /?_bd_prev_page=https://mandncleaningservice.com/detail.php?shopdetail/31045777/&_bdsid=2ulvIJ.n~ZXCIW.1721886656070.1721886848&_ga=2.198040047.1958808748.1721886654-862398307.1699453578REVERSE(0a%)REVERSE(3%27%3D%2772%27RO%27%3E%22)&_gl=1*1ix4f11*_gcl_au*MTYxMTI1OTI3MS4xNzIxODg2NjU0*_ga*ODYyMzk4MzA3LjE2OTk0NTM1Nzg.*_ga_7H42SVMQ0V*MTcyMTg4NjY1NS4xMjEuMS4xNzIxODg2NjY5LjQ2LjAuMA.. HTTP/2.0" 200 21409 "https://www.google.com/" "Mozilla/5.0 (Windows NT 10.0; Win64; x64) AppleWebKit/537.36 (KHTML, like Gecko) Chrome/131.0.0.0 Safari/537.36" mandncleaningservice.com 162.241.194.38
114.10.44.198 - - [20/May/2025:11:08:31 -0500] "GET /?_bd_prev_page=https://mandncleaningservice.com/detail.php?shopdetail/31045777/&_bdsid=2ulvIJ.n~ZXCIW.1721886656070.1721886848&_ga=2.198040047.1958808748.1721886654-862398307.1699453578&_gl=/etc/passwd%00 HTTP/2.0" 406 226 "https://www.google.com/" "Mozilla/5.0 (Windows NT 10.0; Win64; x64) AppleWebKit/537.36 (KHTML, like Gecko) Chrome/131.0.0.0 Safari/537.36" mandncleaningservice.com 162.241.194.38
181.128.120.215 - - [20/May/2025:11:08:31 -0500] "GET /?_bd_prev_page=https://mandncleaningservice.com/detail.php?shopdetail/31045777/&_bdsid=2ulvIJ.n~ZXCIW.1721886656070.1721886848\">'OR'27'='3&_ga=2.198040047.1958808748.1721886654-862398307.1699453578&_gl=1*1ix4f11*_gcl_au*MTYxMTI1OTI3MS4xNzIxODg2NjU0*_ga*ODYyMzk4MzA3LjE2OTk0NTM1Nzg.*_ga_7H42SVMQ0V*MTcyMTg4NjY1NS4xMjEuMS4xNzIxODg2NjY5LjQ2LjAuMA.. HTTP/1.1" 200 305 "https://www.google.com/" "Mozilla/5.0 (Windows NT 10.0; Win64; x64) AppleWebKit/537.36 (KHTML, like Gecko) Chrome/131.0.0.0 Safari/537.36" mandncleaningservice.com 162.241.194.38
181.128.120.215 - - [20/May/2025:11:08:31 -0500] "GET /?_bd_prev_page=https://mandncleaningservice.com/detail.php?shopdetail/31045777/&_bdsid=2ulvIJ.n~ZXCIW.1721886656070.1721886848\">'OR'27'='3&_ga=2.198040047.1958808748.1721886654-862398307.1699453578&_gl=1*1ix4f11*_gcl_au*MTYxMTI1OTI3MS4xNzIxODg2NjU0*_ga*ODYyMzk4MzA3LjE2OTk0NTM1Nzg.*_ga_7H42SVMQ0V*MTcyMTg4NjY1NS4xMjEuMS4xNzIxODg2NjY5LjQ2LjAuMA.. HTTP/2.0" 200 305 "https://www.google.com/" "Mozilla/5.0 (Windows NT 10.0; Win64; x64) AppleWebKit/537.36 (KHTML, like Gecko) Chrome/131.0.0.0 Safari/537.36" mandncleaningservice.com 162.241.194.38
47.148.94.49 - - [20/May/2025:11:08:31 -0500] "GET /?_bd_prev_page=https://mandncleaningservice.com/detail.php?shopdetail/31045777/&_bdsid=2ulvIJ.n~ZXCIW.1721886656070.1721886848&_ga=2.198040047.1958808748.1721886654-862398307.1699453578&_gl=1*1ix4f11*_gcl_au*MTYxMTI1OTI3MS4xNzIxODg2NjU0*_ga*ODYyMzk4MzA3LjE2OTk0NTM1Nzg.*_ga_7H42SVMQ0V*MTcyMTg4NjY1NS4xMjEuMS4xNzIxODg2NjY5LjQ2LjAuMA..\"\xcc\x91\xcc\x88>\xcc\x91\xcc\x88'\xcc\x91\xcc\x88O\xcc\x91\xcc\x88R\xcc\x91\xcc\x88'\xcc\x91\xcc\x882\xcc\x91\xcc\x887\xcc\x91\xcc\x88'\xcc\x91\xcc\x88=\xcc\x91\xcc\x88'3 HTTP/1.1" 200 305 "https://www.google.com/" "Mozilla/5.0 (Windows NT 10.0; Win64; x64) AppleWebKit/537.36 (KHTML, like Gecko) Chrome/131.0.0.0 Safari/537.36" mandncleaningservice.com 162.241.194.38
47.148.94.49 - - [20/May/2025:11:08:31 -0500] "GET /?_bd_prev_page=https://mandncleaningservice.com/detail.php?shopdetail/31045777/&_bdsid=2ulvIJ.n~ZXCIW.1721886656070.1721886848&_ga=2.198040047.1958808748.1721886654-862398307.1699453578&_gl=1*1ix4f11*_gcl_au*MTYxMTI1OTI3MS4xNzIxODg2NjU0*_ga*ODYyMzk4MzA3LjE2OTk0NTM1Nzg.*_ga_7H42SVMQ0V*MTcyMTg4NjY1NS4xMjEuMS4xNzIxODg2NjY5LjQ2LjAuMA..\"\xcc\x91\xcc\x88>\xcc\x91\xcc\x88'\xcc\x91\xcc\x88O\xcc\x91\xcc\x88R\xcc\x91\xcc\x88'\xcc\x91\xcc\x882\xcc\x91\xcc\x887\xcc\x91\xcc\x88'\xcc\x91\xcc\x88=\xcc\x91\xcc\x88'3 HTTP/2.0" 200 305 "https://www.google.com/" "Mozilla/5.0 (Windows NT 10.0; Win64; x64) AppleWebKit/537.36 (KHTML, like Gecko) Chrome/131.0.0.0 Safari/537.36" mandncleaningservice.com 162.241.194.38
93.173.74.22 - - [20/May/2025:11:08:31 -0500] "GET /?_bd_prev_page=https://mandncleaningservice.com/detail.php?shopdetail/31045777/&_bdsid=file:///etc/passwd&_ga=2.198040047.1958808748.1721886654-862398307.1699453578&_gl=1*1ix4f11*_gcl_au*MTYxMTI1OTI3MS4xNzIxODg2NjU0*_ga*ODYyMzk4MzA3LjE2OTk0NTM1Nzg.*_ga_7H42SVMQ0V*MTcyMTg4NjY1NS4xMjEuMS4xNzIxODg2NjY5LjQ2LjAuMA.. HTTP/2.0" 406 226 "https://www.google.com/" "Mozilla/5.0 (Windows NT 10.0; Win64; x64) AppleWebKit/537.36 (KHTML, like Gecko) Chrome/131.0.0.0 Safari/537.36" mandncleaningservice.com 162.241.194.38
97.89.172.231 - - [20/May/2025:11:08:31 -0500] "GET /?_bd_prev_page=https://mandncleaningservice.com/detail.php?shopdetail/31045777/&_bdsid=2ulvIJ.n~ZXCIW.1721886656070.1721886848&_ga=2.198040047.1958808748.1721886654-862398307.16994535780'XOR(if(ascii(substring((1),1,1))<109,1,0))XOR'&_gl=1*1ix4f11*_gcl_au*MTYxMTI1OTI3MS4xNzIxODg2NjU0*_ga*ODYyMzk4MzA3LjE2OTk0NTM1Nzg.*_ga_7H42SVMQ0V*MTcyMTg4NjY1NS4xMjEuMS4xNzIxODg2NjY5LjQ2LjAuMA.. HTTP/1.1" 200 305 "https://www.google.com/" "Mozilla/5.0 (Windows NT 10.0; Win64; x64) AppleWebKit/537.36 (KHTML, like Gecko) Chrome/131.0.0.0 Safari/537.36" mandncleaningservice.com 162.241.194.38
97.89.172.231 - - [20/May/2025:11:08:31 -0500] "GET /?_bd_prev_page=https://mandncleaningservice.com/detail.php?shopdetail/31045777/&_bdsid=2ulvIJ.n~ZXCIW.1721886656070.1721886848&_ga=2.198040047.1958808748.1721886654-862398307.16994535780'XOR(if(ascii(substring((1),1,1))<109,1,0))XOR'&_gl=1*1ix4f11*_gcl_au*MTYxMTI1OTI3MS4xNzIxODg2NjU0*_ga*ODYyMzk4MzA3LjE2OTk0NTM1Nzg.*_ga_7H42SVMQ0V*MTcyMTg4NjY1NS4xMjEuMS4xNzIxODg2NjY5LjQ2LjAuMA.. HTTP/2.0" 200 305 "https://www.google.com/" "Mozilla/5.0 (Windows NT 10.0; Win64; x64) AppleWebKit/537.36 (KHTML, like Gecko) Chrome/131.0.0.0 Safari/537.36" mandncleaningservice.com 162.241.194.38
178.219.168.243 - - [20/May/2025:11:08:31 -0500] "GET /?_bd_prev_page=https://mandncleaningservice.com/detail.php?shopdetail/31045777/&_bdsid=/etc/passwd&_ga=2.198040047.1958808748.1721886654-862398307.1699453578&_gl=1*1ix4f11*_gcl_au*MTYxMTI1OTI3MS4xNzIxODg2NjU0*_ga*ODYyMzk4MzA3LjE2OTk0NTM1Nzg.*_ga_7H42SVMQ0V*MTcyMTg4NjY1NS4xMjEuMS4xNzIxODg2NjY5LjQ2LjAuMA.. HTTP/1.1" 200 305 "https://www.google.com/" "Mozilla/5.0 (Windows NT 10.0; Win64; x64) AppleWebKit/537.36 (KHTML, like Gecko) Chrome/131.0.0.0 Safari/537.36" mandncleaningservice.com 162.241.194.38
178.219.168.243 - - [20/May/2025:11:08:31 -0500] "GET /?_bd_prev_page=https://mandncleaningservice.com/detail.php?shopdetail/31045777/&_bdsid=/etc/passwd&_ga=2.198040047.1958808748.1721886654-862398307.1699453578&_gl=1*1ix4f11*_gcl_au*MTYxMTI1OTI3MS4xNzIxODg2NjU0*_ga*ODYyMzk4MzA3LjE2OTk0NTM1Nzg.*_ga_7H42SVMQ0V*MTcyMTg4NjY1NS4xMjEuMS4xNzIxODg2NjY5LjQ2LjAuMA.. HTTP/2.0" 200 305 "https://www.google.com/" "Mozilla/5.0 (Windows NT 10.0; Win64; x64) AppleWebKit/537.36 (KHTML, like Gecko) Chrome/131.0.0.0 Safari/537.36" mandncleaningservice.com 162.241.194.38
93.173.74.22 - - [20/May/2025:11:08:32 -0500] "GET /?_bd_prev_page=https://mandncleaningservice.com/detail.php?shopdetail/31045777/&_bdsid=2ulvIJ.n~ZXCIW.1721886656070.1721886848&_ga=file:///etc/passwd&_gl=1*1ix4f11*_gcl_au*MTYxMTI1OTI3MS4xNzIxODg2NjU0*_ga*ODYyMzk4MzA3LjE2OTk0NTM1Nzg.*_ga_7H42SVMQ0V*MTcyMTg4NjY1NS4xMjEuMS4xNzIxODg2NjY5LjQ2LjAuMA.. HTTP/2.0" 406 226 "https://www.google.com/" "Mozilla/5.0 (Windows NT 10.0; Win64; x64) AppleWebKit/537.36 (KHTML, like Gecko) Chrome/131.0.0.0 Safari/537.36" mandncleaningservice.com 162.241.194.38
219.92.206.49 - - [20/May/2025:11:08:32 -0500] "GET /?_bd_prev_page=https://mandncleaningservice.com/detail.php?shopdetail/31045777/&_bdsid=2ulvIJ.n~ZXCIW.1721886656070.1721886848\">'||'3125'LIKE'5'&_ga=2.198040047.1958808748.1721886654-862398307.1699453578&_gl=1*1ix4f11*_gcl_au*MTYxMTI1OTI3MS4xNzIxODg2NjU0*_ga*ODYyMzk4MzA3LjE2OTk0NTM1Nzg.*_ga_7H42SVMQ0V*MTcyMTg4NjY1NS4xMjEuMS4xNzIxODg2NjY5LjQ2LjAuMA.. HTTP/1.1" 200 305 "https://www.google.com/" "Mozilla/5.0 (Windows NT 10.0; Win64; x64) AppleWebKit/537.36 (KHTML, like Gecko) Chrome/131.0.0.0 Safari/537.36" mandncleaningservice.com 162.241.194.38
219.92.206.49 - - [20/May/2025:11:08:31 -0500] "GET /?_bd_prev_page=https://mandncleaningservice.com/detail.php?shopdetail/31045777/&_bdsid=2ulvIJ.n~ZXCIW.1721886656070.1721886848\">'||'3125'LIKE'5'&_ga=2.198040047.1958808748.1721886654-862398307.1699453578&_gl=1*1ix4f11*_gcl_au*MTYxMTI1OTI3MS4xNzIxODg2NjU0*_ga*ODYyMzk4MzA3LjE2OTk0NTM1Nzg.*_ga_7H42SVMQ0V*MTcyMTg4NjY1NS4xMjEuMS4xNzIxODg2NjY5LjQ2LjAuMA.. HTTP/2.0" 200 305 "https://www.google.com/" "Mozilla/5.0 (Windows NT 10.0; Win64; x64) AppleWebKit/537.36 (KHTML, like Gecko) Chrome/131.0.0.0 Safari/537.36" mandncleaningservice.com 162.241.194.38
93.173.74.22 - - [20/May/2025:11:08:32 -0500] "GET /?_bd_prev_page=https://mandncleaningservice.com/detail.php?shopdetail/31045777/&_bdsid=2ulvIJ.n~ZXCIW.1721886656070.1721886848&_ga=2.198040047.1958808748.1721886654-862398307.1699453578&_gl=file:///etc/passwd HTTP/2.0" 406 226 "https://www.google.com/" "Mozilla/5.0 (Windows NT 10.0; Win64; x64) AppleWebKit/537.36 (KHTML, like Gecko) Chrome/131.0.0.0 Safari/537.36" mandncleaningservice.com 162.241.194.38
114.10.44.198 - - [20/May/2025:11:08:32 -0500] "GET /?_bd_prev_page=/etc/passwd%00&_bdsid=2ulvIJ.n~ZXCIW.1721886656070.1721886848&_ga=2.198040047.1958808748.1721886654-862398307.1699453578&_gl=1*1ix4f11*_gcl_au*MTYxMTI1OTI3MS4xNzIxODg2NjU0*_ga*ODYyMzk4MzA3LjE2OTk0NTM1Nzg.*_ga_7H42SVMQ0V*MTcyMTg4NjY1NS4xMjEuMS4xNzIxODg2NjY5LjQ2LjAuMA.. HTTP/2.0" 406 226 "https://www.google.com/" "Mozilla/5.0 (Windows NT 10.0; Win64; x64) AppleWebKit/537.36 (KHTML, like Gecko) Chrome/131.0.0.0 Safari/537.36" mandncleaningservice.com 162.241.194.38
181.128.120.215 - - [20/May/2025:11:08:32 -0500] "GET /?_bd_prev_page=https://mandncleaningservice.com/detail.php?shopdetail/31045777/&_bdsid=2ulvIJ.n~ZXCIW.1721886656070.1721886848&_ga=2.198040047.1958808748.1721886654-862398307.1699453578\">'OR'27'='3&_gl=1*1ix4f11*_gcl_au*MTYxMTI1OTI3MS4xNzIxODg2NjU0*_ga*ODYyMzk4MzA3LjE2OTk0NTM1Nzg.*_ga_7H42SVMQ0V*MTcyMTg4NjY1NS4xMjEuMS4xNzIxODg2NjY5LjQ2LjAuMA.. HTTP/1.1" 200 305 "https://www.google.com/" "Mozilla/5.0 (Windows NT 10.0; Win64; x64) AppleWebKit/537.36 (KHTML, like Gecko) Chrome/131.0.0.0 Safari/537.36" mandncleaningservice.com 162.241.194.38
181.128.120.215 - - [20/May/2025:11:08:32 -0500] "GET /?_bd_prev_page=https://mandncleaningservice.com/detail.php?shopdetail/31045777/&_bdsid=2ulvIJ.n~ZXCIW.1721886656070.1721886848&_ga=2.198040047.1958808748.1721886654-862398307.1699453578\">'OR'27'='3&_gl=1*1ix4f11*_gcl_au*MTYxMTI1OTI3MS4xNzIxODg2NjU0*_ga*ODYyMzk4MzA3LjE2OTk0NTM1Nzg.*_ga_7H42SVMQ0V*MTcyMTg4NjY1NS4xMjEuMS4xNzIxODg2NjY5LjQ2LjAuMA.. HTTP/2.0" 200 305 "https://www.google.com/" "Mozilla/5.0 (Windows NT 10.0; Win64; x64) AppleWebKit/537.36 (KHTML, like Gecko) Chrome/131.0.0.0 Safari/537.36" mandncleaningservice.com 162.241.194.38
47.148.94.49 - - [20/May/2025:11:08:32 -0500] "GET /?_bd_prev_page=https://mandncleaningservice.com/detail.php?shopdetail/31045777/\"\xcc\x91\xcc\x88>\xcc\x91\xcc\x88'\xcc\x91\xcc\x88O\xcc\x91\xcc\x88R\xcc\x91\xcc\x88'\xcc\x91\xcc\x882\xcc\x91\xcc\x887\xcc\x91\xcc\x88'\xcc\x91\xcc\x88=\xcc\x91\xcc\x88'3&_bdsid=2ulvIJ.n~ZXCIW.1721886656070.1721886848&_ga=2.198040047.1958808748.1721886654-862398307.1699453578&_gl=1*1ix4f11*_gcl_au*MTYxMTI1OTI3MS4xNzIxODg2NjU0*_ga*ODYyMzk4MzA3LjE2OTk0NTM1Nzg.*_ga_7H42SVMQ0V*MTcyMTg4NjY1NS4xMjEuMS4xNzIxODg2NjY5LjQ2LjAuMA.. HTTP/1.1" 200 305 "https://www.google.com/" "Mozilla/5.0 (Windows NT 10.0; Win64; x64) AppleWebKit/537.36 (KHTML, like Gecko) Chrome/131.0.0.0 Safari/537.36" mandncleaningservice.com 162.241.194.38
47.148.94.49 - - [20/May/2025:11:08:32 -0500] "GET /?_bd_prev_page=https://mandncleaningservice.com/detail.php?shopdetail/31045777/\"\xcc\x91\xcc\x88>\xcc\x91\xcc\x88'\xcc\x91\xcc\x88O\xcc\x91\xcc\x88R\xcc\x91\xcc\x88'\xcc\x91\xcc\x882\xcc\x91\xcc\x887\xcc\x91\xcc\x88'\xcc\x91\xcc\x88=\xcc\x91\xcc\x88'3&_bdsid=2ulvIJ.n~ZXCIW.1721886656070.1721886848&_ga=2.198040047.1958808748.1721886654-862398307.1699453578&_gl=1*1ix4f11*_gcl_au*MTYxMTI1OTI3MS4xNzIxODg2NjU0*_ga*ODYyMzk4MzA3LjE2OTk0NTM1Nzg.*_ga_7H42SVMQ0V*MTcyMTg4NjY1NS4xMjEuMS4xNzIxODg2NjY5LjQ2LjAuMA.. HTTP/2.0" 200 305 "https://www.google.com/" "Mozilla/5.0 (Windows NT 10.0; Win64; x64) AppleWebKit/537.36 (KHTML, like Gecko) Chrome/131.0.0.0 Safari/537.36" mandncleaningservice.com 162.241.194.38
97.89.172.231 - - [20/May/2025:11:08:32 -0500] "GET /?_bd_prev_page=https://mandncleaningservice.com/detail.php?shopdetail/31045777/&_bdsid=2ulvIJ.n~ZXCIW.1721886656070.1721886848&_ga=2.198040047.1958808748.1721886654-862398307.1699453578&_gl=1*1ix4f11*_gcl_au*MTYxMTI1OTI3MS4xNzIxODg2NjU0*_ga*ODYyMzk4MzA3LjE2OTk0NTM1Nzg.*_ga_7H42SVMQ0V*MTcyMTg4NjY1NS4xMjEuMS4xNzIxODg2NjY5LjQ2LjAuMA..0'XOR(if(ascii(substring((1),1,1))<109,1,0))XOR' HTTP/1.1" 200 305 "https://www.google.com/" "Mozilla/5.0 (Windows NT 10.0; Win64; x64) AppleWebKit/537.36 (KHTML, like Gecko) Chrome/131.0.0.0 Safari/537.36" mandncleaningservice.com 162.241.194.38
97.89.172.231 - - [20/May/2025:11:08:32 -0500] "GET /?_bd_prev_page=https://mandncleaningservice.com/detail.php?shopdetail/31045777/&_bdsid=2ulvIJ.n~ZXCIW.1721886656070.1721886848&_ga=2.198040047.1958808748.1721886654-862398307.1699453578&_gl=1*1ix4f11*_gcl_au*MTYxMTI1OTI3MS4xNzIxODg2NjU0*_ga*ODYyMzk4MzA3LjE2OTk0NTM1Nzg.*_ga_7H42SVMQ0V*MTcyMTg4NjY1NS4xMjEuMS4xNzIxODg2NjY5LjQ2LjAuMA..0'XOR(if(ascii(substring((1),1,1))<109,1,0))XOR' HTTP/2.0" 200 305 "https://www.google.com/" "Mozilla/5.0 (Windows NT 10.0; Win64; x64) AppleWebKit/537.36 (KHTML, like Gecko) Chrome/131.0.0.0 Safari/537.36" mandncleaningservice.com 162.241.194.38
114.10.44.198 - - [20/May/2025:11:08:33 -0500] "GET /?_bd_prev_page=https://mandncleaningservice.com/detail.php?shopdetail/31045777/&_bdsid=/etc/passwd%00&_ga=2.198040047.1958808748.1721886654-862398307.1699453578&_gl=1*1ix4f11*_gcl_au*MTYxMTI1OTI3MS4xNzIxODg2NjU0*_ga*ODYyMzk4MzA3LjE2OTk0NTM1Nzg.*_ga_7H42SVMQ0V*MTcyMTg4NjY1NS4xMjEuMS4xNzIxODg2NjY5LjQ2LjAuMA.. HTTP/2.0" 406 226 "https://www.google.com/" "Mozilla/5.0 (Windows NT 10.0; Win64; x64) AppleWebKit/537.36 (KHTML, like Gecko) Chrome/131.0.0.0 Safari/537.36" mandncleaningservice.com 162.241.194.38
31.18.199.202 - - [20/May/2025:11:08:32 -0500] "GET /400.shtml HTTP/1.1" 200 21409 "https://www.google.com/" "Mozilla/5.0 (Windows NT 10.0; Win64; x64) AppleWebKit/537.36 (KHTML, like Gecko) Chrome/131.0.0.0 Safari/537.36" mandncleaningservice.com 162.241.194.38
31.18.199.202 - - [20/May/2025:11:08:32 -0500] "GET /?_bd_prev_page=https://mandncleaningservice.com/detail.php?shopdetail/31045777/&_bdsid=2ulvIJ.n~ZXCIW.1721886656070.1721886848&_ga=2.198040047.1958808748.1721886654-862398307.1699453578&_gl=1*1ix4f11*_gcl_au*MTYxMTI1OTI3MS4xNzIxODg2NjU0*_ga*ODYyMzk4MzA3LjE2OTk0NTM1Nzg.*_ga_7H42SVMQ0V*MTcyMTg4NjY1NS4xMjEuMS4xNzIxODg2NjY5LjQ2LjAuMA..REVERSE(0a%)REVERSE(3%27%3D%2772%27RO%27%3E%22) HTTP/2.0" 200 21409 "https://www.google.com/" "Mozilla/5.0 (Windows NT 10.0; Win64; x64) AppleWebKit/537.36 (KHTML, like Gecko) Chrome/131.0.0.0 Safari/537.36" mandncleaningservice.com 162.241.194.38
178.219.168.243 - - [20/May/2025:11:08:32 -0500] "GET /?_bd_prev_page=https://mandncleaningservice.com/detail.php?shopdetail/31045777/&_bdsid=2ulvIJ.n~ZXCIW.1721886656070.1721886848&_ga=/etc/passwd&_gl=1*1ix4f11*_gcl_au*MTYxMTI1OTI3MS4xNzIxODg2NjU0*_ga*ODYyMzk4MzA3LjE2OTk0NTM1Nzg.*_ga_7H42SVMQ0V*MTcyMTg4NjY1NS4xMjEuMS4xNzIxODg2NjY5LjQ2LjAuMA.. HTTP/1.1" 200 305 "https://www.google.com/" "Mozilla/5.0 (Windows NT 10.0; Win64; x64) AppleWebKit/537.36 (KHTML, like Gecko) Chrome/131.0.0.0 Safari/537.36" mandncleaningservice.com 162.241.194.38
178.219.168.243 - - [20/May/2025:11:08:32 -0500] "GET /?_bd_prev_page=https://mandncleaningservice.com/detail.php?shopdetail/31045777/&_bdsid=2ulvIJ.n~ZXCIW.1721886656070.1721886848&_ga=/etc/passwd&_gl=1*1ix4f11*_gcl_au*MTYxMTI1OTI3MS4xNzIxODg2NjU0*_ga*ODYyMzk4MzA3LjE2OTk0NTM1Nzg.*_ga_7H42SVMQ0V*MTcyMTg4NjY1NS4xMjEuMS4xNzIxODg2NjY5LjQ2LjAuMA.. HTTP/2.0" 200 305 "https://www.google.com/" "Mozilla/5.0 (Windows NT 10.0; Win64; x64) AppleWebKit/537.36 (KHTML, like Gecko) Chrome/131.0.0.0 Safari/537.36" mandncleaningservice.com 162.241.194.38
57.141.6.22 - - [20/May/2025:11:08:33 -0500] "GET /shopdetail/29999711/ HTTP/1.1" 200 68351 "-" "meta-externalagent/1.1 (+https://developers.facebook.com/docs/sharing/webmasters/crawler)" mandncleaningservice.com 162.241.194.38
57.141.6.22 - - [20/May/2025:11:08:33 -0500] "GET /shopdetail/29999711/ HTTP/2.0" 200 68351 "-" "meta-externalagent/1.1 (+https://developers.facebook.com/docs/sharing/webmasters/crawler)" mandncleaningservice.com 162.241.194.38
181.128.120.215 - - [20/May/2025:11:08:33 -0500] "GET /?_bd_prev_page=https://mandncleaningservice.com/detail.php?shopdetail/31045777/&_bdsid=2ulvIJ.n~ZXCIW.1721886656070.1721886848&_ga=2.198040047.1958808748.1721886654-862398307.1699453578&_gl=1*1ix4f11*_gcl_au*MTYxMTI1OTI3MS4xNzIxODg2NjU0*_ga*ODYyMzk4MzA3LjE2OTk0NTM1Nzg.*_ga_7H42SVMQ0V*MTcyMTg4NjY1NS4xMjEuMS4xNzIxODg2NjY5LjQ2LjAuMA..\">'OR'27'='3 HTTP/1.1" 200 305 "https://www.google.com/" "Mozilla/5.0 (Windows NT 10.0; Win64; x64) AppleWebKit/537.36 (KHTML, like Gecko) Chrome/131.0.0.0 Safari/537.36" mandncleaningservice.com 162.241.194.38
181.128.120.215 - - [20/May/2025:11:08:33 -0500] "GET /?_bd_prev_page=https://mandncleaningservice.com/detail.php?shopdetail/31045777/&_bdsid=2ulvIJ.n~ZXCIW.1721886656070.1721886848&_ga=2.198040047.1958808748.1721886654-862398307.1699453578&_gl=1*1ix4f11*_gcl_au*MTYxMTI1OTI3MS4xNzIxODg2NjU0*_ga*ODYyMzk4MzA3LjE2OTk0NTM1Nzg.*_ga_7H42SVMQ0V*MTcyMTg4NjY1NS4xMjEuMS4xNzIxODg2NjY5LjQ2LjAuMA..\">'OR'27'='3 HTTP/2.0" 200 305 "https://www.google.com/" "Mozilla/5.0 (Windows NT 10.0; Win64; x64) AppleWebKit/537.36 (KHTML, like Gecko) Chrome/131.0.0.0 Safari/537.36" mandncleaningservice.com 162.241.194.38
114.10.44.198 - - [20/May/2025:11:08:33 -0500] "GET /?_bd_prev_page=https://mandncleaningservice.com/detail.php?shopdetail/31045777/&_bdsid=2ulvIJ.n~ZXCIW.1721886656070.1721886848&_ga=/etc/passwd%00&_gl=1*1ix4f11*_gcl_au*MTYxMTI1OTI3MS4xNzIxODg2NjU0*_ga*ODYyMzk4MzA3LjE2OTk0NTM1Nzg.*_ga_7H42SVMQ0V*MTcyMTg4NjY1NS4xMjEuMS4xNzIxODg2NjY5LjQ2LjAuMA.. HTTP/2.0" 406 226 "https://www.google.com/" "Mozilla/5.0 (Windows NT 10.0; Win64; x64) AppleWebKit/537.36 (KHTML, like Gecko) Chrome/131.0.0.0 Safari/537.36" mandncleaningservice.com 162.241.194.38
219.92.206.49 - - [20/May/2025:11:08:33 -0500] "GET /?_bd_prev_page=https://mandncleaningservice.com/detail.php?shopdetail/31045777/&_bdsid=2ulvIJ.n~ZXCIW.1721886656070.1721886848&_ga=2.198040047.1958808748.1721886654-862398307.1699453578\">'||'3125'LIKE'5'&_gl=1*1ix4f11*_gcl_au*MTYxMTI1OTI3MS4xNzIxODg2NjU0*_ga*ODYyMzk4MzA3LjE2OTk0NTM1Nzg.*_ga_7H42SVMQ0V*MTcyMTg4NjY1NS4xMjEuMS4xNzIxODg2NjY5LjQ2LjAuMA.. HTTP/1.1" 200 305 "https://www.google.com/" "Mozilla/5.0 (Windows NT 10.0; Win64; x64) AppleWebKit/537.36 (KHTML, like Gecko) Chrome/131.0.0.0 Safari/537.36" mandncleaningservice.com 162.241.194.38
219.92.206.49 - - [20/May/2025:11:08:33 -0500] "GET /?_bd_prev_page=https://mandncleaningservice.com/detail.php?shopdetail/31045777/&_bdsid=2ulvIJ.n~ZXCIW.1721886656070.1721886848&_ga=2.198040047.1958808748.1721886654-862398307.1699453578\">'||'3125'LIKE'5'&_gl=1*1ix4f11*_gcl_au*MTYxMTI1OTI3MS4xNzIxODg2NjU0*_ga*ODYyMzk4MzA3LjE2OTk0NTM1Nzg.*_ga_7H42SVMQ0V*MTcyMTg4NjY1NS4xMjEuMS4xNzIxODg2NjY5LjQ2LjAuMA.. HTTP/2.0" 200 305 "https://www.google.com/" "Mozilla/5.0 (Windows NT 10.0; Win64; x64) AppleWebKit/537.36 (KHTML, like Gecko) Chrome/131.0.0.0 Safari/537.36" mandncleaningservice.com 162.241.194.38
31.18.199.202 - - [20/May/2025:11:08:33 -0500] "GET /400.shtml HTTP/1.1" 200 21409 "https://www.google.com/" "Mozilla/5.0 (Windows NT 10.0; Win64; x64) AppleWebKit/537.36 (KHTML, like Gecko) Chrome/131.0.0.0 Safari/537.36" mandncleaningservice.com 162.241.194.38
31.18.199.202 - - [20/May/2025:11:08:33 -0500] "GET /?_bd_prev_page=https://mandncleaningservice.com/detail.php?shopdetail/31045777/REVERSE(0a%)REVERSE(3%27%3D%2772%27RO%27%3E%22)&_bdsid=2ulvIJ.n~ZXCIW.1721886656070.1721886848&_ga=2.198040047.1958808748.1721886654-862398307.1699453578&_gl=1*1ix4f11*_gcl_au*MTYxMTI1OTI3MS4xNzIxODg2NjU0*_ga*ODYyMzk4MzA3LjE2OTk0NTM1Nzg.*_ga_7H42SVMQ0V*MTcyMTg4NjY1NS4xMjEuMS4xNzIxODg2NjY5LjQ2LjAuMA.. HTTP/2.0" 200 21409 "https://www.google.com/" "Mozilla/5.0 (Windows NT 10.0; Win64; x64) AppleWebKit/537.36 (KHTML, like Gecko) Chrome/131.0.0.0 Safari/537.36" mandncleaningservice.com 162.241.194.38
178.219.168.243 - - [20/May/2025:11:08:33 -0500] "GET /?_bd_prev_page=https://mandncleaningservice.com/detail.php?shopdetail/31045777/&_bdsid=2ulvIJ.n~ZXCIW.1721886656070.1721886848&_ga=2.198040047.1958808748.1721886654-862398307.1699453578&_gl=/etc/passwd HTTP/1.1" 200 305 "https://www.google.com/" "Mozilla/5.0 (Windows NT 10.0; Win64; x64) AppleWebKit/537.36 (KHTML, like Gecko) Chrome/131.0.0.0 Safari/537.36" mandncleaningservice.com 162.241.194.38
178.219.168.243 - - [20/May/2025:11:08:33 -0500] "GET /?_bd_prev_page=https://mandncleaningservice.com/detail.php?shopdetail/31045777/&_bdsid=2ulvIJ.n~ZXCIW.1721886656070.1721886848&_ga=2.198040047.1958808748.1721886654-862398307.1699453578&_gl=/etc/passwd HTTP/2.0" 200 305 "https://www.google.com/" "Mozilla/5.0 (Windows NT 10.0; Win64; x64) AppleWebKit/537.36 (KHTML, like Gecko) Chrome/131.0.0.0 Safari/537.36" mandncleaningservice.com 162.241.194.38
219.92.206.49 - - [20/May/2025:11:08:34 -0500] "GET /?_bd_prev_page=https://mandncleaningservice.com/detail.php?shopdetail/31045777/&_bdsid=2ulvIJ.n~ZXCIW.1721886656070.1721886848&_ga=2.198040047.1958808748.1721886654-862398307.1699453578&_gl=1*1ix4f11*_gcl_au*MTYxMTI1OTI3MS4xNzIxODg2NjU0*_ga*ODYyMzk4MzA3LjE2OTk0NTM1Nzg.*_ga_7H42SVMQ0V*MTcyMTg4NjY1NS4xMjEuMS4xNzIxODg2NjY5LjQ2LjAuMA..\">'||'3125'LIKE'5' HTTP/1.1" 200 305 "https://www.google.com/" "Mozilla/5.0 (Windows NT 10.0; Win64; x64) AppleWebKit/537.36 (KHTML, like Gecko) Chrome/131.0.0.0 Safari/537.36" mandncleaningservice.com 162.241.194.38
219.92.206.49 - - [20/May/2025:11:08:34 -0500] "GET /?_bd_prev_page=https://mandncleaningservice.com/detail.php?shopdetail/31045777/&_bdsid=2ulvIJ.n~ZXCIW.1721886656070.1721886848&_ga=2.198040047.1958808748.1721886654-862398307.1699453578&_gl=1*1ix4f11*_gcl_au*MTYxMTI1OTI3MS4xNzIxODg2NjU0*_ga*ODYyMzk4MzA3LjE2OTk0NTM1Nzg.*_ga_7H42SVMQ0V*MTcyMTg4NjY1NS4xMjEuMS4xNzIxODg2NjY5LjQ2LjAuMA..\">'||'3125'LIKE'5' HTTP/2.0" 200 305 "https://www.google.com/" "Mozilla/5.0 (Windows NT 10.0; Win64; x64) AppleWebKit/537.36 (KHTML, like Gecko) Chrome/131.0.0.0 Safari/537.36" mandncleaningservice.com 162.241.194.38
31.18.199.202 - - [20/May/2025:11:08:34 -0500] "GET /400.shtml HTTP/1.1" 200 21409 "https://www.google.com/" "Mozilla/5.0 (Windows NT 10.0; Win64; x64) AppleWebKit/537.36 (KHTML, like Gecko) Chrome/131.0.0.0 Safari/537.36" mandncleaningservice.com 162.241.194.38
31.18.199.202 - - [20/May/2025:11:08:34 -0500] "GET /?_bd_prev_page=https://mandncleaningservice.com/detail.php?shopdetail/31045777/&_bdsid=2ulvIJ.n~ZXCIW.1721886656070.1721886848REVERSE(0a%)REVERSE(3%27%3D%2772%27RO%27%3E%22)&_ga=2.198040047.1958808748.1721886654-862398307.1699453578&_gl=1*1ix4f11*_gcl_au*MTYxMTI1OTI3MS4xNzIxODg2NjU0*_ga*ODYyMzk4MzA3LjE2OTk0NTM1Nzg.*_ga_7H42SVMQ0V*MTcyMTg4NjY1NS4xMjEuMS4xNzIxODg2NjY5LjQ2LjAuMA.. HTTP/2.0" 200 21409 "https://www.google.com/" "Mozilla/5.0 (Windows NT 10.0; Win64; x64) AppleWebKit/537.36 (KHTML, like Gecko) Chrome/131.0.0.0 Safari/537.36" mandncleaningservice.com 162.241.194.38
178.219.168.243 - - [20/May/2025:11:08:34 -0500] "GET /?_bd_prev_page=/etc/passwd&_bdsid=2ulvIJ.n~ZXCIW.1721886656070.1721886848&_ga=2.198040047.1958808748.1721886654-862398307.1699453578&_gl=1*1ix4f11*_gcl_au*MTYxMTI1OTI3MS4xNzIxODg2NjU0*_ga*ODYyMzk4MzA3LjE2OTk0NTM1Nzg.*_ga_7H42SVMQ0V*MTcyMTg4NjY1NS4xMjEuMS4xNzIxODg2NjY5LjQ2LjAuMA.. HTTP/1.1" 200 21409 "https://www.google.com/" "Mozilla/5.0 (Windows NT 10.0; Win64; x64) AppleWebKit/537.36 (KHTML, like Gecko) Chrome/131.0.0.0 Safari/537.36" mandncleaningservice.com 162.241.194.38
178.219.168.243 - - [20/May/2025:11:08:34 -0500] "GET /?_bd_prev_page=/etc/passwd&_bdsid=2ulvIJ.n~ZXCIW.1721886656070.1721886848&_ga=2.198040047.1958808748.1721886654-862398307.1699453578&_gl=1*1ix4f11*_gcl_au*MTYxMTI1OTI3MS4xNzIxODg2NjU0*_ga*ODYyMzk4MzA3LjE2OTk0NTM1Nzg.*_ga_7H42SVMQ0V*MTcyMTg4NjY1NS4xMjEuMS4xNzIxODg2NjY5LjQ2LjAuMA.. HTTP/2.0" 200 21409 "https://www.google.com/" "Mozilla/5.0 (Windows NT 10.0; Win64; x64) AppleWebKit/537.36 (KHTML, like Gecko) Chrome/131.0.0.0 Safari/537.36" mandncleaningservice.com 162.241.194.38
219.92.206.49 - - [20/May/2025:11:08:35 -0500] "GET /?_bd_prev_page=https://mandncleaningservice.com/detail.php?shopdetail/31045777/\">'||'3125'LIKE'5'&_bdsid=2ulvIJ.n~ZXCIW.1721886656070.1721886848&_ga=2.198040047.1958808748.1721886654-862398307.1699453578&_gl=1*1ix4f11*_gcl_au*MTYxMTI1OTI3MS4xNzIxODg2NjU0*_ga*ODYyMzk4MzA3LjE2OTk0NTM1Nzg.*_ga_7H42SVMQ0V*MTcyMTg4NjY1NS4xMjEuMS4xNzIxODg2NjY5LjQ2LjAuMA.. HTTP/1.1" 200 305 "https://www.google.com/" "Mozilla/5.0 (Windows NT 10.0; Win64; x64) AppleWebKit/537.36 (KHTML, like Gecko) Chrome/131.0.0.0 Safari/537.36" mandncleaningservice.com 162.241.194.38
219.92.206.49 - - [20/May/2025:11:08:35 -0500] "GET /?_bd_prev_page=https://mandncleaningservice.com/detail.php?shopdetail/31045777/\">'||'3125'LIKE'5'&_bdsid=2ulvIJ.n~ZXCIW.1721886656070.1721886848&_ga=2.198040047.1958808748.1721886654-862398307.1699453578&_gl=1*1ix4f11*_gcl_au*MTYxMTI1OTI3MS4xNzIxODg2NjU0*_ga*ODYyMzk4MzA3LjE2OTk0NTM1Nzg.*_ga_7H42SVMQ0V*MTcyMTg4NjY1NS4xMjEuMS4xNzIxODg2NjY5LjQ2LjAuMA.. HTTP/2.0" 200 305 "https://www.google.com/" "Mozilla/5.0 (Windows NT 10.0; Win64; x64) AppleWebKit/537.36 (KHTML, like Gecko) Chrome/131.0.0.0 Safari/537.36" mandncleaningservice.com 162.241.194.38
66.249.66.41 - - [20/May/2025:11:08:36 -0500] "GET /index.php?74136673.shtml HTTP/1.1" 200 26436 "-" "Mozilla/5.0 (Linux; Android 6.0.1; Nexus 5X Build/MMB29P) AppleWebKit/537.36 (KHTML, like Gecko) Chrome/136.0.7103.113 Mobile Safari/537.36 (compatible; Googlebot/2.1; +http://www.google.com/bot.html)" mandncleaningservice.com 162.241.194.38
66.249.66.41 - - [20/May/2025:11:08:36 -0500] "GET /index.php?74136673.shtml HTTP/1.1" 200 26436 "-" "Mozilla/5.0 (Linux; Android 6.0.1; Nexus 5X Build/MMB29P) AppleWebKit/537.36 (KHTML, like Gecko) Chrome/136.0.7103.113 Mobile Safari/537.36 (compatible; Googlebot/2.1; +http://www.google.com/bot.html)" mandncleaningservice.com 162.241.194.38
66.249.66.40 - - [20/May/2025:11:08:37 -0500] "POST /get-message-notify HTTP/1.1" 200 26511 "https://mandncleaningservice.com/index.php?shopdetail/28036455/" "Mozilla/5.0 (Linux; Android 6.0.1; Nexus 5X Build/MMB29P) AppleWebKit/537.36 (KHTML, like Gecko) Chrome/136.0.7103.92 Mobile Safari/537.36 (compatible; Googlebot/2.1; +http://www.google.com/bot.html)" mandncleaningservice.com 162.241.194.38
18.97.14.81 - - [20/May/2025:11:08:38 -0500] "GET /shopdetail/30232588/ HTTP/1.1" 200 21409 "-" "CCBot/2.0 (https://commoncrawl.org/faq/)" mandncleaningservice.com 162.241.194.38
18.97.14.81 - - [20/May/2025:11:08:38 -0500] "GET /shopdetail/30232588/ HTTP/2.0" 200 21409 "-" "CCBot/2.0 (https://commoncrawl.org/faq/)" mandncleaningservice.com 162.241.194.38
52.167.144.204 - - [20/May/2025:11:08:38 -0500] "GET /shopdetail/6332811/ HTTP/2.0" 200 32516 "-" "Mozilla/5.0 AppleWebKit/537.36 (KHTML, like Gecko; compatible; bingbot/2.0; +http://www.bing.com/bingbot.htm) Chrome/116.0.1938.76 Safari/537.36" mandncleaningservice.com 162.241.194.38
57.141.6.8 - - [20/May/2025:11:08:42 -0500] "GET /shopdetail/22275711/ HTTP/1.1" 200 68351 "-" "meta-externalagent/1.1 (+https://developers.facebook.com/docs/sharing/webmasters/crawler)" mandncleaningservice.com 162.241.194.38
57.141.6.8 - - [20/May/2025:11:08:42 -0500] "GET /shopdetail/22275711/ HTTP/2.0" 200 68351 "-" "meta-externalagent/1.1 (+https://developers.facebook.com/docs/sharing/webmasters/crawler)" mandncleaningservice.com 162.241.194.38
51.8.102.243 - - [20/May/2025:11:08:47 -0500] "GET /?_bd_prev_page=https%3A%2F%2Fmandncleaningservice.com%2Fdetail.php%3Fshopdetail%2F30906822%2F&_bdsid=2ulvIJ.n~ZXCIW.1721886656070.1721886848&_ga=2.198040047.1958808748.1721886654-862398307.1699453578&_gl=1%2A1ix4f11%2A_gcl_au%2AMTYxMTI1OTI3MS4xNzIxODg2NjU0%2A_ga%2AODYyMzk4MzA3LjE2OTk0NTM1Nzg.%2A_ga_7H42SVMQ0V%2AMTcyMTg4NjY1NS4xMjEuMS4xNzIxODg2NjY5LjQ2LjAuMA.. HTTP/1.1" 200 21409 "-" "Mozilla/5.0 (Macintosh; Intel Mac OS X 10_15_7) AppleWebKit/537.36 (KHTML, like Gecko) Chrome/131.0.0.0 Safari/537.36; compatible; OAI-SearchBot/1.0; +https://openai.com/searchbot" mandncleaningservice.com 162.241.194.38
51.8.102.243 - - [20/May/2025:11:08:46 -0500] "GET /?_bd_prev_page=https%3A%2F%2Fmandncleaningservice.com%2Fdetail.php%3Fshopdetail%2F30906822%2F&_bdsid=2ulvIJ.n~ZXCIW.1721886656070.1721886848&_ga=2.198040047.1958808748.1721886654-862398307.1699453578&_gl=1%2A1ix4f11%2A_gcl_au%2AMTYxMTI1OTI3MS4xNzIxODg2NjU0%2A_ga%2AODYyMzk4MzA3LjE2OTk0NTM1Nzg.%2A_ga_7H42SVMQ0V%2AMTcyMTg4NjY1NS4xMjEuMS4xNzIxODg2NjY5LjQ2LjAuMA.. HTTP/2.0" 200 21409 "-" "Mozilla/5.0 (Macintosh; Intel Mac OS X 10_15_7) AppleWebKit/537.36 (KHTML, like Gecko) Chrome/131.0.0.0 Safari/537.36; compatible; OAI-SearchBot/1.0; +https://openai.com/searchbot" mandncleaningservice.com 162.241.194.38
51.8.102.171 - - [20/May/2025:11:08:50 -0500] "GET /?_bd_prev_page=https%3A%2F%2Fmandncleaningservice.com%2Fdetail.php%3Fshopdetail%2F16888400%2F&_bdsid=2ulvIJ.n~ZXCIW.1721886656070.1721886848&_ga=2.198040047.1958808748.1721886654-862398307.1699453578&_gl=1%2A1ix4f11%2A_gcl_au%2AMTYxMTI1OTI3MS4xNzIxODg2NjU0%2A_ga%2AODYyMzk4MzA3LjE2OTk0NTM1Nzg.%2A_ga_7H42SVMQ0V%2AMTcyMTg4NjY1NS4xMjEuMS4xNzIxODg2NjY5LjQ2LjAuMA.. HTTP/1.1" 200 21409 "-" "Mozilla/5.0 (Macintosh; Intel Mac OS X 10_15_7) AppleWebKit/537.36 (KHTML, like Gecko) Chrome/131.0.0.0 Safari/537.36; compatible; OAI-SearchBot/1.0; +https://openai.com/searchbot" mandncleaningservice.com 162.241.194.38
51.8.102.171 - - [20/May/2025:11:08:50 -0500] "GET /?_bd_prev_page=https%3A%2F%2Fmandncleaningservice.com%2Fdetail.php%3Fshopdetail%2F16888400%2F&_bdsid=2ulvIJ.n~ZXCIW.1721886656070.1721886848&_ga=2.198040047.1958808748.1721886654-862398307.1699453578&_gl=1%2A1ix4f11%2A_gcl_au%2AMTYxMTI1OTI3MS4xNzIxODg2NjU0%2A_ga%2AODYyMzk4MzA3LjE2OTk0NTM1Nzg.%2A_ga_7H42SVMQ0V%2AMTcyMTg4NjY1NS4xMjEuMS4xNzIxODg2NjY5LjQ2LjAuMA.. HTTP/2.0" 200 21409 "-" "Mozilla/5.0 (Macintosh; Intel Mac OS X 10_15_7) AppleWebKit/537.36 (KHTML, like Gecko) Chrome/131.0.0.0 Safari/537.36; compatible; OAI-SearchBot/1.0; +https://openai.com/searchbot" mandncleaningservice.com 162.241.194.38
66.249.66.40 - - [20/May/2025:11:08:57 -0500] "GET /index.php?shopdetail/20448299/ HTTP/1.1" 200 25949 "-" "Mozilla/5.0 (Linux; Android 6.0.1; Nexus 5X Build/MMB29P) AppleWebKit/537.36 (KHTML, like Gecko) Chrome/136.0.7103.113 Mobile Safari/537.36 (compatible; Googlebot/2.1; +http://www.google.com/bot.html)" mandncleaningservice.com 162.241.194.38
66.249.66.40 - - [20/May/2025:11:08:57 -0500] "GET /index.php?shopdetail/20448299/ HTTP/1.1" 200 25949 "-" "Mozilla/5.0 (Linux; Android 6.0.1; Nexus 5X Build/MMB29P) AppleWebKit/537.36 (KHTML, like Gecko) Chrome/136.0.7103.113 Mobile Safari/537.36 (compatible; Googlebot/2.1; +http://www.google.com/bot.html)" mandncleaningservice.com 162.241.194.38
66.249.66.40 - - [20/May/2025:11:09:07 -0500] "GET /index.php?product/edit/HFOV12903790 HTTP/1.1" 200 27380 "-" "Mozilla/5.0 (Linux; Android 6.0.1; Nexus 5X Build/MMB29P) AppleWebKit/537.36 (KHTML, like Gecko) Chrome/136.0.7103.113 Mobile Safari/537.36 (compatible; Googlebot/2.1; +http://www.google.com/bot.html)" mandncleaningservice.com 162.241.194.38
66.249.66.40 - - [20/May/2025:11:09:07 -0500] "GET /index.php?product/edit/HFOV12903790 HTTP/1.1" 200 27380 "-" "Mozilla/5.0 (Linux; Android 6.0.1; Nexus 5X Build/MMB29P) AppleWebKit/537.36 (KHTML, like Gecko) Chrome/136.0.7103.113 Mobile Safari/537.36 (compatible; Googlebot/2.1; +http://www.google.com/bot.html)" mandncleaningservice.com 162.241.194.38
66.249.66.41 - - [20/May/2025:11:09:07 -0500] "GET /index.php?shopdetail/25699177/ HTTP/1.1" 200 35069 "-" "Mozilla/5.0 (Linux; Android 6.0.1; Nexus 5X Build/MMB29P) AppleWebKit/537.36 (KHTML, like Gecko) Chrome/136.0.7103.113 Mobile Safari/537.36 (compatible; Googlebot/2.1; +http://www.google.com/bot.html)" mandncleaningservice.com 162.241.194.38
66.249.66.41 - - [20/May/2025:11:09:07 -0500] "GET /index.php?shopdetail/25699177/ HTTP/1.1" 200 35069 "-" "Mozilla/5.0 (Linux; Android 6.0.1; Nexus 5X Build/MMB29P) AppleWebKit/537.36 (KHTML, like Gecko) Chrome/136.0.7103.113 Mobile Safari/537.36 (compatible; Googlebot/2.1; +http://www.google.com/bot.html)" mandncleaningservice.com 162.241.194.38
66.249.66.40 - - [20/May/2025:11:09:11 -0500] "POST /get-message-notify HTTP/1.1" 200 26511 "https://mandncleaningservice.com/index.php?product/edit/HFOV12903790" "Mozilla/5.0 (Linux; Android 6.0.1; Nexus 5X Build/MMB29P) AppleWebKit/537.36 (KHTML, like Gecko) Chrome/136.0.7103.92 Mobile Safari/537.36 (compatible; Googlebot/2.1; +http://www.google.com/bot.html)" mandncleaningservice.com 162.241.194.38
66.249.66.40 - - [20/May/2025:11:09:30 -0500] "GET /index.php?shopdetail/7665777/ HTTP/1.1" 200 27183 "-" "Mozilla/5.0 (Linux; Android 6.0.1; Nexus 5X Build/MMB29P) AppleWebKit/537.36 (KHTML, like Gecko) Chrome/136.0.7103.113 Mobile Safari/537.36 (compatible; Googlebot/2.1; +http://www.google.com/bot.html)" mandncleaningservice.com 162.241.194.38
66.249.66.40 - - [20/May/2025:11:09:30 -0500] "GET /index.php?shopdetail/7665777/ HTTP/1.1" 200 27183 "-" "Mozilla/5.0 (Linux; Android 6.0.1; Nexus 5X Build/MMB29P) AppleWebKit/537.36 (KHTML, like Gecko) Chrome/136.0.7103.113 Mobile Safari/537.36 (compatible; Googlebot/2.1; +http://www.google.com/bot.html)" mandncleaningservice.com 162.241.194.38
66.249.66.40 - - [20/May/2025:11:09:30 -0500] "GET /index.php?shopdetail/18631600/ HTTP/1.1" 200 29166 "-" "Mozilla/5.0 (Linux; Android 6.0.1; Nexus 5X Build/MMB29P) AppleWebKit/537.36 (KHTML, like Gecko) Chrome/136.0.7103.113 Mobile Safari/537.36 (compatible; Googlebot/2.1; +http://www.google.com/bot.html)" mandncleaningservice.com 162.241.194.38
66.249.66.40 - - [20/May/2025:11:09:30 -0500] "GET /index.php?shopdetail/18631600/ HTTP/1.1" 200 29166 "-" "Mozilla/5.0 (Linux; Android 6.0.1; Nexus 5X Build/MMB29P) AppleWebKit/537.36 (KHTML, like Gecko) Chrome/136.0.7103.113 Mobile Safari/537.36 (compatible; Googlebot/2.1; +http://www.google.com/bot.html)" mandncleaningservice.com 162.241.194.38
66.249.66.40 - - [20/May/2025:11:09:35 -0500] "POST /get-message-notify HTTP/1.1" 200 26511 "https://mandncleaningservice.com/index.php?shopdetail/18631600/" "Mozilla/5.0 (Linux; Android 6.0.1; Nexus 5X Build/MMB29P) AppleWebKit/537.36 (KHTML, like Gecko) Chrome/136.0.7103.92 Mobile Safari/537.36 (compatible; Googlebot/2.1; +http://www.google.com/bot.html)" mandncleaningservice.com 162.241.194.38
66.249.66.40 - - [20/May/2025:11:09:40 -0500] "GET /index.php?98268014.shtml HTTP/1.1" 200 26499 "-" "Mozilla/5.0 (Linux; Android 6.0.1; Nexus 5X Build/MMB29P) AppleWebKit/537.36 (KHTML, like Gecko) Chrome/136.0.7103.113 Mobile Safari/537.36 (compatible; Googlebot/2.1; +http://www.google.com/bot.html)" mandncleaningservice.com 162.241.194.38
66.249.66.40 - - [20/May/2025:11:09:40 -0500] "GET /index.php?98268014.shtml HTTP/1.1" 200 26499 "-" "Mozilla/5.0 (Linux; Android 6.0.1; Nexus 5X Build/MMB29P) AppleWebKit/537.36 (KHTML, like Gecko) Chrome/136.0.7103.113 Mobile Safari/537.36 (compatible; Googlebot/2.1; +http://www.google.com/bot.html)" mandncleaningservice.com 162.241.194.38
18.97.14.81 - - [20/May/2025:11:09:58 -0500] "GET /shopdetail/1976788/ HTTP/1.1" 200 21409 "-" "CCBot/2.0 (https://commoncrawl.org/faq/)" mandncleaningservice.com 162.241.194.38
18.97.14.81 - - [20/May/2025:11:09:58 -0500] "GET /shopdetail/1976788/ HTTP/2.0" 200 21409 "-" "CCBot/2.0 (https://commoncrawl.org/faq/)" mandncleaningservice.com 162.241.194.38
66.249.66.42 - - [20/May/2025:11:10:05 -0500] "GET /index.php?product/edit/FJIC93112876 HTTP/1.1" 200 27386 "-" "Mozilla/5.0 (Linux; Android 6.0.1; Nexus 5X Build/MMB29P) AppleWebKit/537.36 (KHTML, like Gecko) Chrome/136.0.7103.113 Mobile Safari/537.36 (compatible; Googlebot/2.1; +http://www.google.com/bot.html)" mandncleaningservice.com 162.241.194.38
66.249.66.42 - - [20/May/2025:11:10:04 -0500] "GET /index.php?product/edit/FJIC93112876 HTTP/1.1" 200 27386 "-" "Mozilla/5.0 (Linux; Android 6.0.1; Nexus 5X Build/MMB29P) AppleWebKit/537.36 (KHTML, like Gecko) Chrome/136.0.7103.113 Mobile Safari/537.36 (compatible; Googlebot/2.1; +http://www.google.com/bot.html)" mandncleaningservice.com 162.241.194.38
66.249.66.42 - - [20/May/2025:11:10:05 -0500] "GET /index.php?288161991.shtml HTTP/1.1" 200 28693 "-" "Mozilla/5.0 (Linux; Android 6.0.1; Nexus 5X Build/MMB29P) AppleWebKit/537.36 (KHTML, like Gecko) Chrome/136.0.7103.113 Mobile Safari/537.36 (compatible; Googlebot/2.1; +http://www.google.com/bot.html)" mandncleaningservice.com 162.241.194.38
66.249.66.42 - - [20/May/2025:11:10:05 -0500] "GET /index.php?288161991.shtml HTTP/1.1" 200 28693 "-" "Mozilla/5.0 (Linux; Android 6.0.1; Nexus 5X Build/MMB29P) AppleWebKit/537.36 (KHTML, like Gecko) Chrome/136.0.7103.113 Mobile Safari/537.36 (compatible; Googlebot/2.1; +http://www.google.com/bot.html)" mandncleaningservice.com 162.241.194.38
66.249.66.42 - - [20/May/2025:11:10:06 -0500] "POST /get-message-notify HTTP/1.1" 200 26511 "https://mandncleaningservice.com/index.php?product/edit/FJIC93112876" "Mozilla/5.0 AppleWebKit/537.36 (KHTML, like Gecko; compatible; Googlebot/2.1; +http://www.google.com/bot.html) Chrome/136.0.7103.92 Safari/537.36" mandncleaningservice.com 162.241.194.38
66.249.66.40 - - [20/May/2025:11:10:06 -0500] "POST /get-message-notify HTTP/1.1" 200 26511 "https://mandncleaningservice.com/index.php?shopdetail/7665777/" "Mozilla/5.0 (Linux; Android 6.0.1; Nexus 5X Build/MMB29P) AppleWebKit/537.36 (KHTML, like Gecko) Chrome/136.0.7103.92 Mobile Safari/537.36 (compatible; Googlebot/2.1; +http://www.google.com/bot.html)" mandncleaningservice.com 162.241.194.38
66.249.66.41 - - [20/May/2025:11:10:09 -0500] "POST /get-message-notify HTTP/1.1" 200 26511 "https://mandncleaningservice.com/index.php?288161991.shtml" "Mozilla/5.0 (Linux; Android 6.0.1; Nexus 5X Build/MMB29P) AppleWebKit/537.36 (KHTML, like Gecko) Chrome/136.0.7103.92 Mobile Safari/537.36 (compatible; Googlebot/2.1; +http://www.google.com/bot.html)" mandncleaningservice.com 162.241.194.38
66.249.66.40 - - [20/May/2025:11:10:25 -0500] "GET /index.php?shopdetail/21669799/ HTTP/1.1" 200 28380 "-" "Mozilla/5.0 (Linux; Android 6.0.1; Nexus 5X Build/MMB29P) AppleWebKit/537.36 (KHTML, like Gecko) Chrome/136.0.7103.113 Mobile Safari/537.36 (compatible; Googlebot/2.1; +http://www.google.com/bot.html)" mandncleaningservice.com 162.241.194.38
66.249.66.40 - - [20/May/2025:11:10:25 -0500] "GET /index.php?shopdetail/21669799/ HTTP/1.1" 200 28380 "-" "Mozilla/5.0 (Linux; Android 6.0.1; Nexus 5X Build/MMB29P) AppleWebKit/537.36 (KHTML, like Gecko) Chrome/136.0.7103.113 Mobile Safari/537.36 (compatible; Googlebot/2.1; +http://www.google.com/bot.html)" mandncleaningservice.com 162.241.194.38
66.249.66.40 - - [20/May/2025:11:10:37 -0500] "GET /index.php?shopdetail/7956199/ HTTP/1.1" 200 29909 "-" "Mozilla/5.0 (Linux; Android 6.0.1; Nexus 5X Build/MMB29P) AppleWebKit/537.36 (KHTML, like Gecko) Chrome/136.0.7103.113 Mobile Safari/537.36 (compatible; Googlebot/2.1; +http://www.google.com/bot.html)" mandncleaningservice.com 162.241.194.38
66.249.66.40 - - [20/May/2025:11:10:37 -0500] "GET /index.php?shopdetail/7956199/ HTTP/1.1" 200 29909 "-" "Mozilla/5.0 (Linux; Android 6.0.1; Nexus 5X Build/MMB29P) AppleWebKit/537.36 (KHTML, like Gecko) Chrome/136.0.7103.113 Mobile Safari/537.36 (compatible; Googlebot/2.1; +http://www.google.com/bot.html)" mandncleaningservice.com 162.241.194.38
