57.141.6.21 - - [20/May/2025:13:30:30 -0500] "GET /shopdetail/19496155/images/mandncleaning.mp4 HTTP/2.0" 200 68351 "-" "meta-externalagent/1.1 (+https://developers.facebook.com/docs/sharing/webmasters/crawler)" mandncleaningservice.com 162.241.194.38
66.249.66.161 - - [20/May/2025:13:30:30 -0500] "GET /index.php?zhHant/product/surugaya/UTB21878863?campaign_uid=f64d716db5e979ed2f947dbaf4296895b951ae7f HTTP/1.1" 200 27072 "-" "Mozilla/5.0 (Linux; Android 6.0.1; Nexus 5X Build/MMB29P) AppleWebKit/537.36 (KHTML, like Gecko) Chrome/136.0.7103.113 Mobile Safari/537.36 (compatible; Googlebot/2.1; +http://www.google.com/bot.html)" mandncleaningservice.com 162.241.194.38
66.249.66.161 - - [20/May/2025:13:30:30 -0500] "GET /index.php?zhHant/product/surugaya/UTB21878863?campaign_uid=f64d716db5e979ed2f947dbaf4296895b951ae7f HTTP/1.1" 200 27072 "-" "Mozilla/5.0 (Linux; Android 6.0.1; Nexus 5X Build/MMB29P) AppleWebKit/537.36 (KHTML, like Gecko) Chrome/136.0.7103.113 Mobile Safari/537.36 (compatible; Googlebot/2.1; +http://www.google.com/bot.html)" mandncleaningservice.com 162.241.194.38
52.167.144.171 - - [20/May/2025:13:30:31 -0500] "GET /shopdetail/10825533/ HTTP/1.1" 200 29530 "-" "Mozilla/5.0 AppleWebKit/537.36 (KHTML, like Gecko; compatible; bingbot/2.0; +http://www.bing.com/bingbot.htm) Chrome/116.0.1938.76 Safari/537.36" mandncleaningservice.com 162.241.194.38
52.167.144.171 - - [20/May/2025:13:30:31 -0500] "GET /shopdetail/10825533/ HTTP/2.0" 200 29530 "-" "Mozilla/5.0 AppleWebKit/537.36 (KHTML, like Gecko; compatible; bingbot/2.0; +http://www.bing.com/bingbot.htm) Chrome/116.0.1938.76 Safari/537.36" mandncleaningservice.com 162.241.194.38
66.249.66.13 - - [20/May/2025:13:30:32 -0500] "GET /index.php?shopdetail/17785266/ HTTP/1.1" 200 26693 "-" "Mozilla/5.0 (Linux; Android 6.0.1; Nexus 5X Build/MMB29P) AppleWebKit/537.36 (KHTML, like Gecko) Chrome/136.0.7103.113 Mobile Safari/537.36 (compatible; Googlebot/2.1; +http://www.google.com/bot.html)" mandncleaningservice.com 162.241.194.38
66.249.66.13 - - [20/May/2025:13:30:32 -0500] "GET /index.php?shopdetail/17785266/ HTTP/1.1" 200 26693 "-" "Mozilla/5.0 (Linux; Android 6.0.1; Nexus 5X Build/MMB29P) AppleWebKit/537.36 (KHTML, like Gecko) Chrome/136.0.7103.113 Mobile Safari/537.36 (compatible; Googlebot/2.1; +http://www.google.com/bot.html)" mandncleaningservice.com 162.241.194.38
57.141.6.4 - - [20/May/2025:13:30:32 -0500] "GET /shopdetail/2965544/images/mandncleaning.mp4 HTTP/2.0" 200 68351 "-" "meta-externalagent/1.1 (+https://developers.facebook.com/docs/sharing/webmasters/crawler)" mandncleaningservice.com 162.241.194.38
66.249.66.160 - - [20/May/2025:13:30:32 -0500] "GET /index.php?159366415.shtml HTTP/1.1" 200 29326 "-" "Mozilla/5.0 (Linux; Android 6.0.1; Nexus 5X Build/MMB29P) AppleWebKit/537.36 (KHTML, like Gecko) Chrome/136.0.7103.113 Mobile Safari/537.36 (compatible; Googlebot/2.1; +http://www.google.com/bot.html)" mandncleaningservice.com 162.241.194.38
66.249.66.160 - - [20/May/2025:13:30:32 -0500] "GET /index.php?159366415.shtml HTTP/1.1" 200 29326 "-" "Mozilla/5.0 (Linux; Android 6.0.1; Nexus 5X Build/MMB29P) AppleWebKit/537.36 (KHTML, like Gecko) Chrome/136.0.7103.113 Mobile Safari/537.36 (compatible; Googlebot/2.1; +http://www.google.com/bot.html)" mandncleaningservice.com 162.241.194.38
57.141.6.16 - - [20/May/2025:13:30:33 -0500] "GET /shopdetail/14948577/images/mandncleaning.mp4 HTTP/2.0" 200 68351 "-" "meta-externalagent/1.1 (+https://developers.facebook.com/docs/sharing/webmasters/crawler)" mandncleaningservice.com 162.241.194.38
66.249.66.194 - - [20/May/2025:13:30:34 -0500] "GET /index.php?shopdetail/7372566/ HTTP/1.1" 200 31630 "-" "Mozilla/5.0 (Linux; Android 6.0.1; Nexus 5X Build/MMB29P) AppleWebKit/537.36 (KHTML, like Gecko) Chrome/136.0.7103.113 Mobile Safari/537.36 (compatible; Googlebot/2.1; +http://www.google.com/bot.html)" mandncleaningservice.com 162.241.194.38
66.249.66.194 - - [20/May/2025:13:30:34 -0500] "GET /index.php?shopdetail/7372566/ HTTP/1.1" 200 31630 "-" "Mozilla/5.0 (Linux; Android 6.0.1; Nexus 5X Build/MMB29P) AppleWebKit/537.36 (KHTML, like Gecko) Chrome/136.0.7103.113 Mobile Safari/537.36 (compatible; Googlebot/2.1; +http://www.google.com/bot.html)" mandncleaningservice.com 162.241.194.38
57.141.6.16 - - [20/May/2025:13:30:35 -0500] "GET /shopdetail/27184455/images/mandncleaning.mp4 HTTP/2.0" 200 68351 "-" "meta-externalagent/1.1 (+https://developers.facebook.com/docs/sharing/webmasters/crawler)" mandncleaningservice.com 162.241.194.38
57.141.6.6 - - [20/May/2025:13:30:35 -0500] "GET /shopdetail/5347777/images/mandncleaning.mp4 HTTP/2.0" 200 68351 "-" "meta-externalagent/1.1 (+https://developers.facebook.com/docs/sharing/webmasters/crawler)" mandncleaningservice.com 162.241.194.38
66.249.66.40 - - [20/May/2025:13:30:36 -0500] "GET /index.php?product/edit/YAJI37163646 HTTP/1.1" 200 27385 "-" "Mozilla/5.0 (Linux; Android 6.0.1; Nexus 5X Build/MMB29P) AppleWebKit/537.36 (KHTML, like Gecko) Chrome/136.0.7103.113 Mobile Safari/537.36 (compatible; Googlebot/2.1; +http://www.google.com/bot.html)" mandncleaningservice.com 162.241.194.38
66.249.66.40 - - [20/May/2025:13:30:35 -0500] "GET /index.php?product/edit/YAJI37163646 HTTP/1.1" 200 27385 "-" "Mozilla/5.0 (Linux; Android 6.0.1; Nexus 5X Build/MMB29P) AppleWebKit/537.36 (KHTML, like Gecko) Chrome/136.0.7103.113 Mobile Safari/537.36 (compatible; Googlebot/2.1; +http://www.google.com/bot.html)" mandncleaningservice.com 162.241.194.38
57.141.6.9 - - [20/May/2025:13:30:37 -0500] "GET /shopdetail/18045188/images/mandncleaning.mp4 HTTP/2.0" 200 68351 "-" "meta-externalagent/1.1 (+https://developers.facebook.com/docs/sharing/webmasters/crawler)" mandncleaningservice.com 162.241.194.38
57.141.6.1 - - [20/May/2025:13:30:39 -0500] "GET /shopdetail/26351711/images/mandncleaning.mp4 HTTP/2.0" 200 68351 "-" "meta-externalagent/1.1 (+https://developers.facebook.com/docs/sharing/webmasters/crawler)" mandncleaningservice.com 162.241.194.38
57.141.6.6 - - [20/May/2025:13:30:39 -0500] "GET /shopdetail/27424100/images/mandncleaning.mp4 HTTP/2.0" 200 68351 "-" "meta-externalagent/1.1 (+https://developers.facebook.com/docs/sharing/webmasters/crawler)" mandncleaningservice.com 162.241.194.38
57.141.6.6 - - [20/May/2025:13:30:41 -0500] "GET /shopdetail/5913733/images/mandncleaning.mp4 HTTP/2.0" 200 68351 "-" "meta-externalagent/1.1 (+https://developers.facebook.com/docs/sharing/webmasters/crawler)" mandncleaningservice.com 162.241.194.38
57.141.6.18 - - [20/May/2025:13:30:43 -0500] "GET /shopdetail/24711333/images/mandncleaning.mp4 HTTP/2.0" 200 68351 "-" "meta-externalagent/1.1 (+https://developers.facebook.com/docs/sharing/webmasters/crawler)" mandncleaningservice.com 162.241.194.38
57.141.6.24 - - [20/May/2025:13:30:44 -0500] "GET /shopdetail/30767233/images/mandncleaning.mp4 HTTP/2.0" 200 68351 "-" "meta-externalagent/1.1 (+https://developers.facebook.com/docs/sharing/webmasters/crawler)" mandncleaningservice.com 162.241.194.38
57.141.6.27 - - [20/May/2025:13:30:45 -0500] "GET /shopdetail/2851344/images/mandncleaning.mp4 HTTP/2.0" 200 68351 "-" "meta-externalagent/1.1 (+https://developers.facebook.com/docs/sharing/webmasters/crawler)" mandncleaningservice.com 162.241.194.38
66.249.66.11 - - [20/May/2025:13:30:45 -0500] "POST /get-message-notify HTTP/1.1" 200 26511 "https://mandncleaningservice.com/index.php?159366415.shtml" "Mozilla/5.0 (Linux; Android 6.0.1; Nexus 5X Build/MMB29P) AppleWebKit/537.36 (KHTML, like Gecko) Chrome/136.0.7103.92 Mobile Safari/537.36 (compatible; Googlebot/2.1; +http://www.google.com/bot.html)" mandncleaningservice.com 162.241.194.38
157.55.39.49 - - [20/May/2025:13:30:46 -0500] "GET /shopdetail/7869600/ HTTP/1.1" 200 27595 "-" "Mozilla/5.0 AppleWebKit/537.36 (KHTML, like Gecko; compatible; bingbot/2.0; +http://www.bing.com/bingbot.htm) Chrome/116.0.1938.76 Safari/537.36" mandncleaningservice.com 162.241.194.38
157.55.39.49 - - [20/May/2025:13:30:46 -0500] "GET /shopdetail/7869600/ HTTP/2.0" 200 27595 "-" "Mozilla/5.0 AppleWebKit/537.36 (KHTML, like Gecko; compatible; bingbot/2.0; +http://www.bing.com/bingbot.htm) Chrome/116.0.1938.76 Safari/537.36" mandncleaningservice.com 162.241.194.38
57.141.6.3 - - [20/May/2025:13:30:46 -0500] "GET /shopdetail/30956266/images/mandncleaning.mp4 HTTP/2.0" 200 68351 "-" "meta-externalagent/1.1 (+https://developers.facebook.com/docs/sharing/webmasters/crawler)" mandncleaningservice.com 162.241.194.38
57.141.6.23 - - [20/May/2025:13:30:47 -0500] "GET /shopdetail/27301622/images/mandncleaning.mp4 HTTP/2.0" 200 68351 "-" "meta-externalagent/1.1 (+https://developers.facebook.com/docs/sharing/webmasters/crawler)" mandncleaningservice.com 162.241.194.38
57.141.6.4 - - [20/May/2025:13:30:49 -0500] "GET /shopdetail/31198977/images/mandncleaning.mp4 HTTP/2.0" 200 68351 "-" "meta-externalagent/1.1 (+https://developers.facebook.com/docs/sharing/webmasters/crawler)" mandncleaningservice.com 162.241.194.38
57.141.6.29 - - [20/May/2025:13:30:50 -0500] "GET /shopdetail/23669377/images/mandncleaning.mp4 HTTP/2.0" 200 68351 "-" "meta-externalagent/1.1 (+https://developers.facebook.com/docs/sharing/webmasters/crawler)" mandncleaningservice.com 162.241.194.38
57.141.6.10 - - [20/May/2025:13:30:52 -0500] "GET /shopdetail/21425877/images/mandncleaning.mp4 HTTP/2.0" 200 68351 "-" "meta-externalagent/1.1 (+https://developers.facebook.com/docs/sharing/webmasters/crawler)" mandncleaningservice.com 162.241.194.38
57.141.6.27 - - [20/May/2025:13:30:53 -0500] "GET /shopdetail/13091800/images/mandncleaning.mp4 HTTP/2.0" 200 68351 "-" "meta-externalagent/1.1 (+https://developers.facebook.com/docs/sharing/webmasters/crawler)" mandncleaningservice.com 162.241.194.38
57.141.6.6 - - [20/May/2025:13:30:54 -0500] "GET /shopdetail/11347688/images/mandncleaning.mp4 HTTP/2.0" 200 68351 "-" "meta-externalagent/1.1 (+https://developers.facebook.com/docs/sharing/webmasters/crawler)" mandncleaningservice.com 162.241.194.38
57.141.6.4 - - [20/May/2025:13:30:56 -0500] "GET /shopdetail/25537099/images/mandncleaning.mp4 HTTP/2.0" 200 68351 "-" "meta-externalagent/1.1 (+https://developers.facebook.com/docs/sharing/webmasters/crawler)" mandncleaningservice.com 162.241.194.38
66.249.66.74 - - [20/May/2025:13:30:56 -0500] "GET /index.php?shopdetail/18688888/ HTTP/1.1" 200 29378 "-" "Mozilla/5.0 (Linux; Android 6.0.1; Nexus 5X Build/MMB29P) AppleWebKit/537.36 (KHTML, like Gecko) Chrome/136.0.7103.113 Mobile Safari/537.36 (compatible; Googlebot/2.1; +http://www.google.com/bot.html)" mandncleaningservice.com 162.241.194.38
66.249.66.74 - - [20/May/2025:13:30:56 -0500] "GET /index.php?shopdetail/18688888/ HTTP/1.1" 200 29378 "-" "Mozilla/5.0 (Linux; Android 6.0.1; Nexus 5X Build/MMB29P) AppleWebKit/537.36 (KHTML, like Gecko) Chrome/136.0.7103.113 Mobile Safari/537.36 (compatible; Googlebot/2.1; +http://www.google.com/bot.html)" mandncleaningservice.com 162.241.194.38
57.141.6.7 - - [20/May/2025:13:30:57 -0500] "GET /shopdetail/20152322/images/mandncleaning.mp4 HTTP/2.0" 200 68351 "-" "meta-externalagent/1.1 (+https://developers.facebook.com/docs/sharing/webmasters/crawler)" mandncleaningservice.com 162.241.194.38
66.249.66.74 - - [20/May/2025:13:30:59 -0500] "GET /index.php?shopdetail/18692222/ HTTP/1.1" 200 27096 "-" "Mozilla/5.0 (Linux; Android 6.0.1; Nexus 5X Build/MMB29P) AppleWebKit/537.36 (KHTML, like Gecko) Chrome/136.0.7103.113 Mobile Safari/537.36 (compatible; Googlebot/2.1; +http://www.google.com/bot.html)" mandncleaningservice.com 162.241.194.38
66.249.66.74 - - [20/May/2025:13:30:59 -0500] "GET /index.php?shopdetail/18692222/ HTTP/1.1" 200 27096 "-" "Mozilla/5.0 (Linux; Android 6.0.1; Nexus 5X Build/MMB29P) AppleWebKit/537.36 (KHTML, like Gecko) Chrome/136.0.7103.113 Mobile Safari/537.36 (compatible; Googlebot/2.1; +http://www.google.com/bot.html)" mandncleaningservice.com 162.241.194.38
57.141.6.16 - - [20/May/2025:13:30:59 -0500] "GET /shopdetail/30030344/images/mandncleaning.mp4 HTTP/2.0" 200 68351 "-" "meta-externalagent/1.1 (+https://developers.facebook.com/docs/sharing/webmasters/crawler)" mandncleaningservice.com 162.241.194.38
57.141.6.8 - - [20/May/2025:13:31:00 -0500] "GET /shopdetail/15475544/images/mandncleaning.mp4 HTTP/2.0" 200 68351 "-" "meta-externalagent/1.1 (+https://developers.facebook.com/docs/sharing/webmasters/crawler)" mandncleaningservice.com 162.241.194.38
66.249.66.162 - - [20/May/2025:13:31:00 -0500] "GET /index.php?shopdetail/19212499/ HTTP/1.1" 200 29796 "-" "Mozilla/5.0 (Linux; Android 6.0.1; Nexus 5X Build/MMB29P) AppleWebKit/537.36 (KHTML, like Gecko) Chrome/136.0.7103.113 Mobile Safari/537.36 (compatible; Googlebot/2.1; +http://www.google.com/bot.html)" mandncleaningservice.com 162.241.194.38
66.249.66.162 - - [20/May/2025:13:31:00 -0500] "GET /index.php?shopdetail/19212499/ HTTP/1.1" 200 29796 "-" "Mozilla/5.0 (Linux; Android 6.0.1; Nexus 5X Build/MMB29P) AppleWebKit/537.36 (KHTML, like Gecko) Chrome/136.0.7103.113 Mobile Safari/537.36 (compatible; Googlebot/2.1; +http://www.google.com/bot.html)" mandncleaningservice.com 162.241.194.38
57.141.6.19 - - [20/May/2025:13:31:02 -0500] "GET /shopdetail/21704744/images/mandncleaning.mp4 HTTP/2.0" 200 68351 "-" "meta-externalagent/1.1 (+https://developers.facebook.com/docs/sharing/webmasters/crawler)" mandncleaningservice.com 162.241.194.38
57.141.6.14 - - [20/May/2025:13:31:03 -0500] "GET /shopdetail/16767488/images/mandncleaning.mp4 HTTP/2.0" 200 68351 "-" "meta-externalagent/1.1 (+https://developers.facebook.com/docs/sharing/webmasters/crawler)" mandncleaningservice.com 162.241.194.38
57.141.6.29 - - [20/May/2025:13:31:04 -0500] "GET /shopdetail/2152199/images/mandncleaning.mp4 HTTP/2.0" 200 68351 "-" "meta-externalagent/1.1 (+https://developers.facebook.com/docs/sharing/webmasters/crawler)" mandncleaningservice.com 162.241.194.38
66.249.66.162 - - [20/May/2025:13:31:04 -0500] "POST /get-message-notify HTTP/1.1" 200 26511 "https://mandncleaningservice.com/index.php?shopdetail/17785266/" "Mozilla/5.0 (Linux; Android 6.0.1; Nexus 5X Build/MMB29P) AppleWebKit/537.36 (KHTML, like Gecko) Chrome/136.0.7103.92 Mobile Safari/537.36 (compatible; Googlebot/2.1; +http://www.google.com/bot.html)" mandncleaningservice.com 162.241.194.38
57.141.6.6 - - [20/May/2025:13:31:05 -0500] "GET /shopdetail/9394699/images/mandncleaning.mp4 HTTP/2.0" 200 68351 "-" "meta-externalagent/1.1 (+https://developers.facebook.com/docs/sharing/webmasters/crawler)" mandncleaningservice.com 162.241.194.38
57.141.6.2 - - [20/May/2025:13:31:07 -0500] "GET /shopdetail/18461111/images/mandncleaning.mp4 HTTP/2.0" 200 68351 "-" "meta-externalagent/1.1 (+https://developers.facebook.com/docs/sharing/webmasters/crawler)" mandncleaningservice.com 162.241.194.38
57.141.6.6 - - [20/May/2025:13:31:08 -0500] "GET /shopdetail/24086955/images/mandncleaning.mp4 HTTP/2.0" 200 68351 "-" "meta-externalagent/1.1 (+https://developers.facebook.com/docs/sharing/webmasters/crawler)" mandncleaningservice.com 162.241.194.38
57.141.6.29 - - [20/May/2025:13:31:10 -0500] "GET /shopdetail/12231344/images/mandncleaning.mp4 HTTP/2.0" 200 68351 "-" "meta-externalagent/1.1 (+https://developers.facebook.com/docs/sharing/webmasters/crawler)" mandncleaningservice.com 162.241.194.38
57.141.6.10 - - [20/May/2025:13:31:11 -0500] "GET /shopdetail/23364733/images/mandncleaning.mp4 HTTP/2.0" 200 68351 "-" "meta-externalagent/1.1 (+https://developers.facebook.com/docs/sharing/webmasters/crawler)" mandncleaningservice.com 162.241.194.38
57.141.6.9 - - [20/May/2025:13:31:12 -0500] "GET /shopdetail/29567733/images/mandncleaning.mp4 HTTP/2.0" 200 68351 "-" "meta-externalagent/1.1 (+https://developers.facebook.com/docs/sharing/webmasters/crawler)" mandncleaningservice.com 162.241.194.38
57.141.6.31 - - [20/May/2025:13:31:14 -0500] "GET /shopdetail/26806666/images/mandncleaning.mp4 HTTP/2.0" 200 68351 "-" "meta-externalagent/1.1 (+https://developers.facebook.com/docs/sharing/webmasters/crawler)" mandncleaningservice.com 162.241.194.38
57.141.6.1 - - [20/May/2025:13:31:15 -0500] "GET /shopdetail/7000666/images/mandncleaning.mp4 HTTP/2.0" 200 68351 "-" "meta-externalagent/1.1 (+https://developers.facebook.com/docs/sharing/webmasters/crawler)" mandncleaningservice.com 162.241.194.38
66.249.66.161 - - [20/May/2025:13:31:15 -0500] "GET /index.php?product/edit/IFNK215712117 HTTP/1.1" 200 27391 "-" "Mozilla/5.0 (Linux; Android 6.0.1; Nexus 5X Build/MMB29P) AppleWebKit/537.36 (KHTML, like Gecko) Chrome/136.0.7103.113 Mobile Safari/537.36 (compatible; Googlebot/2.1; +http://www.google.com/bot.html)" mandncleaningservice.com 162.241.194.38
66.249.66.161 - - [20/May/2025:13:31:15 -0500] "GET /index.php?product/edit/IFNK215712117 HTTP/1.1" 200 27391 "-" "Mozilla/5.0 (Linux; Android 6.0.1; Nexus 5X Build/MMB29P) AppleWebKit/537.36 (KHTML, like Gecko) Chrome/136.0.7103.113 Mobile Safari/537.36 (compatible; Googlebot/2.1; +http://www.google.com/bot.html)" mandncleaningservice.com 162.241.194.38
57.141.6.19 - - [20/May/2025:13:31:16 -0500] "GET /shopdetail/18702299/images/mandncleaning.mp4 HTTP/2.0" 200 68351 "-" "meta-externalagent/1.1 (+https://developers.facebook.com/docs/sharing/webmasters/crawler)" mandncleaningservice.com 162.241.194.38
57.141.6.8 - - [20/May/2025:13:31:18 -0500] "GET /shopdetail/6728955/images/mandncleaning.mp4 HTTP/2.0" 200 68351 "-" "meta-externalagent/1.1 (+https://developers.facebook.com/docs/sharing/webmasters/crawler)" mandncleaningservice.com 162.241.194.38
57.141.6.24 - - [20/May/2025:13:31:19 -0500] "GET /shopdetail/26264077/images/mandncleaning.mp4 HTTP/2.0" 200 68351 "-" "meta-externalagent/1.1 (+https://developers.facebook.com/docs/sharing/webmasters/crawler)" mandncleaningservice.com 162.241.194.38
57.141.6.2 - - [20/May/2025:13:31:20 -0500] "GET /shopdetail/21504911/images/mandncleaning.mp4 HTTP/2.0" 200 68351 "-" "meta-externalagent/1.1 (+https://developers.facebook.com/docs/sharing/webmasters/crawler)" mandncleaningservice.com 162.241.194.38
57.141.6.12 - - [20/May/2025:13:31:21 -0500] "GET /shopdetail/19664322/images/mandncleaning.mp4 HTTP/2.0" 200 68351 "-" "meta-externalagent/1.1 (+https://developers.facebook.com/docs/sharing/webmasters/crawler)" mandncleaningservice.com 162.241.194.38
57.141.6.8 - - [20/May/2025:13:31:23 -0500] "GET /shopdetail/12684588/images/mandncleaning.mp4 HTTP/2.0" 200 68351 "-" "meta-externalagent/1.1 (+https://developers.facebook.com/docs/sharing/webmasters/crawler)" mandncleaningservice.com 162.241.194.38
57.141.6.6 - - [20/May/2025:13:31:24 -0500] "GET /shopdetail/28973744/images/mandncleaning.mp4 HTTP/2.0" 200 68351 "-" "meta-externalagent/1.1 (+https://developers.facebook.com/docs/sharing/webmasters/crawler)" mandncleaningservice.com 162.241.194.38
157.55.39.51 - - [20/May/2025:13:31:25 -0500] "GET /shopdetail/9390499/ HTTP/1.1" 200 33097 "-" "Mozilla/5.0 AppleWebKit/537.36 (KHTML, like Gecko; compatible; bingbot/2.0; +http://www.bing.com/bingbot.htm) Chrome/116.0.1938.76 Safari/537.36" mandncleaningservice.com 162.241.194.38
157.55.39.51 - - [20/May/2025:13:31:25 -0500] "GET /shopdetail/9390499/ HTTP/2.0" 200 33097 "-" "Mozilla/5.0 AppleWebKit/537.36 (KHTML, like Gecko; compatible; bingbot/2.0; +http://www.bing.com/bingbot.htm) Chrome/116.0.1938.76 Safari/537.36" mandncleaningservice.com 162.241.194.38
57.141.6.12 - - [20/May/2025:13:31:26 -0500] "GET /shopdetail/25155933/images/mandncleaning.mp4 HTTP/2.0" 200 68351 "-" "meta-externalagent/1.1 (+https://developers.facebook.com/docs/sharing/webmasters/crawler)" mandncleaningservice.com 162.241.194.38
66.249.66.167 - - [20/May/2025:13:31:26 -0500] "GET /index.php?zhHant/product/surugaya/BFXR116066899?campaign_uid=f64d716db5e979ed2f947dbaf4296895b951ae7f HTTP/1.1" 200 31545 "-" "Mozilla/5.0 (Linux; Android 6.0.1; Nexus 5X Build/MMB29P) AppleWebKit/537.36 (KHTML, like Gecko) Chrome/136.0.7103.113 Mobile Safari/537.36 (compatible; Googlebot/2.1; +http://www.google.com/bot.html)" mandncleaningservice.com 162.241.194.38
66.249.66.167 - - [20/May/2025:13:31:26 -0500] "GET /index.php?zhHant/product/surugaya/BFXR116066899?campaign_uid=f64d716db5e979ed2f947dbaf4296895b951ae7f HTTP/1.1" 200 31545 "-" "Mozilla/5.0 (Linux; Android 6.0.1; Nexus 5X Build/MMB29P) AppleWebKit/537.36 (KHTML, like Gecko) Chrome/136.0.7103.113 Mobile Safari/537.36 (compatible; Googlebot/2.1; +http://www.google.com/bot.html)" mandncleaningservice.com 162.241.194.38
57.141.6.4 - - [20/May/2025:13:31:27 -0500] "GET /shopdetail/3090655/images/mandncleaning.mp4 HTTP/2.0" 200 68351 "-" "meta-externalagent/1.1 (+https://developers.facebook.com/docs/sharing/webmasters/crawler)" mandncleaningservice.com 162.241.194.38
57.141.6.17 - - [20/May/2025:13:31:28 -0500] "GET /shopdetail/17411433/images/mandncleaning.mp4 HTTP/2.0" 200 68351 "-" "meta-externalagent/1.1 (+https://developers.facebook.com/docs/sharing/webmasters/crawler)" mandncleaningservice.com 162.241.194.38
144.217.135.184 - - [20/May/2025:13:31:29 -0500] "GET /M&N%20cleaning-02.mp4 HTTP/2.0" 206 69719931 "https://app.mandncleaningservice.com/" "Mozilla/5.0 (compatible; Dataprovider.com)" www.mandncleaningservice.com 162.241.194.38
144.217.135.184 - - [20/May/2025:13:31:29 -0500] "GET /M&N%20cleaning-02.mp4 HTTP/2.0" 206 251771 "https://app.mandncleaningservice.com/" "Mozilla/5.0 (compatible; Dataprovider.com)" www.mandncleaningservice.com 162.241.194.38
57.141.6.16 - - [20/May/2025:13:31:30 -0500] "GET /shopdetail/2235977/images/mandncleaning.mp4 HTTP/2.0" 200 68351 "-" "meta-externalagent/1.1 (+https://developers.facebook.com/docs/sharing/webmasters/crawler)" mandncleaningservice.com 162.241.194.38
57.141.6.16 - - [20/May/2025:13:31:31 -0500] "GET /shopdetail/10767499/images/mandncleaning.mp4 HTTP/2.0" 200 68351 "-" "meta-externalagent/1.1 (+https://developers.facebook.com/docs/sharing/webmasters/crawler)" mandncleaningservice.com 162.241.194.38
144.217.135.184 - - [20/May/2025:13:31:30 -0500] "GET /M&N%20cleaning-02.mp4 HTTP/2.0" 206 69638168 "https://app.mandncleaningservice.com/" "Mozilla/5.0 (compatible; Dataprovider.com)" www.mandncleaningservice.com 162.241.194.38
57.141.6.16 - - [20/May/2025:13:31:32 -0500] "GET /shopdetail/7407344/images/mandncleaning.mp4 HTTP/2.0" 200 68351 "-" "meta-externalagent/1.1 (+https://developers.facebook.com/docs/sharing/webmasters/crawler)" mandncleaningservice.com 162.241.194.38
57.141.6.16 - - [20/May/2025:13:31:33 -0500] "GET /shopdetail/27313344/images/mandncleaning.mp4 HTTP/2.0" 200 68351 "-" "meta-externalagent/1.1 (+https://developers.facebook.com/docs/sharing/webmasters/crawler)" mandncleaningservice.com 162.241.194.38
57.141.6.28 - - [20/May/2025:13:31:47 -0500] "GET /shopdetail/3785955/ HTTP/1.1" 200 68351 "-" "meta-externalagent/1.1 (+https://developers.facebook.com/docs/sharing/webmasters/crawler)" mandncleaningservice.com 162.241.194.38
57.141.6.28 - - [20/May/2025:13:31:47 -0500] "GET /shopdetail/3785955/ HTTP/2.0" 200 68351 "-" "meta-externalagent/1.1 (+https://developers.facebook.com/docs/sharing/webmasters/crawler)" mandncleaningservice.com 162.241.194.38
66.249.66.160 - - [20/May/2025:13:31:56 -0500] "GET /index.php?shopdetail/24530411/ HTTP/1.1" 200 31445 "-" "Mozilla/5.0 (Linux; Android 6.0.1; Nexus 5X Build/MMB29P) AppleWebKit/537.36 (KHTML, like Gecko) Chrome/136.0.7103.113 Mobile Safari/537.36 (compatible; Googlebot/2.1; +http://www.google.com/bot.html)" mandncleaningservice.com 162.241.194.38
66.249.66.160 - - [20/May/2025:13:31:56 -0500] "GET /index.php?shopdetail/24530411/ HTTP/1.1" 200 31445 "-" "Mozilla/5.0 (Linux; Android 6.0.1; Nexus 5X Build/MMB29P) AppleWebKit/537.36 (KHTML, like Gecko) Chrome/136.0.7103.113 Mobile Safari/537.36 (compatible; Googlebot/2.1; +http://www.google.com/bot.html)" mandncleaningservice.com 162.241.194.38
66.249.66.41 - - [20/May/2025:13:32:05 -0500] "GET /index.php?162249555.shtml HTTP/1.1" 200 28168 "-" "Mozilla/5.0 (Linux; Android 6.0.1; Nexus 5X Build/MMB29P) AppleWebKit/537.36 (KHTML, like Gecko) Chrome/136.0.7103.113 Mobile Safari/537.36 (compatible; Googlebot/2.1; +http://www.google.com/bot.html)" mandncleaningservice.com 162.241.194.38
66.249.66.41 - - [20/May/2025:13:32:05 -0500] "GET /index.php?162249555.shtml HTTP/1.1" 200 28168 "-" "Mozilla/5.0 (Linux; Android 6.0.1; Nexus 5X Build/MMB29P) AppleWebKit/537.36 (KHTML, like Gecko) Chrome/136.0.7103.113 Mobile Safari/537.36 (compatible; Googlebot/2.1; +http://www.google.com/bot.html)" mandncleaningservice.com 162.241.194.38
66.249.66.40 - - [20/May/2025:13:32:32 -0500] "GET /index.php?product/edit/TPX139254223 HTTP/1.1" 200 27383 "-" "Mozilla/5.0 (Linux; Android 6.0.1; Nexus 5X Build/MMB29P) AppleWebKit/537.36 (KHTML, like Gecko) Chrome/136.0.7103.113 Mobile Safari/537.36 (compatible; Googlebot/2.1; +http://www.google.com/bot.html)" mandncleaningservice.com 162.241.194.38
66.249.66.40 - - [20/May/2025:13:32:32 -0500] "GET /index.php?product/edit/TPX139254223 HTTP/1.1" 200 27383 "-" "Mozilla/5.0 (Linux; Android 6.0.1; Nexus 5X Build/MMB29P) AppleWebKit/537.36 (KHTML, like Gecko) Chrome/136.0.7103.113 Mobile Safari/537.36 (compatible; Googlebot/2.1; +http://www.google.com/bot.html)" mandncleaningservice.com 162.241.194.38
66.249.66.11 - - [20/May/2025:13:32:41 -0500] "GET /index.php?zhHant/product/surugaya/KHPL27244154?campaign_uid=f64d716db5e979ed2f947dbaf4296895b951ae7f HTTP/1.1" 200 29958 "-" "Mozilla/5.0 (Linux; Android 6.0.1; Nexus 5X Build/MMB29P) AppleWebKit/537.36 (KHTML, like Gecko) Chrome/136.0.7103.113 Mobile Safari/537.36 (compatible; Googlebot/2.1; +http://www.google.com/bot.html)" mandncleaningservice.com 162.241.194.38
66.249.66.11 - - [20/May/2025:13:32:40 -0500] "GET /index.php?zhHant/product/surugaya/KHPL27244154?campaign_uid=f64d716db5e979ed2f947dbaf4296895b951ae7f HTTP/1.1" 200 29958 "-" "Mozilla/5.0 (Linux; Android 6.0.1; Nexus 5X Build/MMB29P) AppleWebKit/537.36 (KHTML, like Gecko) Chrome/136.0.7103.113 Mobile Safari/537.36 (compatible; Googlebot/2.1; +http://www.google.com/bot.html)" mandncleaningservice.com 162.241.194.38
172.178.140.154 - - [20/May/2025:13:32:43 -0500] "GET / HTTP/2.0" 200 21409 "-" "Mozilla/5.0 AppleWebKit/537.36 (KHTML, like Gecko); compatible; ChatGPT-User/1.0; +https://openai.com/bot" mandncleaningservice.com 162.241.194.38
172.178.140.154 - - [20/May/2025:13:32:44 -0500] "GET /?_bd_prev_page=https://mandncleaningservice.com/detail.php?shopdetail/9755533/&_bdsid=2ulvIJ.n~ZXCIW.1721886656070.1721886848&_ga=2.198040047.1958808748.1721886654-862398307.1699453578&_gl=1*1ix4f11*_gcl_au*MTYxMTI1OTI3MS4xNzIxODg2NjU0*_ga*ODYyMzk4MzA3LjE2OTk0NTM1Nzg.*_ga_7H42SVMQ0V*MTcyMTg4NjY1NS4xMjEuMS4xNzIxODg2NjY5LjQ2LjAuMA.. HTTP/1.1" 200 21409 "-" "Mozilla/5.0 AppleWebKit/537.36 (KHTML, like Gecko); compatible; ChatGPT-User/1.0; +https://openai.com/bot" mandncleaningservice.com 162.241.194.38
172.178.140.154 - - [20/May/2025:13:32:43 -0500] "GET /?_bd_prev_page=https://mandncleaningservice.com/detail.php?shopdetail/9755533/&_bdsid=2ulvIJ.n~ZXCIW.1721886656070.1721886848&_ga=2.198040047.1958808748.1721886654-862398307.1699453578&_gl=1*1ix4f11*_gcl_au*MTYxMTI1OTI3MS4xNzIxODg2NjU0*_ga*ODYyMzk4MzA3LjE2OTk0NTM1Nzg.*_ga_7H42SVMQ0V*MTcyMTg4NjY1NS4xMjEuMS4xNzIxODg2NjY5LjQ2LjAuMA.. HTTP/2.0" 200 21409 "-" "Mozilla/5.0 AppleWebKit/537.36 (KHTML, like Gecko); compatible; ChatGPT-User/1.0; +https://openai.com/bot" mandncleaningservice.com 162.241.194.38
66.249.66.193 - - [20/May/2025:13:33:15 -0500] "GET /index.php?shopdetail/24326300/ HTTP/1.1" 200 28564 "-" "Mozilla/5.0 (Linux; Android 6.0.1; Nexus 5X Build/MMB29P) AppleWebKit/537.36 (KHTML, like Gecko) Chrome/136.0.7103.113 Mobile Safari/537.36 (compatible; Googlebot/2.1; +http://www.google.com/bot.html)" mandncleaningservice.com 162.241.194.38
66.249.66.193 - - [20/May/2025:13:33:15 -0500] "GET /index.php?shopdetail/24326300/ HTTP/1.1" 200 28564 "-" "Mozilla/5.0 (Linux; Android 6.0.1; Nexus 5X Build/MMB29P) AppleWebKit/537.36 (KHTML, like Gecko) Chrome/136.0.7103.113 Mobile Safari/537.36 (compatible; Googlebot/2.1; +http://www.google.com/bot.html)" mandncleaningservice.com 162.241.194.38
66.249.66.41 - - [20/May/2025:13:33:24 -0500] "GET /index.php?346955232.shtml HTTP/1.1" 200 26866 "-" "Mozilla/5.0 (Linux; Android 6.0.1; Nexus 5X Build/MMB29P) AppleWebKit/537.36 (KHTML, like Gecko) Chrome/136.0.7103.113 Mobile Safari/537.36 (compatible; Googlebot/2.1; +http://www.google.com/bot.html)" mandncleaningservice.com 162.241.194.38
66.249.66.41 - - [20/May/2025:13:33:23 -0500] "GET /index.php?346955232.shtml HTTP/1.1" 200 26866 "-" "Mozilla/5.0 (Linux; Android 6.0.1; Nexus 5X Build/MMB29P) AppleWebKit/537.36 (KHTML, like Gecko) Chrome/136.0.7103.113 Mobile Safari/537.36 (compatible; Googlebot/2.1; +http://www.google.com/bot.html)" mandncleaningservice.com 162.241.194.38
34.75.40.123 - - [20/May/2025:13:33:34 -0500] "GET /M&N%20cleaning-02.mp4 HTTP/2.0" 206 69719931 "https://app.mandncleaningservice.com/" "Mozilla/5.0 (Windows NT 10.0; Win64; x64) AppleWebKit/537.36 (KHTML, like Gecko) Chrome/132.0.0.0 Safari/537.36" www.mandncleaningservice.com 162.241.194.38
34.75.40.123 - - [20/May/2025:13:33:34 -0500] "GET /M&N%20cleaning-02.mp4 HTTP/2.0" 206 251771 "https://app.mandncleaningservice.com/" "Mozilla/5.0 (Windows NT 10.0; Win64; x64) AppleWebKit/537.36 (KHTML, like Gecko) Chrome/132.0.0.0 Safari/537.36" www.mandncleaningservice.com 162.241.194.38
157.55.39.51 - - [20/May/2025:13:34:06 -0500] "GET /shopdetail/11482800/ HTTP/1.1" 200 26777 "-" "Mozilla/5.0 AppleWebKit/537.36 (KHTML, like Gecko; compatible; bingbot/2.0; +http://www.bing.com/bingbot.htm) Chrome/116.0.1938.76 Safari/537.36" mandncleaningservice.com 162.241.194.38
157.55.39.51 - - [20/May/2025:13:34:06 -0500] "GET /shopdetail/11482800/ HTTP/2.0" 200 26777 "-" "Mozilla/5.0 AppleWebKit/537.36 (KHTML, like Gecko; compatible; bingbot/2.0; +http://www.bing.com/bingbot.htm) Chrome/116.0.1938.76 Safari/537.36" mandncleaningservice.com 162.241.194.38
66.249.66.194 - - [20/May/2025:13:34:08 -0500] "GET /index.php?product/edit/JOS78258816 HTTP/1.1" 200 27379 "-" "Mozilla/5.0 (Linux; Android 6.0.1; Nexus 5X Build/MMB29P) AppleWebKit/537.36 (KHTML, like Gecko) Chrome/136.0.7103.113 Mobile Safari/537.36 (compatible; Googlebot/2.1; +http://www.google.com/bot.html)" mandncleaningservice.com 162.241.194.38
66.249.66.194 - - [20/May/2025:13:34:07 -0500] "GET /index.php?product/edit/JOS78258816 HTTP/1.1" 200 27379 "-" "Mozilla/5.0 (Linux; Android 6.0.1; Nexus 5X Build/MMB29P) AppleWebKit/537.36 (KHTML, like Gecko) Chrome/136.0.7103.113 Mobile Safari/537.36 (compatible; Googlebot/2.1; +http://www.google.com/bot.html)" mandncleaningservice.com 162.241.194.38
57.141.6.29 - - [20/May/2025:13:34:09 -0500] "GET /shopdetail/19781122/images/mandncleaning.mp4 HTTP/2.0" 200 68351 "-" "meta-externalagent/1.1 (+https://developers.facebook.com/docs/sharing/webmasters/crawler)" mandncleaningservice.com 162.241.194.38
57.141.6.9 - - [20/May/2025:13:34:11 -0500] "GET /shopdetail/19399644/images/mandncleaning.mp4 HTTP/2.0" 200 68351 "-" "meta-externalagent/1.1 (+https://developers.facebook.com/docs/sharing/webmasters/crawler)" mandncleaningservice.com 162.241.194.38
66.249.66.160 - - [20/May/2025:13:34:16 -0500] "GET /index.php?zhHant/product/surugaya/YKRE108820458?campaign_uid=f64d716db5e979ed2f947dbaf4296895b951ae7f HTTP/1.1" 200 31952 "-" "Mozilla/5.0 (Linux; Android 6.0.1; Nexus 5X Build/MMB29P) AppleWebKit/537.36 (KHTML, like Gecko) Chrome/136.0.7103.113 Mobile Safari/537.36 (compatible; Googlebot/2.1; +http://www.google.com/bot.html)" mandncleaningservice.com 162.241.194.38
66.249.66.160 - - [20/May/2025:13:34:16 -0500] "GET /index.php?zhHant/product/surugaya/YKRE108820458?campaign_uid=f64d716db5e979ed2f947dbaf4296895b951ae7f HTTP/1.1" 200 31952 "-" "Mozilla/5.0 (Linux; Android 6.0.1; Nexus 5X Build/MMB29P) AppleWebKit/537.36 (KHTML, like Gecko) Chrome/136.0.7103.113 Mobile Safari/537.36 (compatible; Googlebot/2.1; +http://www.google.com/bot.html)" mandncleaningservice.com 162.241.194.38
57.141.6.31 - - [20/May/2025:13:34:32 -0500] "GET /shopdetail/19064688/ HTTP/1.1" 200 68351 "-" "meta-externalagent/1.1 (+https://developers.facebook.com/docs/sharing/webmasters/crawler)" mandncleaningservice.com 162.241.194.38
57.141.6.31 - - [20/May/2025:13:34:32 -0500] "GET /shopdetail/19064688/ HTTP/2.0" 200 68351 "-" "meta-externalagent/1.1 (+https://developers.facebook.com/docs/sharing/webmasters/crawler)" mandncleaningservice.com 162.241.194.38
57.141.6.7 - - [20/May/2025:13:34:34 -0500] "GET /shopdetail/29906411/ HTTP/1.1" 200 68351 "-" "meta-externalagent/1.1 (+https://developers.facebook.com/docs/sharing/webmasters/crawler)" mandncleaningservice.com 162.241.194.38
57.141.6.7 - - [20/May/2025:13:34:34 -0500] "GET /shopdetail/29906411/ HTTP/2.0" 200 68351 "-" "meta-externalagent/1.1 (+https://developers.facebook.com/docs/sharing/webmasters/crawler)" mandncleaningservice.com 162.241.194.38
57.141.6.27 - - [20/May/2025:13:34:45 -0500] "GET /shopdetail/2207244/images/mandncleaning.mp4 HTTP/2.0" 200 68351 "-" "meta-externalagent/1.1 (+https://developers.facebook.com/docs/sharing/webmasters/crawler)" mandncleaningservice.com 162.241.194.38
57.141.6.15 - - [20/May/2025:13:34:46 -0500] "GET /shopdetail/6698844/images/mandncleaning.mp4 HTTP/2.0" 200 68351 "-" "meta-externalagent/1.1 (+https://developers.facebook.com/docs/sharing/webmasters/crawler)" mandncleaningservice.com 162.241.194.38
66.249.66.40 - - [20/May/2025:13:34:52 -0500] "GET /index.php?shopdetail/4710522/ HTTP/1.1" 200 29318 "-" "Mozilla/5.0 (Linux; Android 6.0.1; Nexus 5X Build/MMB29P) AppleWebKit/537.36 (KHTML, like Gecko) Chrome/136.0.7103.113 Mobile Safari/537.36 (compatible; Googlebot/2.1; +http://www.google.com/bot.html)" mandncleaningservice.com 162.241.194.38
66.249.66.40 - - [20/May/2025:13:34:52 -0500] "GET /index.php?shopdetail/4710522/ HTTP/1.1" 200 29318 "-" "Mozilla/5.0 (Linux; Android 6.0.1; Nexus 5X Build/MMB29P) AppleWebKit/537.36 (KHTML, like Gecko) Chrome/136.0.7103.113 Mobile Safari/537.36 (compatible; Googlebot/2.1; +http://www.google.com/bot.html)" mandncleaningservice.com 162.241.194.38
52.167.144.171 - - [20/May/2025:13:35:02 -0500] "GET /shopdetail/6332811/ HTTP/1.1" 200 32516 "-" "Mozilla/5.0 AppleWebKit/537.36 (KHTML, like Gecko; compatible; bingbot/2.0; +http://www.bing.com/bingbot.htm) Chrome/116.0.1938.76 Safari/537.36" mandncleaningservice.com 162.241.194.38
52.167.144.171 - - [20/May/2025:13:35:02 -0500] "GET /shopdetail/6332811/ HTTP/2.0" 200 32516 "-" "Mozilla/5.0 AppleWebKit/537.36 (KHTML, like Gecko; compatible; bingbot/2.0; +http://www.bing.com/bingbot.htm) Chrome/116.0.1938.76 Safari/537.36" mandncleaningservice.com 162.241.194.38
52.167.144.171 - - [20/May/2025:13:35:03 -0500] "GET /shopdetail/9721733/ HTTP/1.1" 200 31200 "-" "Mozilla/5.0 AppleWebKit/537.36 (KHTML, like Gecko; compatible; bingbot/2.0; +http://www.bing.com/bingbot.htm) Chrome/116.0.1938.76 Safari/537.36" mandncleaningservice.com 162.241.194.38
52.167.144.171 - - [20/May/2025:13:35:03 -0500] "GET /shopdetail/9721733/ HTTP/2.0" 200 31200 "-" "Mozilla/5.0 AppleWebKit/537.36 (KHTML, like Gecko; compatible; bingbot/2.0; +http://www.bing.com/bingbot.htm) Chrome/116.0.1938.76 Safari/537.36" mandncleaningservice.com 162.241.194.38
66.249.66.40 - - [20/May/2025:13:35:09 -0500] "GET /index.php?452689913.shtml HTTP/1.1" 200 28564 "-" "Mozilla/5.0 (Linux; Android 6.0.1; Nexus 5X Build/MMB29P) AppleWebKit/537.36 (KHTML, like Gecko) Chrome/136.0.7103.113 Mobile Safari/537.36 (compatible; Googlebot/2.1; +http://www.google.com/bot.html)" mandncleaningservice.com 162.241.194.38
66.249.66.40 - - [20/May/2025:13:35:09 -0500] "GET /index.php?452689913.shtml HTTP/1.1" 200 28564 "-" "Mozilla/5.0 (Linux; Android 6.0.1; Nexus 5X Build/MMB29P) AppleWebKit/537.36 (KHTML, like Gecko) Chrome/136.0.7103.113 Mobile Safari/537.36 (compatible; Googlebot/2.1; +http://www.google.com/bot.html)" mandncleaningservice.com 162.241.194.38
66.249.66.76 - - [20/May/2025:13:35:12 -0500] "POST /get-message-notify HTTP/1.1" 200 26511 "https://mandncleaningservice.com/index.php?452689913.shtml" "Mozilla/5.0 (Linux; Android 6.0.1; Nexus 5X Build/MMB29P) AppleWebKit/537.36 (KHTML, like Gecko) Chrome/136.0.7103.92 Mobile Safari/537.36 (compatible; Googlebot/2.1; +http://www.google.com/bot.html)" mandncleaningservice.com 162.241.194.38
66.249.88.4 - - [20/May/2025:13:35:12 -0500] "GET /.well-known/traffic-advice HTTP/1.1" 200 21409 "-" "Chrome Privacy Preserving Prefetch Proxy" mandncleaningservice.com 162.241.194.38
162.120.186.103 - - [20/May/2025:13:35:13 -0500] "GET /?_gl=1*1ix4f11*_gcl_au*MTYxMTI1OTI3MS4xNzIxODg2NjU0*_ga*ODYyMzk4MzA3LjE2OTk0NTM1Nzg.*_ga_7H42SVMQ0V*MTcyMTg4NjY1NS4xMjEuMS4xNzIxODg2NjY5LjQ2LjAuMA..&_ga=2.198040047.1958808748.1721886654-862398307.1699453578&_bdsid=2ulvIJ.n~ZXCIW.1721886656070.1721886848&_bd_prev_page=https://mandncleaningservice.com/detail.php?shopdetail/1840344/ HTTP/1.1" 200 317 "https://www.google.com/" "Mozilla/5.0 (Linux; Android 10; K) AppleWebKit/537.36 (KHTML, like Gecko) Chrome/136.0.0.0 Mobile Safari/537.36" mandncleaningservice.com 162.241.194.38
162.120.186.103 - - [20/May/2025:13:35:13 -0500] "GET /?_gl=1*1ix4f11*_gcl_au*MTYxMTI1OTI3MS4xNzIxODg2NjU0*_ga*ODYyMzk4MzA3LjE2OTk0NTM1Nzg.*_ga_7H42SVMQ0V*MTcyMTg4NjY1NS4xMjEuMS4xNzIxODg2NjY5LjQ2LjAuMA..&_ga=2.198040047.1958808748.1721886654-862398307.1699453578&_bdsid=2ulvIJ.n~ZXCIW.1721886656070.1721886848&_bd_prev_page=https://mandncleaningservice.com/detail.php?shopdetail/1840344/ HTTP/2.0" 200 317 "https://www.google.com/" "Mozilla/5.0 (Linux; Android 10; K) AppleWebKit/537.36 (KHTML, like Gecko) Chrome/136.0.0.0 Mobile Safari/537.36" mandncleaningservice.com 162.241.194.38
57.141.6.9 - - [20/May/2025:13:35:18 -0500] "GET /shopdetail/20701155/images/mandncleaning.mp4 HTTP/2.0" 200 68351 "-" "meta-externalagent/1.1 (+https://developers.facebook.com/docs/sharing/webmasters/crawler)" mandncleaningservice.com 162.241.194.38
57.141.6.5 - - [20/May/2025:13:35:20 -0500] "GET /shopdetail/21086744/images/mandncleaning.mp4 HTTP/2.0" 200 68351 "-" "meta-externalagent/1.1 (+https://developers.facebook.com/docs/sharing/webmasters/crawler)" mandncleaningservice.com 162.241.194.38
57.141.6.17 - - [20/May/2025:13:35:21 -0500] "GET /shopdetail/21151499/images/mandncleaning.mp4 HTTP/2.0" 200 68351 "-" "meta-externalagent/1.1 (+https://developers.facebook.com/docs/sharing/webmasters/crawler)" mandncleaningservice.com 162.241.194.38
57.141.6.23 - - [20/May/2025:13:35:22 -0500] "GET /shopdetail/3306177/images/mandncleaning.mp4 HTTP/2.0" 200 68351 "-" "meta-externalagent/1.1 (+https://developers.facebook.com/docs/sharing/webmasters/crawler)" mandncleaningservice.com 162.241.194.38
57.141.6.21 - - [20/May/2025:13:35:23 -0500] "GET /shopdetail/2797600/images/mandncleaning.mp4 HTTP/2.0" 200 68351 "-" "meta-externalagent/1.1 (+https://developers.facebook.com/docs/sharing/webmasters/crawler)" mandncleaningservice.com 162.241.194.38
57.141.6.28 - - [20/May/2025:13:35:25 -0500] "GET /shopdetail/13423611/images/mandncleaning.mp4 HTTP/2.0" 200 68351 "-" "meta-externalagent/1.1 (+https://developers.facebook.com/docs/sharing/webmasters/crawler)" mandncleaningservice.com 162.241.194.38
57.141.6.5 - - [20/May/2025:13:35:26 -0500] "GET /shopdetail/11986088/images/mandncleaning.mp4 HTTP/2.0" 200 68351 "-" "meta-externalagent/1.1 (+https://developers.facebook.com/docs/sharing/webmasters/crawler)" mandncleaningservice.com 162.241.194.38
57.141.6.8 - - [20/May/2025:13:35:27 -0500] "GET /shopdetail/10392266/images/mandncleaning.mp4 HTTP/2.0" 200 68351 "-" "meta-externalagent/1.1 (+https://developers.facebook.com/docs/sharing/webmasters/crawler)" mandncleaningservice.com 162.241.194.38
66.249.66.11 - - [20/May/2025:13:35:28 -0500] "GET /index.php?zhHant/product/surugaya/DXH176542469?campaign_uid=f64d716db5e979ed2f947dbaf4296895b951ae7f HTTP/1.1" 200 30590 "-" "Mozilla/5.0 (Linux; Android 6.0.1; Nexus 5X Build/MMB29P) AppleWebKit/537.36 (KHTML, like Gecko) Chrome/136.0.7103.113 Mobile Safari/537.36 (compatible; Googlebot/2.1; +http://www.google.com/bot.html)" mandncleaningservice.com 162.241.194.38
66.249.66.11 - - [20/May/2025:13:35:28 -0500] "GET /index.php?zhHant/product/surugaya/DXH176542469?campaign_uid=f64d716db5e979ed2f947dbaf4296895b951ae7f HTTP/1.1" 200 30590 "-" "Mozilla/5.0 (Linux; Android 6.0.1; Nexus 5X Build/MMB29P) AppleWebKit/537.36 (KHTML, like Gecko) Chrome/136.0.7103.113 Mobile Safari/537.36 (compatible; Googlebot/2.1; +http://www.google.com/bot.html)" mandncleaningservice.com 162.241.194.38
57.141.6.17 - - [20/May/2025:13:35:29 -0500] "GET /shopdetail/6602577/images/mandncleaning.mp4 HTTP/2.0" 200 68351 "-" "meta-externalagent/1.1 (+https://developers.facebook.com/docs/sharing/webmasters/crawler)" mandncleaningservice.com 162.241.194.38
57.141.6.2 - - [20/May/2025:13:35:31 -0500] "GET /shopdetail/12807111/images/mandncleaning.mp4 HTTP/2.0" 200 68351 "-" "meta-externalagent/1.1 (+https://developers.facebook.com/docs/sharing/webmasters/crawler)" mandncleaningservice.com 162.241.194.38
57.141.6.10 - - [20/May/2025:13:35:32 -0500] "GET /shopdetail/13832700/images/mandncleaning.mp4 HTTP/2.0" 200 68351 "-" "meta-externalagent/1.1 (+https://developers.facebook.com/docs/sharing/webmasters/crawler)" mandncleaningservice.com 162.241.194.38
57.141.6.28 - - [20/May/2025:13:35:34 -0500] "GET /shopdetail/18708499/images/mandncleaning.mp4 HTTP/2.0" 200 68351 "-" "meta-externalagent/1.1 (+https://developers.facebook.com/docs/sharing/webmasters/crawler)" mandncleaningservice.com 162.241.194.38
57.141.6.29 - - [20/May/2025:13:35:35 -0500] "GET /shopdetail/12303088/images/mandncleaning.mp4 HTTP/2.0" 200 68351 "-" "meta-externalagent/1.1 (+https://developers.facebook.com/docs/sharing/webmasters/crawler)" mandncleaningservice.com 162.241.194.38
66.249.66.11 - - [20/May/2025:13:35:36 -0500] "GET /index.php?product/edit/ETHJF249543644 HTTP/1.1" 200 27396 "-" "Mozilla/5.0 (Linux; Android 6.0.1; Nexus 5X Build/MMB29P) AppleWebKit/537.36 (KHTML, like Gecko) Chrome/136.0.7103.113 Mobile Safari/537.36 (compatible; Googlebot/2.1; +http://www.google.com/bot.html)" mandncleaningservice.com 162.241.194.38
66.249.66.11 - - [20/May/2025:13:35:35 -0500] "GET /index.php?product/edit/ETHJF249543644 HTTP/1.1" 200 27396 "-" "Mozilla/5.0 (Linux; Android 6.0.1; Nexus 5X Build/MMB29P) AppleWebKit/537.36 (KHTML, like Gecko) Chrome/136.0.7103.113 Mobile Safari/537.36 (compatible; Googlebot/2.1; +http://www.google.com/bot.html)" mandncleaningservice.com 162.241.194.38
57.141.6.7 - - [20/May/2025:13:35:36 -0500] "GET /shopdetail/4675799/images/mandncleaning.mp4 HTTP/2.0" 200 68351 "-" "meta-externalagent/1.1 (+https://developers.facebook.com/docs/sharing/webmasters/crawler)" mandncleaningservice.com 162.241.194.38
66.249.66.11 - - [20/May/2025:13:35:37 -0500] "POST /get-message-notify HTTP/1.1" 200 26511 "https://mandncleaningservice.com/index.php?zhHant/product/surugaya/DXH176542469?campaign_uid=f64d716db5e979ed2f947dbaf4296895b951ae7f" "Mozilla/5.0 (Linux; Android 6.0.1; Nexus 5X Build/MMB29P) AppleWebKit/537.36 (KHTML, like Gecko) Chrome/136.0.7103.92 Mobile Safari/537.36 (compatible; Googlebot/2.1; +http://www.google.com/bot.html)" mandncleaningservice.com 162.241.194.38
57.141.6.3 - - [20/May/2025:13:35:38 -0500] "GET /shopdetail/30497377/images/mandncleaning.mp4 HTTP/2.0" 200 68351 "-" "meta-externalagent/1.1 (+https://developers.facebook.com/docs/sharing/webmasters/crawler)" mandncleaningservice.com 162.241.194.38
57.141.6.20 - - [20/May/2025:13:35:39 -0500] "GET /shopdetail/12555044/images/mandncleaning.mp4 HTTP/2.0" 200 68351 "-" "meta-externalagent/1.1 (+https://developers.facebook.com/docs/sharing/webmasters/crawler)" mandncleaningservice.com 162.241.194.38
57.141.6.1 - - [20/May/2025:13:35:40 -0500] "GET /shopdetail/25441044/images/mandncleaning.mp4 HTTP/2.0" 200 68351 "-" "meta-externalagent/1.1 (+https://developers.facebook.com/docs/sharing/webmasters/crawler)" mandncleaningservice.com 162.241.194.38
57.141.6.6 - - [20/May/2025:13:35:42 -0500] "GET /shopdetail/29561511/images/mandncleaning.mp4 HTTP/2.0" 200 68351 "-" "meta-externalagent/1.1 (+https://developers.facebook.com/docs/sharing/webmasters/crawler)" mandncleaningservice.com 162.241.194.38
57.141.6.10 - - [20/May/2025:13:35:43 -0500] "GET /shopdetail/2328911/images/mandncleaning.mp4 HTTP/2.0" 200 68351 "-" "meta-externalagent/1.1 (+https://developers.facebook.com/docs/sharing/webmasters/crawler)" mandncleaningservice.com 162.241.194.38
57.141.6.28 - - [20/May/2025:13:35:44 -0500] "GET /shopdetail/15416955/images/mandncleaning.mp4 HTTP/2.0" 200 68351 "-" "meta-externalagent/1.1 (+https://developers.facebook.com/docs/sharing/webmasters/crawler)" mandncleaningservice.com 162.241.194.38
57.141.6.9 - - [20/May/2025:13:35:46 -0500] "GET /shopdetail/16739355/images/mandncleaning.mp4 HTTP/2.0" 200 68351 "-" "meta-externalagent/1.1 (+https://developers.facebook.com/docs/sharing/webmasters/crawler)" mandncleaningservice.com 162.241.194.38
66.249.66.160 - - [20/May/2025:13:35:46 -0500] "GET /index.php?zhHant/product/surugaya/CIE37869311?campaign_uid=f64d716db5e979ed2f947dbaf4296895b951ae7f HTTP/1.1" 200 29526 "-" "Mozilla/5.0 (Linux; Android 6.0.1; Nexus 5X Build/MMB29P) AppleWebKit/537.36 (KHTML, like Gecko) Chrome/136.0.7103.113 Mobile Safari/537.36 (compatible; Googlebot/2.1; +http://www.google.com/bot.html)" mandncleaningservice.com 162.241.194.38
66.249.66.160 - - [20/May/2025:13:35:46 -0500] "GET /index.php?zhHant/product/surugaya/CIE37869311?campaign_uid=f64d716db5e979ed2f947dbaf4296895b951ae7f HTTP/1.1" 200 29526 "-" "Mozilla/5.0 (Linux; Android 6.0.1; Nexus 5X Build/MMB29P) AppleWebKit/537.36 (KHTML, like Gecko) Chrome/136.0.7103.113 Mobile Safari/537.36 (compatible; Googlebot/2.1; +http://www.google.com/bot.html)" mandncleaningservice.com 162.241.194.38
57.141.6.27 - - [20/May/2025:13:35:46 -0500] "GET /shopdetail/6578844/images/mandncleaning.mp4 HTTP/2.0" 200 68351 "-" "meta-externalagent/1.1 (+https://developers.facebook.com/docs/sharing/webmasters/crawler)" mandncleaningservice.com 162.241.194.38
57.141.6.21 - - [20/May/2025:13:35:48 -0500] "GET /shopdetail/19752466/images/mandncleaning.mp4 HTTP/2.0" 200 68351 "-" "meta-externalagent/1.1 (+https://developers.facebook.com/docs/sharing/webmasters/crawler)" mandncleaningservice.com 162.241.194.38
57.141.6.8 - - [20/May/2025:13:35:49 -0500] "GET /shopdetail/21204866/images/mandncleaning.mp4 HTTP/2.0" 200 68351 "-" "meta-externalagent/1.1 (+https://developers.facebook.com/docs/sharing/webmasters/crawler)" mandncleaningservice.com 162.241.194.38
57.141.6.17 - - [20/May/2025:13:35:50 -0500] "GET /shopdetail/29544500/images/mandncleaning.mp4 HTTP/2.0" 200 68351 "-" "meta-externalagent/1.1 (+https://developers.facebook.com/docs/sharing/webmasters/crawler)" mandncleaningservice.com 162.241.194.38
66.249.66.193 - - [20/May/2025:13:35:50 -0500] "GET /index.php?shopdetail/17038711/ HTTP/1.1" 200 26309 "-" "Mozilla/5.0 (Linux; Android 6.0.1; Nexus 5X Build/MMB29P) AppleWebKit/537.36 (KHTML, like Gecko) Chrome/136.0.7103.113 Mobile Safari/537.36 (compatible; Googlebot/2.1; +http://www.google.com/bot.html)" mandncleaningservice.com 162.241.194.38
66.249.66.193 - - [20/May/2025:13:35:50 -0500] "GET /index.php?shopdetail/17038711/ HTTP/1.1" 200 26309 "-" "Mozilla/5.0 (Linux; Android 6.0.1; Nexus 5X Build/MMB29P) AppleWebKit/537.36 (KHTML, like Gecko) Chrome/136.0.7103.113 Mobile Safari/537.36 (compatible; Googlebot/2.1; +http://www.google.com/bot.html)" mandncleaningservice.com 162.241.194.38
57.141.6.16 - - [20/May/2025:13:35:52 -0500] "GET /shopdetail/9194777/images/mandncleaning.mp4 HTTP/2.0" 200 68351 "-" "meta-externalagent/1.1 (+https://developers.facebook.com/docs/sharing/webmasters/crawler)" mandncleaningservice.com 162.241.194.38
57.141.6.20 - - [20/May/2025:13:35:54 -0500] "GET /shopdetail/29842833/images/mandncleaning.mp4 HTTP/2.0" 200 68351 "-" "meta-externalagent/1.1 (+https://developers.facebook.com/docs/sharing/webmasters/crawler)" mandncleaningservice.com 162.241.194.38
66.249.66.11 - - [20/May/2025:13:35:54 -0500] "POST /get-message-notify HTTP/1.1" 200 26511 "https://mandncleaningservice.com/index.php?shopdetail/17038711/" "Mozilla/5.0 (Linux; Android 6.0.1; Nexus 5X Build/MMB29P) AppleWebKit/537.36 (KHTML, like Gecko) Chrome/136.0.7103.92 Mobile Safari/537.36 (compatible; Googlebot/2.1; +http://www.google.com/bot.html)" mandncleaningservice.com 162.241.194.38
57.141.6.13 - - [20/May/2025:13:35:55 -0500] "GET /shopdetail/5468466/images/mandncleaning.mp4 HTTP/2.0" 200 68351 "-" "meta-externalagent/1.1 (+https://developers.facebook.com/docs/sharing/webmasters/crawler)" mandncleaningservice.com 162.241.194.38
57.141.6.2 - - [20/May/2025:13:35:56 -0500] "GET /shopdetail/12352233/images/mandncleaning.mp4 HTTP/2.0" 200 68351 "-" "meta-externalagent/1.1 (+https://developers.facebook.com/docs/sharing/webmasters/crawler)" mandncleaningservice.com 162.241.194.38
57.141.6.19 - - [20/May/2025:13:35:57 -0500] "GET /shopdetail/25839933/images/mandncleaning.mp4 HTTP/2.0" 200 68351 "-" "meta-externalagent/1.1 (+https://developers.facebook.com/docs/sharing/webmasters/crawler)" mandncleaningservice.com 162.241.194.38
57.141.6.14 - - [20/May/2025:13:35:58 -0500] "GET /shopdetail/6634711/images/mandncleaning.mp4 HTTP/2.0" 200 68351 "-" "meta-externalagent/1.1 (+https://developers.facebook.com/docs/sharing/webmasters/crawler)" mandncleaningservice.com 162.241.194.38
57.141.6.3 - - [20/May/2025:13:36:00 -0500] "GET /shopdetail/21483466/images/mandncleaning.mp4 HTTP/2.0" 200 68351 "-" "meta-externalagent/1.1 (+https://developers.facebook.com/docs/sharing/webmasters/crawler)" mandncleaningservice.com 162.241.194.38
57.141.6.3 - - [20/May/2025:13:36:01 -0500] "GET /shopdetail/2319899/images/mandncleaning.mp4 HTTP/2.0" 200 68351 "-" "meta-externalagent/1.1 (+https://developers.facebook.com/docs/sharing/webmasters/crawler)" mandncleaningservice.com 162.241.194.38
